20.171.207.149 - - [19/Sep/2025:01:32:28 +0000] "GET /vendor/symfony/error-handler/Resources/views/exception_full.html.php HTTP/2" 200 79 "-" "Mozilla/5.0 AppleWebKit/537.36 (KHTML, like Gecko; compatible; GPTBot/1.2; +https://openai.com/gptbot)"
20.171.207.149 - - [19/Sep/2025:01:32:47 +0000] "GET /vendor/symfony/error-handler/Resources/views/exception.html.php HTTP/2" 200 87 "-" "Mozilla/5.0 AppleWebKit/537.36 (KHTML, like Gecko; compatible; GPTBot/1.2; +https://openai.com/gptbot)"
20.171.207.149 - - [19/Sep/2025:01:33:03 +0000] "GET /vendor/symfony/error-handler/Error/FatalError.php HTTP/2" 200 0 "-" "Mozilla/5.0 AppleWebKit/537.36 (KHTML, like Gecko; compatible; GPTBot/1.2; +https://openai.com/gptbot)"
20.171.207.149 - - [19/Sep/2025:01:33:19 +0000] "GET /vendor/symfony/mime/CHANGELOG.md HTTP/2" 200 1148 "-" "Mozilla/5.0 AppleWebKit/537.36 (KHTML, like Gecko; compatible; GPTBot/1.2; +https://openai.com/gptbot)"
20.171.207.149 - - [19/Sep/2025:01:33:33 +0000] "GET /vendor/jms/metadata/UPGRADING.md HTTP/2" 200 2007 "-" "Mozilla/5.0 AppleWebKit/537.36 (KHTML, like Gecko; compatible; GPTBot/1.2; +https://openai.com/gptbot)"
20.171.207.149 - - [19/Sep/2025:01:33:46 +0000] "GET /vendor/composer/semver/CHANGELOG.md HTTP/2" 200 10089 "-" "Mozilla/5.0 AppleWebKit/537.36 (KHTML, like Gecko; compatible; GPTBot/1.2; +https://openai.com/gptbot)"
20.171.207.149 - - [19/Sep/2025:01:33:57 +0000] "GET /vendor/illuminate/view/ComponentAttributeBag.php HTTP/2" 500 0 "-" "Mozilla/5.0 AppleWebKit/537.36 (KHTML, like Gecko; compatible; GPTBot/1.2; +https://openai.com/gptbot)"
20.171.207.149 - - [19/Sep/2025:01:34:08 +0000] "GET /vendor/symfony/error-handler/ErrorEnhancer/error_log HTTP/2" 403 1242 "-" "Mozilla/5.0 AppleWebKit/537.36 (KHTML, like Gecko; compatible; GPTBot/1.2; +https://openai.com/gptbot)"
20.171.207.149 - - [19/Sep/2025:01:34:37 +0000] "GET /vendor/symfony/polyfill-iconv/Iconv.php HTTP/2" 200 0 "-" "Mozilla/5.0 AppleWebKit/537.36 (KHTML, like Gecko; compatible; GPTBot/1.2; +https://openai.com/gptbot)"
20.171.207.149 - - [19/Sep/2025:01:35:07 +0000] "GET /vendor/laravel/prompts/LICENSE.md HTTP/2" 200 1075 "-" "Mozilla/5.0 AppleWebKit/537.36 (KHTML, like Gecko; compatible; GPTBot/1.2; +https://openai.com/gptbot)"
20.171.207.149 - - [19/Sep/2025:01:35:36 +0000] "GET /vendor/doctrine/lexer/UPGRADE.md HTTP/2" 200 962 "-" "Mozilla/5.0 AppleWebKit/537.36 (KHTML, like Gecko; compatible; GPTBot/1.2; +https://openai.com/gptbot)"
20.171.207.149 - - [19/Sep/2025:01:36:03 +0000] "GET /vendor/jms/metadata/CHANGELOG.md HTTP/2" 200 8562 "-" "Mozilla/5.0 AppleWebKit/537.36 (KHTML, like Gecko; compatible; GPTBot/1.2; +https://openai.com/gptbot)"
20.171.207.149 - - [19/Sep/2025:01:36:24 +0000] "GET /vendor/maennchen/zipstream-php/psalm.xml HTTP/2" 200 384 "-" "Mozilla/5.0 AppleWebKit/537.36 (KHTML, like Gecko; compatible; GPTBot/1.2; +https://openai.com/gptbot)"
20.171.207.149 - - [19/Sep/2025:01:36:45 +0000] "GET /vendor/erusev/parsedown/LICENSE.txt HTTP/2" 200 618 "-" "Mozilla/5.0 AppleWebKit/537.36 (KHTML, like Gecko; compatible; GPTBot/1.2; +https://openai.com/gptbot)"
20.171.207.149 - - [19/Sep/2025:01:37:02 +0000] "GET /vendor/illuminate/validation/Validator.php HTTP/2" 500 0 "-" "Mozilla/5.0 AppleWebKit/537.36 (KHTML, like Gecko; compatible; GPTBot/1.2; +https://openai.com/gptbot)"
20.171.207.149 - - [19/Sep/2025:01:37:18 +0000] "GET /vendor/illuminate/contracts/Notifications/Dispatcher.php HTTP/2" 200 0 "-" "Mozilla/5.0 AppleWebKit/537.36 (KHTML, like Gecko; compatible; GPTBot/1.2; +https://openai.com/gptbot)"
20.171.207.149 - - [19/Sep/2025:01:45:38 +0000] "GET /vendor/symfony/http-kernel/DependencyInjection/ServicesResetter.php HTTP/2" 500 0 "-" "Mozilla/5.0 AppleWebKit/537.36 (KHTML, like Gecko; compatible; GPTBot/1.2; +https://openai.com/gptbot)"
20.171.207.149 - - [19/Sep/2025:01:45:52 +0000] "GET /vendor/guzzlehttp/guzzle/src/functions.php HTTP/2" 200 0 "-" "Mozilla/5.0 AppleWebKit/537.36 (KHTML, like Gecko; compatible; GPTBot/1.2; +https://openai.com/gptbot)"
20.171.207.149 - - [19/Sep/2025:01:46:40 +0000] "GET /vendor/illuminate/events/LICENSE.md HTTP/2" 200 1075 "-" "Mozilla/5.0 AppleWebKit/537.36 (KHTML, like Gecko; compatible; GPTBot/1.2; +https://openai.com/gptbot)"
20.171.207.149 - - [19/Sep/2025:01:47:38 +0000] "GET /vendor/symfony/http-kernel/Fragment/SsiFragmentRenderer.php HTTP/2" 500 0 "-" "Mozilla/5.0 AppleWebKit/537.36 (KHTML, like Gecko; compatible; GPTBot/1.2; +https://openai.com/gptbot)"
20.171.207.149 - - [19/Sep/2025:01:48:27 +0000] "GET /vendor/guzzlehttp/guzzle/src/functions_include.php HTTP/2" 200 0 "-" "Mozilla/5.0 AppleWebKit/537.36 (KHTML, like Gecko; compatible; GPTBot/1.2; +https://openai.com/gptbot)"
20.171.207.149 - - [19/Sep/2025:01:49:30 +0000] "GET /vendor/bacon/bacon-qr-code/LICENSE HTTP/2" 200 1308 "-" "Mozilla/5.0 AppleWebKit/537.36 (KHTML, like Gecko; compatible; GPTBot/1.2; +https://openai.com/gptbot)"
4.227.36.11 - - [19/Sep/2025:01:49:32 +0000] "GET /robots.txt HTTP/2" 404 1251 "-" "Mozilla/5.0 AppleWebKit/537.36 (KHTML, like Gecko; compatible; GPTBot/1.2; +https://openai.com/gptbot)"
20.171.207.149 - - [19/Sep/2025:01:50:26 +0000] "GET /vendor/symfony/http-kernel/Fragment/EsiFragmentRenderer.php HTTP/2" 500 0 "-" "Mozilla/5.0 AppleWebKit/537.36 (KHTML, like Gecko; compatible; GPTBot/1.2; +https://openai.com/gptbot)"
20.171.207.149 - - [19/Sep/2025:01:51:17 +0000] "GET /vendor/ramsey/uuid/src/Rfc4122/error_log HTTP/2" 403 1242 "-" "Mozilla/5.0 AppleWebKit/537.36 (KHTML, like Gecko; compatible; GPTBot/1.2; +https://openai.com/gptbot)"
20.171.207.149 - - [19/Sep/2025:01:52:22 +0000] "GET /vendor/symfony/http-kernel/Log/ HTTP/2" 200 707 "-" "Mozilla/5.0 AppleWebKit/537.36 (KHTML, like Gecko; compatible; GPTBot/1.2; +https://openai.com/gptbot)"
20.171.207.149 - - [19/Sep/2025:01:53:22 +0000] "GET /vendor/symfony/mime/Part/ HTTP/2" 200 1107 "-" "Mozilla/5.0 AppleWebKit/537.36 (KHTML, like Gecko; compatible; GPTBot/1.2; +https://openai.com/gptbot)"
216.73.216.44 - - [19/Sep/2025:01:54:06 +0000] "GET /robots.txt HTTP/2" 404 1251 "-" "Mozilla/5.0 AppleWebKit/537.36 (KHTML, like Gecko; compatible; ClaudeBot/1.0; +claudebot@anthropic.com)"
216.73.216.44 - - [19/Sep/2025:01:54:06 +0000] "GET /wpc.php HTTP/2" 302 0 "-" "Mozilla/5.0 AppleWebKit/537.36 (KHTML, like Gecko; compatible; ClaudeBot/1.0; +claudebot@anthropic.com)"
216.73.216.44 - - [19/Sep/2025:01:54:06 +0000] "GET /wpc.php?p= HTTP/2" 200 1492 "https://veroserv.com/wpc.php" "Mozilla/5.0 AppleWebKit/537.36 (KHTML, like Gecko; compatible; ClaudeBot/1.0; +claudebot@anthropic.com)"
20.171.207.149 - - [19/Sep/2025:01:54:18 +0000] "GET /vendor/symfony/error-handler/Resources/bin/ HTTP/2" 200 695 "-" "Mozilla/5.0 AppleWebKit/537.36 (KHTML, like Gecko; compatible; GPTBot/1.2; +https://openai.com/gptbot)"
20.171.207.149 - - [19/Sep/2025:01:55:07 +0000] "GET /vendor/masterminds/html5/CREDITS HTTP/2" 200 687 "-" "Mozilla/5.0 AppleWebKit/537.36 (KHTML, like Gecko; compatible; GPTBot/1.2; +https://openai.com/gptbot)"
20.171.207.149 - - [19/Sep/2025:01:55:51 +0000] "GET /vendor/symfony/var-dumper/Test/ HTTP/2" 200 655 "-" "Mozilla/5.0 AppleWebKit/537.36 (KHTML, like Gecko; compatible; GPTBot/1.2; +https://openai.com/gptbot)"
20.171.207.149 - - [19/Sep/2025:01:56:36 +0000] "GET /vendor/symfony/mime/Test/ HTTP/2" 200 625 "-" "Mozilla/5.0 AppleWebKit/537.36 (KHTML, like Gecko; compatible; GPTBot/1.2; +https://openai.com/gptbot)"
20.171.207.149 - - [19/Sep/2025:01:57:10 +0000] "GET /vendor/sabre/event/ HTTP/2" 200 691 "-" "Mozilla/5.0 AppleWebKit/537.36 (KHTML, like Gecko; compatible; GPTBot/1.2; +https://openai.com/gptbot)"
20.171.207.149 - - [19/Sep/2025:01:57:46 +0000] "GET /vendor/symfony/http-kernel/DependencyInjection/ConfigurableExtension.php HTTP/2" 500 0 "-" "Mozilla/5.0 AppleWebKit/537.36 (KHTML, like Gecko; compatible; GPTBot/1.2; +https://openai.com/gptbot)"
20.171.207.149 - - [19/Sep/2025:01:58:19 +0000] "GET /vendor/twilio/sdk/composer.json HTTP/2" 200 345 "-" "Mozilla/5.0 AppleWebKit/537.36 (KHTML, like Gecko; compatible; GPTBot/1.2; +https://openai.com/gptbot)"
20.171.207.149 - - [19/Sep/2025:01:59:22 +0000] "GET /vendor/spatie/ray/composer.json HTTP/2" 200 769 "-" "Mozilla/5.0 AppleWebKit/537.36 (KHTML, like Gecko; compatible; GPTBot/1.2; +https://openai.com/gptbot)"
20.171.207.149 - - [19/Sep/2025:02:00:17 +0000] "GET /vendor/sabre/event/LICENSE HTTP/2" 200 1569 "-" "Mozilla/5.0 AppleWebKit/537.36 (KHTML, like Gecko; compatible; GPTBot/1.2; +https://openai.com/gptbot)"
20.171.207.149 - - [19/Sep/2025:02:01:11 +0000] "GET /vendor/symfony/error-handler/Resources/bin/extract-tentative-return-types.php HTTP/2" 200 23 "-" "Mozilla/5.0 AppleWebKit/537.36 (KHTML, like Gecko; compatible; GPTBot/1.2; +https://openai.com/gptbot)"
20.171.207.149 - - [19/Sep/2025:02:01:56 +0000] "GET /vendor/league/csv/composer.json HTTP/2" 200 1008 "-" "Mozilla/5.0 AppleWebKit/537.36 (KHTML, like Gecko; compatible; GPTBot/1.2; +https://openai.com/gptbot)"
20.171.207.149 - - [19/Sep/2025:02:02:38 +0000] "GET /vendor/sabre/event/lib/ HTTP/2" 200 1209 "-" "Mozilla/5.0 AppleWebKit/537.36 (KHTML, like Gecko; compatible; GPTBot/1.2; +https://openai.com/gptbot)"
20.171.207.149 - - [19/Sep/2025:02:03:14 +0000] "GET /vendor/laminas/laminas-diactoros/src/ResponseFactory.php HTTP/2" 500 0 "-" "Mozilla/5.0 AppleWebKit/537.36 (KHTML, like Gecko; compatible; GPTBot/1.2; +https://openai.com/gptbot)"
66.249.70.35 - - [19/Sep/2025:01:06:19 +0000] "GET /ads.txt HTTP/1.1" 404 1251 "-" "Mozilla/5.0 (compatible; Googlebot/2.1; +http://www.google.com/bot.html)"
20.171.207.149 - - [19/Sep/2025:01:08:24 +0000] "GET /vendor/doctrine/instantiator/docs/en/ HTTP/2" 200 651 "-" "Mozilla/5.0 AppleWebKit/537.36 (KHTML, like Gecko; compatible; GPTBot/1.2; +https://openai.com/gptbot)"
20.171.207.149 - - [19/Sep/2025:01:09:30 +0000] "GET /vendor/symfony/error-handler/ErrorEnhancer/ClassNotFoundErrorEnhancer.php HTTP/2" 500 0 "-" "Mozilla/5.0 AppleWebKit/537.36 (KHTML, like Gecko; compatible; GPTBot/1.2; +https://openai.com/gptbot)"
20.171.207.149 - - [19/Sep/2025:01:10:25 +0000] "GET /vendor/laminas/?SA HTTP/2" 200 627 "-" "Mozilla/5.0 AppleWebKit/537.36 (KHTML, like Gecko; compatible; GPTBot/1.2; +https://openai.com/gptbot)"
104.210.140.137 - - [19/Sep/2025:01:11:50 +0000] "GET /robots.txt HTTP/2" 404 1251 "-" "Mozilla/5.0 (Macintosh; Intel Mac OS X 10_15_7) AppleWebKit/537.36 (KHTML, like Gecko) Chrome/131.0.0.0 Safari/537.36; compatible; OAI-SearchBot/1.0; +https://openai.com/searchbot"
4.227.36.11 - - [19/Sep/2025:01:16:12 +0000] "GET /robots.txt HTTP/2" 404 1251 "-" "Mozilla/5.0 AppleWebKit/537.36 (KHTML, like Gecko; compatible; GPTBot/1.2; +https://openai.com/gptbot)"
4.227.36.11 - - [19/Sep/2025:01:33:04 +0000] "GET /robots.txt HTTP/2" 404 1251 "-" "Mozilla/5.0 AppleWebKit/537.36 (KHTML, like Gecko; compatible; GPTBot/1.2; +https://openai.com/gptbot)"
4.227.36.11 - - [19/Sep/2025:01:55:58 +0000] "GET /robots.txt HTTP/2" 404 1251 "-" "Mozilla/5.0 AppleWebKit/537.36 (KHTML, like Gecko; compatible; GPTBot/1.2; +https://openai.com/gptbot)"
4.227.36.11 - - [19/Sep/2025:02:02:48 +0000] "GET /robots.txt HTTP/2" 404 1251 "-" "Mozilla/5.0 AppleWebKit/537.36 (KHTML, like Gecko; compatible; GPTBot/1.2; +https://openai.com/gptbot)"
20.171.207.149 - - [19/Sep/2025:02:06:53 +0000] "GET /vendor/illuminate/support/Traits/Localizable.php HTTP/2" 200 0 "-" "Mozilla/5.0 AppleWebKit/537.36 (KHTML, like Gecko; compatible; GPTBot/1.2; +https://openai.com/gptbot)"
20.171.207.149 - - [19/Sep/2025:02:07:50 +0000] "GET /vendor/illuminate/support/Facades/Exceptions.php HTTP/2" 500 0 "-" "Mozilla/5.0 AppleWebKit/537.36 (KHTML, like Gecko; compatible; GPTBot/1.2; +https://openai.com/gptbot)"
20.171.207.149 - - [19/Sep/2025:02:08:42 +0000] "GET /vendor/league/csv/src/functions_include.php HTTP/2" 200 0 "-" "Mozilla/5.0 AppleWebKit/537.36 (KHTML, like Gecko; compatible; GPTBot/1.2; +https://openai.com/gptbot)"
20.171.207.149 - - [19/Sep/2025:02:09:45 +0000] "GET /vendor/symfony/mime/RawMessage.php HTTP/2" 200 0 "-" "Mozilla/5.0 AppleWebKit/537.36 (KHTML, like Gecko; compatible; GPTBot/1.2; +https://openai.com/gptbot)"
20.171.207.149 - - [19/Sep/2025:02:10:42 +0000] "GET /vendor/illuminate/bus/Events/ HTTP/2" 200 646 "-" "Mozilla/5.0 AppleWebKit/537.36 (KHTML, like Gecko; compatible; GPTBot/1.2; +https://openai.com/gptbot)"
20.171.207.149 - - [19/Sep/2025:02:11:33 +0000] "GET /vendor/illuminate/cache/TagSet.php HTTP/2" 200 0 "-" "Mozilla/5.0 AppleWebKit/537.36 (KHTML, like Gecko; compatible; GPTBot/1.2; +https://openai.com/gptbot)"
40.77.167.79 - - [19/Sep/2025:02:12:01 +0000] "GET /ar/index.html HTTP/2" 404 1251 "-" "Mozilla/5.0 AppleWebKit/537.36 (KHTML, like Gecko; compatible; bingbot/2.0; +http://www.bing.com/bingbot.htm) Chrome/116.0.1938.76 Safari/537.36"
20.171.207.149 - - [19/Sep/2025:02:12:20 +0000] "GET /vendor/psr/container/composer.json HTTP/2" 200 299 "-" "Mozilla/5.0 AppleWebKit/537.36 (KHTML, like Gecko; compatible; GPTBot/1.2; +https://openai.com/gptbot)"
93.123.109.225 - - [19/Sep/2025:02:13:01 +0000] "GET / HTTP/1.1" 200 1472 "-" "Nokia7250/1.0 (3.14) Profile/MIDP-1.0 Configuration/CLDC-1.0"
20.171.207.149 - - [19/Sep/2025:02:13:03 +0000] "GET /vendor/symfony/mime/Encoder/ HTTP/2" 200 1219 "-" "Mozilla/5.0 AppleWebKit/537.36 (KHTML, like Gecko; compatible; GPTBot/1.2; +https://openai.com/gptbot)"
20.171.207.149 - - [19/Sep/2025:02:03:48 +0000] "GET /vendor/symfony/process/LICENSE HTTP/2" 200 1068 "-" "Mozilla/5.0 AppleWebKit/537.36 (KHTML, like Gecko; compatible; GPTBot/1.2; +https://openai.com/gptbot)"
20.171.207.149 - - [19/Sep/2025:02:04:49 +0000] "GET /vendor/league/flysystem/src/UnableToCheckDirectoryExistence.php HTTP/2" 500 0 "-" "Mozilla/5.0 AppleWebKit/537.36 (KHTML, like Gecko; compatible; GPTBot/1.2; +https://openai.com/gptbot)"
20.171.207.149 - - [19/Sep/2025:02:05:48 +0000] "GET /vendor/symfony/yaml/Tag/ HTTP/2" 200 639 "-" "Mozilla/5.0 AppleWebKit/537.36 (KHTML, like Gecko; compatible; GPTBot/1.2; +https://openai.com/gptbot)"
4.227.36.11 - - [19/Sep/2025:02:07:51 +0000] "GET /robots.txt HTTP/2" 404 1251 "-" "Mozilla/5.0 AppleWebKit/537.36 (KHTML, like Gecko; compatible; GPTBot/1.2; +https://openai.com/gptbot)"
93.123.109.225 - - [19/Sep/2025:02:14:35 +0000] "GET /composer.js HTTP/1.1" 404 1251 "-" "Mozilla/5.0 (Linux; Android 9; ONEPLUS A5010) AppleWebKit/537.36 (KHTML, like Gecko) Chrome/76.0.3809.89 Mobile Safari/537.36"
20.171.207.149 - - [19/Sep/2025:02:18:18 +0000] "GET /vendor/symfony/http-kernel/EventListener/ErrorListener.php HTTP/2" 500 0 "-" "Mozilla/5.0 AppleWebKit/537.36 (KHTML, like Gecko; compatible; GPTBot/1.2; +https://openai.com/gptbot)"
20.171.207.149 - - [19/Sep/2025:02:20:24 +0000] "GET /vendor/webmozart/assert/LICENSE HTTP/2" 200 1084 "-" "Mozilla/5.0 AppleWebKit/537.36 (KHTML, like Gecko; compatible; GPTBot/1.2; +https://openai.com/gptbot)"
20.171.207.149 - - [19/Sep/2025:02:21:26 +0000] "GET /vendor/symfony/mime/Encoder/Rfc2231Encoder.php HTTP/2" 500 0 "-" "Mozilla/5.0 AppleWebKit/537.36 (KHTML, like Gecko; compatible; GPTBot/1.2; +https://openai.com/gptbot)"
20.171.207.149 - - [19/Sep/2025:02:22:22 +0000] "GET /vendor/symfony/http-foundation/RateLimiter/AbstractRequestRateLimiter.php HTTP/2" 500 0 "-" "Mozilla/5.0 AppleWebKit/537.36 (KHTML, like Gecko; compatible; GPTBot/1.2; +https://openai.com/gptbot)"
20.171.207.149 - - [19/Sep/2025:02:23:28 +0000] "GET /vendor/league/csv/LICENSE HTTP/2" 200 1090 "-" "Mozilla/5.0 AppleWebKit/537.36 (KHTML, like Gecko; compatible; GPTBot/1.2; +https://openai.com/gptbot)"
20.171.207.149 - - [19/Sep/2025:02:24:28 +0000] "GET /vendor/symfony/http-foundation/RateLimiter/RequestRateLimiterInterface.php HTTP/2" 200 0 "-" "Mozilla/5.0 AppleWebKit/537.36 (KHTML, like Gecko; compatible; GPTBot/1.2; +https://openai.com/gptbot)"
20.171.207.149 - - [19/Sep/2025:02:25:24 +0000] "GET /vendor/symfony/http-kernel/Controller/ HTTP/2" 200 1206 "-" "Mozilla/5.0 AppleWebKit/537.36 (KHTML, like Gecko; compatible; GPTBot/1.2; +https://openai.com/gptbot)"
20.171.207.149 - - [19/Sep/2025:02:26:15 +0000] "GET /vendor/illuminate/support/Traits/CapsuleManagerTrait.php HTTP/2" 200 0 "-" "Mozilla/5.0 AppleWebKit/537.36 (KHTML, like Gecko; compatible; GPTBot/1.2; +https://openai.com/gptbot)"
20.171.207.149 - - [19/Sep/2025:02:27:06 +0000] "GET /vendor/illuminate/support/Facades/Facade.php HTTP/2" 200 0 "-" "Mozilla/5.0 AppleWebKit/537.36 (KHTML, like Gecko; compatible; GPTBot/1.2; +https://openai.com/gptbot)"
20.171.207.149 - - [19/Sep/2025:02:27:44 +0000] "GET /vendor/laminas/laminas-diactoros/src/ServerRequestFilter/IPRange.php HTTP/2" 200 0 "-" "Mozilla/5.0 AppleWebKit/537.36 (KHTML, like Gecko; compatible; GPTBot/1.2; +https://openai.com/gptbot)"
20.171.207.149 - - [19/Sep/2025:02:28:22 +0000] "GET /vendor/symfony/polyfill-php81/LICENSE HTTP/2" 200 1068 "-" "Mozilla/5.0 AppleWebKit/537.36 (KHTML, like Gecko; compatible; GPTBot/1.2; +https://openai.com/gptbot)"
66.249.70.35 - - [19/Sep/2025:02:28:30 +0000] "GET / HTTP/1.1" 200 1247 "-" "Mozilla/5.0 (compatible; Googlebot/2.1; +http://www.google.com/bot.html)"
66.249.70.34 - - [19/Sep/2025:02:28:36 +0000] "GET /favicon.ico HTTP/1.1" 404 1251 "-" "Googlebot-Image/1.0"
20.171.207.149 - - [19/Sep/2025:02:28:52 +0000] "GET /vendor/masterminds/html5/UPGRADING.md HTTP/2" 200 496 "-" "Mozilla/5.0 AppleWebKit/537.36 (KHTML, like Gecko; compatible; GPTBot/1.2; +https://openai.com/gptbot)"
4.227.36.11 - - [19/Sep/2025:02:13:04 +0000] "GET /robots.txt HTTP/2" 404 1251 "-" "Mozilla/5.0 AppleWebKit/537.36 (KHTML, like Gecko; compatible; GPTBot/1.2; +https://openai.com/gptbot)"
20.171.207.149 - - [19/Sep/2025:02:13:39 +0000] "GET /vendor/symfony/process/Pipes/ HTTP/2" 200 721 "-" "Mozilla/5.0 AppleWebKit/537.36 (KHTML, like Gecko; compatible; GPTBot/1.2; +https://openai.com/gptbot)"
20.171.207.149 - - [19/Sep/2025:02:14:15 +0000] "GET /vendor/symfony/yaml/Command/ HTTP/2" 200 646 "-" "Mozilla/5.0 AppleWebKit/537.36 (KHTML, like Gecko; compatible; GPTBot/1.2; +https://openai.com/gptbot)"
93.123.109.225 - - [19/Sep/2025:02:14:35 +0000] "GET /_autoindex/assets/js/tablesort.js HTTP/1.1" 200 2321 "-" "Mozilla/5.0 (Linux; Android 8.1.0; SM-T580) AppleWebKit/537.36 (KHTML, like Gecko) Chrome/76.0.3809.111 Safari/537.36"
93.123.109.225 - - [19/Sep/2025:02:14:35 +0000] "GET /_autoindex/assets/js/tablesort.number.js HTTP/1.1" 200 362 "-" "Mozilla/5.0 (Windows NT 10.0; WOW64) AppleWebKit/537.36 (KHTML, like Gecko) Chrome/70.0.3538.25 Safari/537.36 Core/1.70.3676.400 QQBrowser/10.4.3469.400"
20.171.207.149 - - [19/Sep/2025:02:14:45 +0000] "GET /vendor/symfony/string/UnicodeString.php HTTP/2" 500 0 "-" "Mozilla/5.0 AppleWebKit/537.36 (KHTML, like Gecko; compatible; GPTBot/1.2; +https://openai.com/gptbot)"
20.171.207.149 - - [19/Sep/2025:02:15:12 +0000] "GET /vendor/illuminate/cache/NoLock.php HTTP/2" 500 0 "-" "Mozilla/5.0 AppleWebKit/537.36 (KHTML, like Gecko; compatible; GPTBot/1.2; +https://openai.com/gptbot)"
20.171.207.149 - - [19/Sep/2025:02:16:13 +0000] "GET /vendor/symfony/mime/DraftEmail.php HTTP/2" 500 0 "-" "Mozilla/5.0 AppleWebKit/537.36 (KHTML, like Gecko; compatible; GPTBot/1.2; +https://openai.com/gptbot)"
20.171.207.149 - - [19/Sep/2025:02:17:14 +0000] "GET /vendor/symfony/http-kernel/EventListener/DumpListener.php HTTP/2" 500 0 "-" "Mozilla/5.0 AppleWebKit/537.36 (KHTML, like Gecko; compatible; GPTBot/1.2; +https://openai.com/gptbot)"
20.171.207.149 - - [19/Sep/2025:02:19:21 +0000] "GET /vendor/laminas/laminas-diactoros/src/ServerRequestFilter/DoNotFilter.php HTTP/2" 500 0 "-" "Mozilla/5.0 AppleWebKit/537.36 (KHTML, like Gecko; compatible; GPTBot/1.2; +https://openai.com/gptbot)"
4.227.36.11 - - [19/Sep/2025:02:25:28 +0000] "GET /robots.txt HTTP/2" 404 1251 "-" "Mozilla/5.0 AppleWebKit/537.36 (KHTML, like Gecko; compatible; GPTBot/1.2; +https://openai.com/gptbot)"
20.171.207.149 - - [19/Sep/2025:02:36:38 +0000] "GET /vendor/symfony/mime/Header/ HTTP/2" 200 1158 "-" "Mozilla/5.0 AppleWebKit/537.36 (KHTML, like Gecko; compatible; GPTBot/1.2; +https://openai.com/gptbot)"
20.171.207.149 - - [19/Sep/2025:02:37:33 +0000] "GET /vendor/vonage/nexmo-bridge/LICENSE HTTP/2" 200 1519 "-" "Mozilla/5.0 AppleWebKit/537.36 (KHTML, like Gecko; compatible; GPTBot/1.2; +https://openai.com/gptbot)"
20.171.207.149 - - [19/Sep/2025:02:38:22 +0000] "GET /vendor/symfony/http-kernel/Controller/ErrorController.php HTTP/2" 200 0 "-" "Mozilla/5.0 AppleWebKit/537.36 (KHTML, like Gecko; compatible; GPTBot/1.2; +https://openai.com/gptbot)"
20.171.207.149 - - [19/Sep/2025:02:39:07 +0000] "GET /vendor/php-http/?MA HTTP/2" 200 653 "-" "Mozilla/5.0 AppleWebKit/537.36 (KHTML, like Gecko; compatible; GPTBot/1.2; +https://openai.com/gptbot)"
20.171.207.149 - - [19/Sep/2025:02:39:51 +0000] "GET /vendor/php-http/?SA HTTP/2" 200 654 "-" "Mozilla/5.0 AppleWebKit/537.36 (KHTML, like Gecko; compatible; GPTBot/1.2; +https://openai.com/gptbot)"
20.171.207.149 - - [19/Sep/2025:02:40:28 +0000] "GET /vendor/symfony/http-kernel/Controller/ControllerResolver.php HTTP/2" 500 0 "-" "Mozilla/5.0 AppleWebKit/537.36 (KHTML, like Gecko; compatible; GPTBot/1.2; +https://openai.com/gptbot)"
20.171.207.149 - - [19/Sep/2025:02:41:01 +0000] "GET /vendor/symfony/http-kernel/Controller/ArgumentResolverInterface.php HTTP/2" 200 0 "-" "Mozilla/5.0 AppleWebKit/537.36 (KHTML, like Gecko; compatible; GPTBot/1.2; +https://openai.com/gptbot)"
20.171.207.149 - - [19/Sep/2025:02:42:06 +0000] "GET /vendor/php-http/?ND HTTP/2" 200 644 "-" "Mozilla/5.0 AppleWebKit/537.36 (KHTML, like Gecko; compatible; GPTBot/1.2; +https://openai.com/gptbot)"
20.171.207.149 - - [19/Sep/2025:02:43:02 +0000] "GET /vendor/psr/container/LICENSE HTTP/2" 200 1145 "-" "Mozilla/5.0 AppleWebKit/537.36 (KHTML, like Gecko; compatible; GPTBot/1.2; +https://openai.com/gptbot)"
20.171.207.149 - - [19/Sep/2025:02:43:54 +0000] "GET /vendor/symfony/yaml/LICENSE HTTP/2" 200 1068 "-" "Mozilla/5.0 AppleWebKit/537.36 (KHTML, like Gecko; compatible; GPTBot/1.2; +https://openai.com/gptbot)"
20.171.207.149 - - [19/Sep/2025:02:44:37 +0000] "GET /vendor/php-http/?NA HTTP/2" 200 649 "-" "Mozilla/5.0 AppleWebKit/537.36 (KHTML, like Gecko; compatible; GPTBot/1.2; +https://openai.com/gptbot)"
20.171.207.149 - - [19/Sep/2025:02:45:20 +0000] "GET /vendor/vonage/client/LICENSE HTTP/2" 200 1063 "-" "Mozilla/5.0 AppleWebKit/537.36 (KHTML, like Gecko; compatible; GPTBot/1.2; +https://openai.com/gptbot)"
20.171.207.149 - - [19/Sep/2025:02:45:58 +0000] "GET /vendor/lcobucci/jwt/LICENSE HTTP/2" 200 1489 "-" "Mozilla/5.0 AppleWebKit/537.36 (KHTML, like Gecko; compatible; GPTBot/1.2; +https://openai.com/gptbot)"
20.171.207.149 - - [19/Sep/2025:02:46:30 +0000] "GET /vendor/symfony/mime/Header/Headers.php HTTP/2" 200 0 "-" "Mozilla/5.0 AppleWebKit/537.36 (KHTML, like Gecko; compatible; GPTBot/1.2; +https://openai.com/gptbot)"
20.171.207.149 - - [19/Sep/2025:02:47:00 +0000] "GET /vendor/symfony/clock/LICENSE HTTP/2" 200 1068 "-" "Mozilla/5.0 AppleWebKit/537.36 (KHTML, like Gecko; compatible; GPTBot/1.2; +https://openai.com/gptbot)"
20.171.207.149 - - [19/Sep/2025:02:47:27 +0000] "GET /vendor/rakit/validation/LICENSE.md HTTP/2" 200 1063 "-" "Mozilla/5.0 AppleWebKit/537.36 (KHTML, like Gecko; compatible; GPTBot/1.2; +https://openai.com/gptbot)"
20.171.207.149 - - [19/Sep/2025:02:47:52 +0000] "GET /vendor/dasprid/enum/LICENSE HTTP/2" 200 1308 "-" "Mozilla/5.0 AppleWebKit/537.36 (KHTML, like Gecko; compatible; GPTBot/1.2; +https://openai.com/gptbot)"
20.171.207.149 - - [19/Sep/2025:02:48:16 +0000] "GET /vendor/php-http/?MD HTTP/2" 200 652 "-" "Mozilla/5.0 AppleWebKit/537.36 (KHTML, like Gecko; compatible; GPTBot/1.2; +https://openai.com/gptbot)"
20.171.207.149 - - [19/Sep/2025:02:48:36 +0000] "GET /vendor/php-http/?SD HTTP/2" 200 646 "-" "Mozilla/5.0 AppleWebKit/537.36 (KHTML, like Gecko; compatible; GPTBot/1.2; +https://openai.com/gptbot)"
20.171.207.149 - - [19/Sep/2025:02:48:56 +0000] "GET /vendor/symfony/console/ConsoleEvents.php HTTP/2" 200 0 "-" "Mozilla/5.0 AppleWebKit/537.36 (KHTML, like Gecko; compatible; GPTBot/1.2; +https://openai.com/gptbot)"
20.171.207.149 - - [19/Sep/2025:02:49:10 +0000] "GET /vendor/symfony/http-kernel/DataCollector/LateDataCollectorInterface.php HTTP/2" 200 0 "-" "Mozilla/5.0 AppleWebKit/537.36 (KHTML, like Gecko; compatible; GPTBot/1.2; +https://openai.com/gptbot)"
20.171.207.149 - - [19/Sep/2025:02:49:27 +0000] "GET /vendor/symfony/process/ProcessUtils.php HTTP/2" 200 0 "-" "Mozilla/5.0 AppleWebKit/537.36 (KHTML, like Gecko; compatible; GPTBot/1.2; +https://openai.com/gptbot)"
20.171.207.149 - - [19/Sep/2025:02:49:39 +0000] "GET /vendor/symfony/translation/Translator.php HTTP/2" 500 0 "-" "Mozilla/5.0 AppleWebKit/537.36 (KHTML, like Gecko; compatible; GPTBot/1.2; +https://openai.com/gptbot)"
20.171.207.149 - - [19/Sep/2025:02:49:47 +0000] "GET /vendor/ramsey/collection/src/CollectionInterface.php HTTP/2" 500 0 "-" "Mozilla/5.0 AppleWebKit/537.36 (KHTML, like Gecko; compatible; GPTBot/1.2; +https://openai.com/gptbot)"
20.171.207.149 - - [19/Sep/2025:02:50:22 +0000] "GET /vendor/laravel/serializable-closure/src/UnsignedSerializableClosure.php HTTP/2" 200 0 "-" "Mozilla/5.0 AppleWebKit/537.36 (KHTML, like Gecko; compatible; GPTBot/1.2; +https://openai.com/gptbot)"
20.171.207.149 - - [19/Sep/2025:02:51:21 +0000] "GET /vendor/symfony/process/PhpSubprocess.php HTTP/2" 500 0 "-" "Mozilla/5.0 AppleWebKit/537.36 (KHTML, like Gecko; compatible; GPTBot/1.2; +https://openai.com/gptbot)"
20.171.207.149 - - [19/Sep/2025:02:29:22 +0000] "GET /vendor/symfony/http-kernel/Controller/ValueResolverInterface.php HTTP/2" 200 0 "-" "Mozilla/5.0 AppleWebKit/537.36 (KHTML, like Gecko; compatible; GPTBot/1.2; +https://openai.com/gptbot)"
20.171.207.149 - - [19/Sep/2025:02:29:50 +0000] "GET /vendor/symfony/polyfill-php80/LICENSE HTTP/2" 200 1068 "-" "Mozilla/5.0 AppleWebKit/537.36 (KHTML, like Gecko; compatible; GPTBot/1.2; +https://openai.com/gptbot)"
20.171.207.149 - - [19/Sep/2025:02:30:15 +0000] "GET /vendor/symfony/mime/Crypto/ HTTP/2" 200 732 "-" "Mozilla/5.0 AppleWebKit/537.36 (KHTML, like Gecko; compatible; GPTBot/1.2; +https://openai.com/gptbot)"
20.171.207.149 - - [19/Sep/2025:02:30:37 +0000] "GET /vendor/symfony/http-kernel/Controller/ArgumentResolver.php HTTP/2" 500 0 "-" "Mozilla/5.0 AppleWebKit/537.36 (KHTML, like Gecko; compatible; GPTBot/1.2; +https://openai.com/gptbot)"
20.171.207.149 - - [19/Sep/2025:02:30:56 +0000] "GET /vendor/ezyang/htmlpurifier/library/HTMLPurifier.autoload-legacy.php HTTP/2" 200 0 "-" "Mozilla/5.0 AppleWebKit/537.36 (KHTML, like Gecko; compatible; GPTBot/1.2; +https://openai.com/gptbot)"
20.171.207.149 - - [19/Sep/2025:02:31:54 +0000] "GET /vendor/symfony/polyfill-php83/LICENSE HTTP/2" 200 1068 "-" "Mozilla/5.0 AppleWebKit/537.36 (KHTML, like Gecko; compatible; GPTBot/1.2; +https://openai.com/gptbot)"
20.171.207.149 - - [19/Sep/2025:02:32:45 +0000] "GET /vendor/symfony/http-foundation/Session/SessionFactory.php HTTP/2" 500 0 "-" "Mozilla/5.0 AppleWebKit/537.36 (KHTML, like Gecko; compatible; GPTBot/1.2; +https://openai.com/gptbot)"
20.171.207.149 - - [19/Sep/2025:02:33:31 +0000] "GET /vendor/symfony/http-kernel/Controller/ControllerReference.php HTTP/2" 200 0 "-" "Mozilla/5.0 AppleWebKit/537.36 (KHTML, like Gecko; compatible; GPTBot/1.2; +https://openai.com/gptbot)"
4.227.36.11 - - [19/Sep/2025:02:33:32 +0000] "GET /robots.txt HTTP/2" 404 1251 "-" "Mozilla/5.0 AppleWebKit/537.36 (KHTML, like Gecko; compatible; GPTBot/1.2; +https://openai.com/gptbot)"
20.171.207.149 - - [19/Sep/2025:02:34:37 +0000] "GET /vendor/symfony/http-kernel/Controller/TraceableArgumentResolver.php HTTP/2" 500 0 "-" "Mozilla/5.0 AppleWebKit/537.36 (KHTML, like Gecko; compatible; GPTBot/1.2; +https://openai.com/gptbot)"
20.171.207.149 - - [19/Sep/2025:02:35:33 +0000] "GET /vendor/symfony/console/CI/ HTTP/2" 200 649 "-" "Mozilla/5.0 AppleWebKit/537.36 (KHTML, like Gecko; compatible; GPTBot/1.2; +https://openai.com/gptbot)"
112.65.211.206 - - [19/Sep/2025:02:39:06 +0000] "GET /portfolio/%d9%85%d9%83%d8%a8%d8%b1%d8%a7%d8%aa-%d8%b5%d9%88%d8%aa-%d9%81%d8%b6%d9%8a%d8%a9-%d8%ae%d8%a7%d8%b5%d8%a9/ads HTTP/2" 404 1251 "-" "Mozilla/5.0 (iPhone; CPU iPhone OS 16_0 like Mac OS X) AppleWebKit/605.1.15 (KHTML, like Gecko) Version/18.0 Mobile/15E148 Safari/604.1"
4.227.36.11 - - [19/Sep/2025:02:39:14 +0000] "GET /robots.txt HTTP/2" 404 1251 "-" "Mozilla/5.0 AppleWebKit/537.36 (KHTML, like Gecko; compatible; GPTBot/1.2; +https://openai.com/gptbot)"
57.141.4.47 - - [19/Sep/2025:02:41:29 +0000] "GET /vendor/ HTTP/2" 200 17092 "-" "meta-externalagent/1.1 (+https://developers.facebook.com/docs/sharing/webmasters/crawler)"
4.227.36.11 - - [19/Sep/2025:02:48:57 +0000] "GET /robots.txt HTTP/2" 404 1251 "-" "Mozilla/5.0 AppleWebKit/537.36 (KHTML, like Gecko; compatible; GPTBot/1.2; +https://openai.com/gptbot)"
52.167.144.160 - - [19/Sep/2025:02:54:50 +0000] "GET /index.php/blog/ HTTP/2" 404 1251 "-" "Mozilla/5.0 AppleWebKit/537.36 (KHTML, like Gecko; compatible; bingbot/2.0; +http://www.bing.com/bingbot.htm) Chrome/116.0.1938.76 Safari/537.36"
20.171.207.149 - - [19/Sep/2025:02:52:19 +0000] "GET /vendor/ramsey/collection/src/AbstractCollection.php HTTP/2" 500 0 "-" "Mozilla/5.0 AppleWebKit/537.36 (KHTML, like Gecko; compatible; GPTBot/1.2; +https://openai.com/gptbot)"
20.171.207.149 - - [19/Sep/2025:02:53:25 +0000] "GET /vendor/masterminds/html5/RELEASE.md HTTP/2" 200 5070 "-" "Mozilla/5.0 AppleWebKit/537.36 (KHTML, like Gecko; compatible; GPTBot/1.2; +https://openai.com/gptbot)"
20.171.207.149 - - [19/Sep/2025:02:54:26 +0000] "GET /vendor/symfony/http-kernel/HttpCache/ResponseCacheStrategyInterface.php HTTP/2" 200 0 "-" "Mozilla/5.0 AppleWebKit/537.36 (KHTML, like Gecko; compatible; GPTBot/1.2; +https://openai.com/gptbot)"
4.227.36.11 - - [19/Sep/2025:02:56:19 +0000] "GET /robots.txt HTTP/2" 404 1251 "-" "Mozilla/5.0 AppleWebKit/537.36 (KHTML, like Gecko; compatible; GPTBot/1.2; +https://openai.com/gptbot)"
20.171.207.149 - - [19/Sep/2025:03:01:39 +0000] "GET /vendor/symfony/string/composer.json HTTP/2" 200 535 "-" "Mozilla/5.0 AppleWebKit/537.36 (KHTML, like Gecko; compatible; GPTBot/1.2; +https://openai.com/gptbot)"
20.171.207.149 - - [19/Sep/2025:03:02:37 +0000] "GET /vendor/jms/serializer/LICENSE HTTP/2" 200 1063 "-" "Mozilla/5.0 AppleWebKit/537.36 (KHTML, like Gecko; compatible; GPTBot/1.2; +https://openai.com/gptbot)"
20.171.207.149 - - [19/Sep/2025:03:03:26 +0000] "GET /vendor/lcobucci/clock/composer.json HTTP/2" 200 449 "-" "Mozilla/5.0 AppleWebKit/537.36 (KHTML, like Gecko; compatible; GPTBot/1.2; +https://openai.com/gptbot)"
20.171.207.149 - - [19/Sep/2025:02:55:22 +0000] "GET /vendor/illuminate/filesystem/AwsS3V3Adapter.php HTTP/2" 500 0 "-" "Mozilla/5.0 AppleWebKit/537.36 (KHTML, like Gecko; compatible; GPTBot/1.2; +https://openai.com/gptbot)"
20.171.207.149 - - [19/Sep/2025:02:56:18 +0000] "GET /vendor/intervention/image/src/config/ HTTP/2" 200 636 "-" "Mozilla/5.0 AppleWebKit/537.36 (KHTML, like Gecko; compatible; GPTBot/1.2; +https://openai.com/gptbot)"
20.171.207.149 - - [19/Sep/2025:02:57:20 +0000] "GET /vendor/symfony/mailer/LICENSE HTTP/2" 200 1068 "-" "Mozilla/5.0 AppleWebKit/537.36 (KHTML, like Gecko; compatible; GPTBot/1.2; +https://openai.com/gptbot)"
20.171.207.149 - - [19/Sep/2025:02:58:16 +0000] "GET /vendor/symfony/finder/composer.json HTTP/2" 200 346 "-" "Mozilla/5.0 AppleWebKit/537.36 (KHTML, like Gecko; compatible; GPTBot/1.2; +https://openai.com/gptbot)"
20.171.207.149 - - [19/Sep/2025:02:59:07 +0000] "GET /vendor/symfony/service-contracts/Attribute/SubscribedService.php HTTP/2" 200 0 "-" "Mozilla/5.0 AppleWebKit/537.36 (KHTML, like Gecko; compatible; GPTBot/1.2; +https://openai.com/gptbot)"
20.171.207.149 - - [19/Sep/2025:02:59:56 +0000] "GET /vendor/league/flysystem/src/UnableToResolveFilesystemMount.php HTTP/2" 500 0 "-" "Mozilla/5.0 AppleWebKit/537.36 (KHTML, like Gecko; compatible; GPTBot/1.2; +https://openai.com/gptbot)"
20.171.207.149 - - [19/Sep/2025:03:00:36 +0000] "GET /vendor/doctrine/lexer/composer.json HTTP/2" 200 529 "-" "Mozilla/5.0 AppleWebKit/537.36 (KHTML, like Gecko; compatible; GPTBot/1.2; +https://openai.com/gptbot)"
4.227.36.11 - - [19/Sep/2025:03:05:33 +0000] "GET /robots.txt HTTP/2" 404 1251 "-" "Mozilla/5.0 AppleWebKit/537.36 (KHTML, like Gecko; compatible; GPTBot/1.2; +https://openai.com/gptbot)"
20.171.207.149 - - [19/Sep/2025:03:04:14 +0000] "GET /vendor/jms/serializer/composer.json HTTP/2" 200 954 "-" "Mozilla/5.0 AppleWebKit/537.36 (KHTML, like Gecko; compatible; GPTBot/1.2; +https://openai.com/gptbot)"
20.171.207.149 - - [19/Sep/2025:03:04:55 +0000] "GET /vendor/symfony/string/LICENSE HTTP/2" 200 1068 "-" "Mozilla/5.0 AppleWebKit/537.36 (KHTML, like Gecko; compatible; GPTBot/1.2; +https://openai.com/gptbot)"
20.171.207.149 - - [19/Sep/2025:03:05:32 +0000] "GET /vendor/symfony/mailer/composer.json HTTP/2" 200 475 "-" "Mozilla/5.0 AppleWebKit/537.36 (KHTML, like Gecko; compatible; GPTBot/1.2; +https://openai.com/gptbot)"
20.171.207.149 - - [19/Sep/2025:03:06:07 +0000] "GET /vendor/symfony/http-kernel/CacheWarmer/WarmableInterface.php HTTP/2" 200 0 "-" "Mozilla/5.0 AppleWebKit/537.36 (KHTML, like Gecko; compatible; GPTBot/1.2; +https://openai.com/gptbot)"
20.171.207.149 - - [19/Sep/2025:03:06:34 +0000] "GET /vendor/laminas/laminas-diactoros/src/RequestFactory.php HTTP/2" 500 0 "-" "Mozilla/5.0 AppleWebKit/537.36 (KHTML, like Gecko; compatible; GPTBot/1.2; +https://openai.com/gptbot)"
20.171.207.149 - - [19/Sep/2025:03:07:01 +0000] "GET /vendor/zbateson/stream-decorators/src/error_log HTTP/2" 403 1242 "-" "Mozilla/5.0 AppleWebKit/537.36 (KHTML, like Gecko; compatible; GPTBot/1.2; +https://openai.com/gptbot)"
20.171.207.149 - - [19/Sep/2025:03:15:08 +0000] "GET /vendor/symfony/error-handler/?MA HTTP/2" 200 1360 "-" "Mozilla/5.0 AppleWebKit/537.36 (KHTML, like Gecko; compatible; GPTBot/1.2; +https://openai.com/gptbot)"
43.163.23.44 - - [19/Sep/2025:03:16:06 +0000] "GET /?SA HTTP/1.1" 200 1493 "-" "Mozilla/5.0 (Windows NT 10.0; Win64; x64) AppleWebKit/537.36 (KHTML, like Gecko) Chrome/116.0.0.0 Safari/537.36"
20.171.207.149 - - [19/Sep/2025:03:16:06 +0000] "GET /vendor/ramsey/uuid/LICENSE HTTP/2" 200 1079 "-" "Mozilla/5.0 AppleWebKit/537.36 (KHTML, like Gecko; compatible; GPTBot/1.2; +https://openai.com/gptbot)"
20.171.207.149 - - [19/Sep/2025:03:16:59 +0000] "GET /vendor/stripe/stripe-php/lib/Util/ HTTP/2" 200 1133 "-" "Mozilla/5.0 AppleWebKit/537.36 (KHTML, like Gecko; compatible; GPTBot/1.2; +https://openai.com/gptbot)"
20.171.207.149 - - [19/Sep/2025:03:17:46 +0000] "GET /vendor/symfony/var-dumper/Server/ HTTP/2" 200 674 "-" "Mozilla/5.0 AppleWebKit/537.36 (KHTML, like Gecko; compatible; GPTBot/1.2; +https://openai.com/gptbot)"
20.171.207.149 - - [19/Sep/2025:03:18:28 +0000] "GET /vendor/laminas/laminas-diactoros/src/functions/ HTTP/2" 200 1268 "-" "Mozilla/5.0 AppleWebKit/537.36 (KHTML, like Gecko; compatible; GPTBot/1.2; +https://openai.com/gptbot)"
20.171.207.149 - - [19/Sep/2025:03:19:05 +0000] "GET /vendor/symfony/error-handler/?ND HTTP/2" 200 1349 "-" "Mozilla/5.0 AppleWebKit/537.36 (KHTML, like Gecko; compatible; GPTBot/1.2; +https://openai.com/gptbot)"
20.171.207.149 - - [19/Sep/2025:03:19:40 +0000] "GET /vendor/psr/container/src/ContainerExceptionInterface.php HTTP/2" 200 0 "-" "Mozilla/5.0 AppleWebKit/537.36 (KHTML, like Gecko; compatible; GPTBot/1.2; +https://openai.com/gptbot)"
20.171.207.149 - - [19/Sep/2025:03:20:12 +0000] "GET /vendor/guzzlehttp/psr7/LICENSE HTTP/2" 200 1402 "-" "Mozilla/5.0 AppleWebKit/537.36 (KHTML, like Gecko; compatible; GPTBot/1.2; +https://openai.com/gptbot)"
20.171.207.149 - - [19/Sep/2025:03:20:38 +0000] "GET /vendor/illuminate/pipeline/Pipeline.php HTTP/2" 500 0 "-" "Mozilla/5.0 AppleWebKit/537.36 (KHTML, like Gecko; compatible; GPTBot/1.2; +https://openai.com/gptbot)"
20.171.207.149 - - [19/Sep/2025:03:21:01 +0000] "GET /vendor/symfony/error-handler/Internal/?MA HTTP/2" 200 657 "-" "Mozilla/5.0 AppleWebKit/537.36 (KHTML, like Gecko; compatible; GPTBot/1.2; +https://openai.com/gptbot)"
20.171.207.149 - - [19/Sep/2025:03:08:06 +0000] "GET /vendor/rinvex/countries/resources/translations/ru.json HTTP/2" 200 259 "-" "Mozilla/5.0 AppleWebKit/537.36 (KHTML, like Gecko; compatible; GPTBot/1.2; +https://openai.com/gptbot)"
57.141.4.13 - - [19/Sep/2025:03:09:01 +0000] "GET /update/ HTTP/2" 302 0 "-" "meta-externalagent/1.1 (+https://developers.facebook.com/docs/sharing/webmasters/crawler)"
57.141.4.6 - - [19/Sep/2025:03:09:07 +0000] "GET /?ng=updating HTTP/2" 200 5406 "-" "meta-externalagent/1.1 (+https://developers.facebook.com/docs/sharing/webmasters/crawler)"
20.171.207.149 - - [19/Sep/2025:03:09:11 +0000] "GET /vendor/psr/event-dispatcher/LICENSE HTTP/2" 200 1064 "-" "Mozilla/5.0 AppleWebKit/537.36 (KHTML, like Gecko; compatible; GPTBot/1.2; +https://openai.com/gptbot)"
20.171.207.149 - - [19/Sep/2025:03:10:08 +0000] "GET /vendor/masterminds/html5/LICENSE.txt HTTP/2" 200 1070 "-" "Mozilla/5.0 AppleWebKit/537.36 (KHTML, like Gecko; compatible; GPTBot/1.2; +https://openai.com/gptbot)"
20.171.207.149 - - [19/Sep/2025:03:10:57 +0000] "GET /vendor/symfony/var-dumper/Dumper/DataDumperInterface.php HTTP/2" 200 0 "-" "Mozilla/5.0 AppleWebKit/537.36 (KHTML, like Gecko; compatible; GPTBot/1.2; +https://openai.com/gptbot)"
20.171.207.149 - - [19/Sep/2025:03:11:50 +0000] "GET /vendor/setasign/fpdi/src/autoload.php HTTP/2" 200 0 "-" "Mozilla/5.0 AppleWebKit/537.36 (KHTML, like Gecko; compatible; GPTBot/1.2; +https://openai.com/gptbot)"
20.171.207.149 - - [19/Sep/2025:03:12:22 +0000] "GET /vendor/symfony/http-kernel/DataCollector/ExceptionDataCollector.php HTTP/2" 500 0 "-" "Mozilla/5.0 AppleWebKit/537.36 (KHTML, like Gecko; compatible; GPTBot/1.2; +https://openai.com/gptbot)"
20.171.207.149 - - [19/Sep/2025:03:13:04 +0000] "GET /vendor/league/flysystem/src/UnableToDeleteDirectory.php HTTP/2" 500 0 "-" "Mozilla/5.0 AppleWebKit/537.36 (KHTML, like Gecko; compatible; GPTBot/1.2; +https://openai.com/gptbot)"
4.227.36.11 - - [19/Sep/2025:03:13:05 +0000] "GET /robots.txt HTTP/2" 404 1251 "-" "Mozilla/5.0 AppleWebKit/537.36 (KHTML, like Gecko; compatible; GPTBot/1.2; +https://openai.com/gptbot)"
20.171.207.149 - - [19/Sep/2025:03:14:04 +0000] "GET /vendor/symfony/error-handler/?SA HTTP/2" 200 1361 "-" "Mozilla/5.0 AppleWebKit/537.36 (KHTML, like Gecko; compatible; GPTBot/1.2; +https://openai.com/gptbot)"
4.227.36.11 - - [19/Sep/2025:03:18:45 +0000] "GET /robots.txt HTTP/2" 404 1251 "-" "Mozilla/5.0 AppleWebKit/537.36 (KHTML, like Gecko; compatible; GPTBot/1.2; +https://openai.com/gptbot)"
20.171.207.149 - - [19/Sep/2025:03:22:04 +0000] "GET /vendor/laminas/laminas-diactoros/src/functions/normalize_uploaded_files.legacy.php HTTP/2" 200 0 "-" "Mozilla/5.0 AppleWebKit/537.36 (KHTML, like Gecko; compatible; GPTBot/1.2; +https://openai.com/gptbot)"
20.171.207.149 - - [19/Sep/2025:03:22:58 +0000] "GET /vendor/laminas/laminas-diactoros/src/functions/marshal_protocol_version_from_sapi.php HTTP/2" 200 0 "-" "Mozilla/5.0 AppleWebKit/537.36 (KHTML, like Gecko; compatible; GPTBot/1.2; +https://openai.com/gptbot)"
20.171.207.149 - - [19/Sep/2025:03:23:48 +0000] "GET /vendor/symfony/error-handler/BufferingLogger.php HTTP/2" 500 0 "-" "Mozilla/5.0 AppleWebKit/537.36 (KHTML, like Gecko; compatible; GPTBot/1.2; +https://openai.com/gptbot)"
20.171.207.149 - - [19/Sep/2025:03:24:33 +0000] "GET /vendor/symfony/var-dumper/Server/Connection.php HTTP/2" 200 0 "-" "Mozilla/5.0 AppleWebKit/537.36 (KHTML, like Gecko; compatible; GPTBot/1.2; +https://openai.com/gptbot)"
20.171.207.149 - - [19/Sep/2025:03:25:33 +0000] "GET /vendor/laminas/laminas-diactoros/src/functions/marshal_method_from_sapi.php HTTP/2" 200 0 "-" "Mozilla/5.0 AppleWebKit/537.36 (KHTML, like Gecko; compatible; GPTBot/1.2; +https://openai.com/gptbot)"
20.171.207.149 - - [19/Sep/2025:03:26:31 +0000] "GET /vendor/symfony/error-handler/?NA HTTP/2" 200 1357 "-" "Mozilla/5.0 AppleWebKit/537.36 (KHTML, like Gecko; compatible; GPTBot/1.2; +https://openai.com/gptbot)"
20.171.207.149 - - [19/Sep/2025:03:27:19 +0000] "GET /vendor/laminas/laminas-diactoros/src/functions/marshal_protocol_version_from_sapi.legacy.php HTTP/2" 200 0 "-" "Mozilla/5.0 AppleWebKit/537.36 (KHTML, like Gecko; compatible; GPTBot/1.2; +https://openai.com/gptbot)"
20.171.207.149 - - [19/Sep/2025:03:28:08 +0000] "GET /vendor/symfony/error-handler/?MD HTTP/2" 200 1358 "-" "Mozilla/5.0 AppleWebKit/537.36 (KHTML, like Gecko; compatible; GPTBot/1.2; +https://openai.com/gptbot)"
20.171.207.149 - - [19/Sep/2025:03:28:45 +0000] "GET /vendor/laminas/laminas-diactoros/src/functions/marshal_method_from_sapi.legacy.php HTTP/2" 200 0 "-" "Mozilla/5.0 AppleWebKit/537.36 (KHTML, like Gecko; compatible; GPTBot/1.2; +https://openai.com/gptbot)"
20.171.207.149 - - [19/Sep/2025:03:29:21 +0000] "GET /vendor/symfony/error-handler/?SD HTTP/2" 200 1356 "-" "Mozilla/5.0 AppleWebKit/537.36 (KHTML, like Gecko; compatible; GPTBot/1.2; +https://openai.com/gptbot)"
20.171.207.149 - - [19/Sep/2025:03:29:57 +0000] "GET /vendor/laminas/laminas-diactoros/src/functions/normalize_server.php HTTP/2" 200 0 "-" "Mozilla/5.0 AppleWebKit/537.36 (KHTML, like Gecko; compatible; GPTBot/1.2; +https://openai.com/gptbot)"
20.171.207.149 - - [19/Sep/2025:03:30:25 +0000] "GET /vendor/symfony/error-handler/BufferingLogger.php HTTP/2" 500 0 "-" "Mozilla/5.0 AppleWebKit/537.36 (KHTML, like Gecko; compatible; GPTBot/1.2; +https://openai.com/gptbot)"
20.171.207.149 - - [19/Sep/2025:03:30:52 +0000] "GET /vendor/laminas/laminas-diactoros/src/functions/marshal_uri_from_sapi.php HTTP/2" 200 0 "-" "Mozilla/5.0 AppleWebKit/537.36 (KHTML, like Gecko; compatible; GPTBot/1.2; +https://openai.com/gptbot)"
20.171.207.149 - - [19/Sep/2025:03:31:56 +0000] "GET /vendor/laminas/laminas-diactoros/src/functions/marshal_headers_from_sapi.php HTTP/2" 200 0 "-" "Mozilla/5.0 AppleWebKit/537.36 (KHTML, like Gecko; compatible; GPTBot/1.2; +https://openai.com/gptbot)"
20.171.207.149 - - [19/Sep/2025:03:32:50 +0000] "GET /vendor/laminas/laminas-diactoros/src/functions/create_uploaded_file.legacy.php HTTP/2" 200 0 "-" "Mozilla/5.0 AppleWebKit/537.36 (KHTML, like Gecko; compatible; GPTBot/1.2; +https://openai.com/gptbot)"
20.171.207.149 - - [19/Sep/2025:03:33:39 +0000] "GET /vendor/laminas/laminas-diactoros/src/functions/marshal_uri_from_sapi.legacy.php HTTP/2" 200 0 "-" "Mozilla/5.0 AppleWebKit/537.36 (KHTML, like Gecko; compatible; GPTBot/1.2; +https://openai.com/gptbot)"
20.171.207.149 - - [19/Sep/2025:03:34:30 +0000] "GET /vendor/laminas/laminas-diactoros/src/functions/normalize_uploaded_files.php HTTP/2" 200 0 "-" "Mozilla/5.0 AppleWebKit/537.36 (KHTML, like Gecko; compatible; GPTBot/1.2; +https://openai.com/gptbot)"
20.171.207.149 - - [19/Sep/2025:03:35:09 +0000] "GET /vendor/laminas/laminas-diactoros/src/functions/marshal_headers_from_sapi.legacy.php HTTP/2" 200 0 "-" "Mozilla/5.0 AppleWebKit/537.36 (KHTML, like Gecko; compatible; GPTBot/1.2; +https://openai.com/gptbot)"
20.171.207.149 - - [19/Sep/2025:03:35:52 +0000] "GET /vendor/laminas/laminas-diactoros/src/functions/parse_cookie_header.legacy.php HTTP/2" 200 0 "-" "Mozilla/5.0 AppleWebKit/537.36 (KHTML, like Gecko; compatible; GPTBot/1.2; +https://openai.com/gptbot)"
20.171.207.149 - - [19/Sep/2025:03:36:22 +0000] "GET /vendor/laminas/laminas-diactoros/src/functions/normalize_server.legacy.php HTTP/2" 200 0 "-" "Mozilla/5.0 AppleWebKit/537.36 (KHTML, like Gecko; compatible; GPTBot/1.2; +https://openai.com/gptbot)"
20.171.207.149 - - [19/Sep/2025:03:37:02 +0000] "GET /vendor/laminas/laminas-diactoros/src/functions/parse_cookie_header.php HTTP/2" 200 0 "-" "Mozilla/5.0 AppleWebKit/537.36 (KHTML, like Gecko; compatible; GPTBot/1.2; +https://openai.com/gptbot)"
216.73.216.44 - - [19/Sep/2025:03:37:03 +0000] "GET /robots.txt HTTP/2" 404 1251 "-" "Mozilla/5.0 AppleWebKit/537.36 (KHTML, like Gecko; compatible; ClaudeBot/1.0; +claudebot@anthropic.com)"
216.73.216.44 - - [19/Sep/2025:03:37:03 +0000] "GET /wpc.php?path=%2Fhome%2Fsmartonegroup%2Fpublic_html%2Fveroserv&view_file=%2Fhome%2Fsmartonegroup%2Fpublic_html%2Fveroserv%2F.htaccess HTTP/2" 200 1685 "-" "Mozilla/5.0 AppleWebKit/537.36 (KHTML, like Gecko; compatible; ClaudeBot/1.0; +claudebot@anthropic.com)"
216.73.216.44 - - [19/Sep/2025:03:37:04 +0000] "GET /wpc.php?path=%2Fhome%2Fsmartonegroup%2Fpublic_html%2Fveroserv&view_file=%2Fhome%2Fsmartonegroup%2Fpublic_html%2Fveroserv%2Fclx HTTP/2" 200 1887 "-" "Mozilla/5.0 AppleWebKit/537.36 (KHTML, like Gecko; compatible; ClaudeBot/1.0; +claudebot@anthropic.com)"
20.171.207.149 - - [19/Sep/2025:03:37:22 +0000] "GET /vendor/symfony/var-dumper/Cloner/ HTTP/2" 200 1129 "-" "Mozilla/5.0 AppleWebKit/537.36 (KHTML, like Gecko; compatible; GPTBot/1.2; +https://openai.com/gptbot)"
216.73.216.44 - - [19/Sep/2025:03:37:34 +0000] "GET /wpc.php?path=%2Fhome%2Fsmartonegroup%2Fpublic_html%2Fveroserv%2Fapps HTTP/2" 200 1200 "-" "Mozilla/5.0 AppleWebKit/537.36 (KHTML, like Gecko; compatible; ClaudeBot/1.0; +claudebot@anthropic.com)"
216.73.216.44 - - [19/Sep/2025:03:37:34 +0000] "GET /wpc.php?path=%2Fhome%2Fsmartonegroup%2Fpublic_html%2Fveroserv&view_file=%2Fhome%2Fsmartonegroup%2Fpublic_html%2Fveroserv%2Fwpc.php HTTP/2" 200 21126 "-" "Mozilla/5.0 AppleWebKit/537.36 (KHTML, like Gecko; compatible; ClaudeBot/1.0; +claudebot@anthropic.com)"
20.171.207.149 - - [19/Sep/2025:03:37:42 +0000] "GET /vendor/symfony/error-handler/Internal/?NA HTTP/2" 200 652 "-" "Mozilla/5.0 AppleWebKit/537.36 (KHTML, like Gecko; compatible; GPTBot/1.2; +https://openai.com/gptbot)"
20.171.207.149 - - [19/Sep/2025:03:38:03 +0000] "GET /vendor/io-developer/php-whois/tests/bootstrap.php HTTP/2" 200 0 "-" "Mozilla/5.0 AppleWebKit/537.36 (KHTML, like Gecko; compatible; GPTBot/1.2; +https://openai.com/gptbot)"
20.171.207.149 - - [19/Sep/2025:03:38:22 +0000] "GET /vendor/symfony/error-handler/Internal/?ND HTTP/2" 200 652 "-" "Mozilla/5.0 AppleWebKit/537.36 (KHTML, like Gecko; compatible; GPTBot/1.2; +https://openai.com/gptbot)"
4.227.36.11 - - [19/Sep/2025:03:26:45 +0000] "GET /robots.txt HTTP/2" 404 1251 "-" "Mozilla/5.0 AppleWebKit/537.36 (KHTML, like Gecko; compatible; GPTBot/1.2; +https://openai.com/gptbot)"
57.141.4.7 - - [19/Sep/2025:03:28:40 +0000] "GET /install/ HTTP/2" 200 1366 "-" "meta-externalagent/1.1 (+https://developers.facebook.com/docs/sharing/webmasters/crawler)"
4.227.36.11 - - [19/Sep/2025:03:37:03 +0000] "GET /robots.txt HTTP/2" 404 1251 "-" "Mozilla/5.0 AppleWebKit/537.36 (KHTML, like Gecko; compatible; GPTBot/1.2; +https://openai.com/gptbot)"
20.171.207.149 - - [19/Sep/2025:03:38:40 +0000] "GET /vendor/symfony/dom-crawler/Field/ HTTP/2" 200 747 "-" "Mozilla/5.0 AppleWebKit/537.36 (KHTML, like Gecko; compatible; GPTBot/1.2; +https://openai.com/gptbot)"
20.171.207.149 - - [19/Sep/2025:03:38:56 +0000] "GET /vendor/symfony/http-kernel/Event/ HTTP/2" 200 1121 "-" "Mozilla/5.0 AppleWebKit/537.36 (KHTML, like Gecko; compatible; GPTBot/1.2; +https://openai.com/gptbot)"
216.73.216.44 - - [19/Sep/2025:03:39:04 +0000] "GET /wpc.php?path=%2Fhome%2Fsmartonegroup%2Fpublic_html%2Fveroserv%2Fhooks HTTP/2" 200 1205 "-" "Mozilla/5.0 AppleWebKit/537.36 (KHTML, like Gecko; compatible; ClaudeBot/1.0; +claudebot@anthropic.com)"
216.73.216.44 - - [19/Sep/2025:03:39:04 +0000] "GET /wpc.php?path=%2Fhome%2Fsmartonegroup%2Fpublic_html%2Fveroserv&view_file=%2Fhome%2Fsmartonegroup%2Fpublic_html%2Fveroserv%2Fcomposer.lock HTTP/2" 200 47133 "-" "Mozilla/5.0 AppleWebKit/537.36 (KHTML, like Gecko; compatible; ClaudeBot/1.0; +claudebot@anthropic.com)"
20.171.207.149 - - [19/Sep/2025:03:39:09 +0000] "GET /vendor/symfony/var-dumper/Caster/ HTTP/2" 200 1850 "-" "Mozilla/5.0 AppleWebKit/537.36 (KHTML, like Gecko; compatible; GPTBot/1.2; +https://openai.com/gptbot)"
20.171.207.149 - - [19/Sep/2025:03:39:22 +0000] "GET /vendor/symfony/error-handler/Internal/?MD HTTP/2" 200 656 "-" "Mozilla/5.0 AppleWebKit/537.36 (KHTML, like Gecko; compatible; GPTBot/1.2; +https://openai.com/gptbot)"
216.73.216.44 - - [19/Sep/2025:03:39:29 +0000] "GET /wpc.php?path=%2Fhome%2Fsmartonegroup%2Fpublic_html%2Fveroserv%2Fclient HTTP/2" 200 1209 "-" "Mozilla/5.0 AppleWebKit/537.36 (KHTML, like Gecko; compatible; ClaudeBot/1.0; +claudebot@anthropic.com)"
216.73.216.44 - - [19/Sep/2025:03:39:29 +0000] "GET /wpc.php?path=%2Fhome%2Fsmartonegroup%2Fpublic_html%2Fveroserv%2Fadmin HTTP/2" 200 1205 "-" "Mozilla/5.0 AppleWebKit/537.36 (KHTML, like Gecko; compatible; ClaudeBot/1.0; +claudebot@anthropic.com)"
20.171.207.149 - - [19/Sep/2025:03:39:33 +0000] "GET /vendor/symfony/error-handler/Internal/?SA HTTP/2" 200 655 "-" "Mozilla/5.0 AppleWebKit/537.36 (KHTML, like Gecko; compatible; GPTBot/1.2; +https://openai.com/gptbot)"
20.171.207.149 - - [19/Sep/2025:03:39:44 +0000] "GET /vendor/symfony/dom-crawler/Test/ HTTP/2" 200 631 "-" "Mozilla/5.0 AppleWebKit/537.36 (KHTML, like Gecko; compatible; GPTBot/1.2; +https://openai.com/gptbot)"
216.73.216.44 - - [19/Sep/2025:03:39:46 +0000] "GET /wpc.php?path=%2Fhome%2Fsmartonegroup%2Fpublic_html%2Fveroserv%2Fconsole HTTP/2" 200 1228 "-" "Mozilla/5.0 AppleWebKit/537.36 (KHTML, like Gecko; compatible; ClaudeBot/1.0; +claudebot@anthropic.com)"
216.73.216.44 - - [19/Sep/2025:03:39:46 +0000] "GET /wpc.php?path=%2Fhome%2Fsmartonegroup%2Fpublic_html%2Fveroserv&view_file=%2Fhome%2Fsmartonegroup%2Fpublic_html%2Fveroserv%2Fbusiness-suite-open-source.zip HTTP/2" 200 48558900 "-" "Mozilla/5.0 AppleWebKit/537.36 (KHTML, like Gecko; compatible; ClaudeBot/1.0; +claudebot@anthropic.com)"
20.171.207.149 - - [19/Sep/2025:03:39:54 +0000] "GET /vendor/symfony/console/Helper/ HTTP/2" 200 1394 "-" "Mozilla/5.0 AppleWebKit/537.36 (KHTML, like Gecko; compatible; GPTBot/1.2; +https://openai.com/gptbot)"
20.171.207.149 - - [19/Sep/2025:03:40:02 +0000] "GET /vendor/symfony/console/Logger/ HTTP/2" 200 642 "-" "Mozilla/5.0 AppleWebKit/537.36 (KHTML, like Gecko; compatible; GPTBot/1.2; +https://openai.com/gptbot)"
