/home/smartonegroup/access-logs/amr.smartonegroup.com
65.21.208.232 - - [18/Sep/2025:08:42:36 +0000] "GET / HTTP/1.1" 200 11660 "-" "Python/3.11 aiohttp/3.9.2"
65.21.208.232 - - [18/Sep/2025:09:12:40 +0000] "POST /wp-cron.php?doing_wp_cron=1758186760.0157520771026611328125 HTTP/1.1" 200 0 "-" "WordPress/6.8.2; https://amr.smartonegroup.com"
65.21.208.232 - - [18/Sep/2025:09:12:39 +0000] "GET / HTTP/1.1" 200 12364 "-" "Python/3.11 aiohttp/3.9.2"
65.21.208.232 - - [18/Sep/2025:09:42:38 +0000] "GET / HTTP/1.1" 200 12337 "-" "Python/3.11 aiohttp/3.9.2"
65.21.208.232 - - [18/Sep/2025:10:12:46 +0000] "POST /wp-cron.php?doing_wp_cron=1758190366.1044600009918212890625 HTTP/1.1" 200 0 "-" "WordPress/6.8.2; https://amr.smartonegroup.com"
65.21.208.232 - - [18/Sep/2025:10:12:45 +0000] "GET / HTTP/1.1" 200 11660 "-" "Python/3.11 aiohttp/3.9.2"
35.197.41.22 - - [18/Sep/2025:10:45:03 +0000] "GET / HTTP/1.1" 301 0 "-" "Mozilla/5.0 (compatible; CMS-Checker/1.0; +https://example.com)"
205.169.39.7 - - [18/Sep/2025:10:46:45 +0000] "GET / HTTP/1.1" 301 0 "-" "Mozilla/5.0 (Windows NT 10.0) AppleWebKit/537.36 (KHTML, like Gecko) Chrome/106.0.0.0 Safari/537.36"
65.21.208.232 - - [18/Sep/2025:10:42:41 +0000] "GET / HTTP/1.1" 200 12337 "-" "Python/3.11 aiohttp/3.9.2"
35.197.41.22 - - [18/Sep/2025:10:45:04 +0000] "GET / HTTP/1.1" 200 12386 "http://www.amr.smartonegroup.com" "Mozilla/5.0 (compatible; CMS-Checker/1.0; +https://example.com)"
205.169.39.7 - - [18/Sep/2025:10:46:49 +0000] "GET / HTTP/1.1" 200 12386 "http://www.amr.smartonegroup.com" "Mozilla/5.0 (Windows NT 10.0) AppleWebKit/537.36 (KHTML, like Gecko) Chrome/106.0.0.0 Safari/537.36"
65.21.208.232 - - [18/Sep/2025:11:12:40 +0000] "POST /wp-cron.php?doing_wp_cron=1758193960.6658549308776855468750 HTTP/1.1" 200 0 "-" "WordPress/6.8.2; https://amr.smartonegroup.com"
65.21.208.232 - - [18/Sep/2025:11:12:40 +0000] "GET / HTTP/1.1" 200 12357 "-" "Python/3.11 aiohttp/3.9.2"
45.148.10.246 - - [18/Sep/2025:11:28:43 +0000] "GET /.git/config HTTP/1.1" 403 1242 "-" "Go-http-client/1.1"
35.197.41.22 - - [18/Sep/2025:11:31:26 +0000] "GET / HTTP/1.1" 200 50518 "-" "Mozilla/5.0 (Windows NT 10.0; Win64; x64) AppleWebKit/537.36 (KHTML, like Gecko) Chrome/78.0.3904.108 Safari/537.36"
35.197.41.22 - - [18/Sep/2025:11:31:27 +0000] "GET /?author=1 HTTP/1.1" 301 0 "-" "Mozilla/5.0 (Windows NT 10.0; Win64; x64) AppleWebKit/537.36 (KHTML, like Gecko) Chrome/78.0.3904.108 Safari/537.36"
35.197.41.22 - - [18/Sep/2025:11:31:28 +0000] "GET /?author=2 HTTP/1.1" 404 55346 "-" "Mozilla/5.0 (Windows NT 10.0; Win64; x64) AppleWebKit/537.36 (KHTML, like Gecko) Chrome/78.0.3904.108 Safari/537.36"
35.197.41.22 - - [18/Sep/2025:11:31:28 +0000] "GET /wp-json/wp/v2/users/ HTTP/1.1" 200 760 "-" "Mozilla/5.0 (Windows NT 10.0; Win64; x64) AppleWebKit/537.36 (KHTML, like Gecko) Chrome/78.0.3904.108 Safari/537.36"
35.197.41.22 - - [18/Sep/2025:11:31:28 +0000] "POST /xmlrpc.php HTTP/1.1" 200 401 "-" "Mozilla/5.0 (Windows NT 10.0; Win64; x64) AppleWebKit/537.36 (KHTML, like Gecko) Chrome/78.0.3904.108 Safari/537.36"
35.197.41.22 - - [18/Sep/2025:11:31:29 +0000] "POST /xmlrpc.php HTTP/1.1" 200 401 "-" "Mozilla/5.0 (Windows NT 10.0; Win64; x64) AppleWebKit/537.36 (KHTML, like Gecko) Chrome/78.0.3904.108 Safari/537.36"
35.197.41.22 - - [18/Sep/2025:11:31:29 +0000] "POST /xmlrpc.php HTTP/1.1" 200 753 "-" "Mozilla/5.0 (Windows NT 10.0; Win64; x64) AppleWebKit/537.36 (KHTML, like Gecko) Chrome/78.0.3904.108 Safari/537.36"
65.21.208.232 - - [18/Sep/2025:11:42:37 +0000] "GET / HTTP/1.1" 200 12337 "-" "Python/3.11 aiohttp/3.9.2"
65.21.208.232 - - [18/Sep/2025:12:12:37 +0000] "POST /wp-cron.php?doing_wp_cron=1758197557.7190330028533935546875 HTTP/1.1" 200 0 "-" "WordPress/6.8.2; https://amr.smartonegroup.com"
65.21.208.232 - - [18/Sep/2025:12:12:37 +0000] "GET / HTTP/1.1" 200 11660 "-" "Python/3.11 aiohttp/3.9.2"
45.148.10.246 - - [18/Sep/2025:12:39:47 +0000] "GET /.git/config HTTP/1.1" 403 1242 "-" "Go-http-client/1.1"
65.21.208.232 - - [18/Sep/2025:12:42:41 +0000] "GET / HTTP/1.1" 200 11660 "-" "Python/3.11 aiohttp/3.9.2"
65.21.208.232 - - [18/Sep/2025:13:12:36 +0000] "GET / HTTP/1.1" 200 11660 "-" "Python/3.11 aiohttp/3.9.2"
45.130.203.165 - - [18/Sep/2025:13:10:02 +0000] "GET /.git/HEAD HTTP/1.1" 403 1242 "-" "Python-urllib/3.10"
65.21.208.232 - - [18/Sep/2025:13:12:36 +0000] "POST /wp-cron.php?doing_wp_cron=1758201156.5882689952850341796875 HTTP/1.1" 200 0 "-" "WordPress/6.8.2; https://amr.smartonegroup.com"
65.21.208.232 - - [18/Sep/2025:13:42:39 +0000] "GET / HTTP/1.1" 200 12364 "-" "Python/3.11 aiohttp/3.9.2"
65.21.208.232 - - [18/Sep/2025:14:12:38 +0000] "POST /wp-cron.php?doing_wp_cron=1758204758.4096949100494384765625 HTTP/1.1" 200 0 "-" "WordPress/6.8.2; https://amr.smartonegroup.com"
65.21.208.232 - - [18/Sep/2025:14:12:38 +0000] "GET / HTTP/1.1" 200 12357 "-" "Python/3.11 aiohttp/3.9.2"
65.21.208.232 - - [18/Sep/2025:14:12:40 +0000] "POST /wp-cron.php HTTP/1.1" 200 0 "-" "WordPress/6.8.2; https://amr.smartonegroup.com"
3.80.23.249 - - [18/Sep/2025:13:45:58 +0000] "GET / HTTP/1.1" 200 50518 "-" "Mozilla/5.0 (Windows NT 10.0; Win64; x64) AppleWebKit/537.36 (KHTML, like Gecko) Chrome/78.0.3904.108 Safari/537.36"
3.80.23.249 - - [18/Sep/2025:13:45:59 +0000] "GET /?author=1 HTTP/1.1" 301 0 "-" "Mozilla/5.0 (Windows NT 10.0; Win64; x64) AppleWebKit/537.36 (KHTML, like Gecko) Chrome/78.0.3904.108 Safari/537.36"
3.80.23.249 - - [18/Sep/2025:13:45:59 +0000] "GET /?author=2 HTTP/1.1" 404 55346 "-" "Mozilla/5.0 (Windows NT 10.0; Win64; x64) AppleWebKit/537.36 (KHTML, like Gecko) Chrome/78.0.3904.108 Safari/537.36"
3.80.23.249 - - [18/Sep/2025:13:45:59 +0000] "GET /wp-json/wp/v2/users/ HTTP/1.1" 200 760 "-" "Mozilla/5.0 (Windows NT 10.0; Win64; x64) AppleWebKit/537.36 (KHTML, like Gecko) Chrome/78.0.3904.108 Safari/537.36"
3.80.23.249 - - [18/Sep/2025:13:45:59 +0000] "POST /xmlrpc.php HTTP/1.1" 200 401 "-" "Mozilla/5.0 (Windows NT 10.0; Win64; x64) AppleWebKit/537.36 (KHTML, like Gecko) Chrome/78.0.3904.108 Safari/537.36"
3.80.23.249 - - [18/Sep/2025:13:46:02 +0000] "POST /xmlrpc.php HTTP/1.1" 200 401 "-" "Mozilla/5.0 (Windows NT 10.0; Win64; x64) AppleWebKit/537.36 (KHTML, like Gecko) Chrome/78.0.3904.108 Safari/537.36"
3.80.23.249 - - [18/Sep/2025:13:46:06 +0000] "POST /xmlrpc.php HTTP/1.1" 200 753 "-" "Mozilla/5.0 (Windows NT 10.0; Win64; x64) AppleWebKit/537.36 (KHTML, like Gecko) Chrome/78.0.3904.108 Safari/537.36"
34.138.55.165 - - [18/Sep/2025:14:59:52 +0000] "GET / HTTP/1.1" 200 12386 "http://www.amr.smartonegroup.com" "Mozilla/5.0 (compatible; CMS-Checker/1.0; +https://example.com)"
65.21.208.232 - - [18/Sep/2025:14:42:38 +0000] "GET / HTTP/1.1" 200 12357 "-" "Python/3.11 aiohttp/3.9.2"
34.138.55.165 - - [18/Sep/2025:14:59:49 +0000] "GET / HTTP/1.1" 301 0 "-" "Mozilla/5.0 (compatible; CMS-Checker/1.0; +https://example.com)"
65.21.208.232 - - [18/Sep/2025:15:12:33 +0000] "GET / HTTP/1.1" 200 12357 "-" "Python/3.11 aiohttp/3.9.2"
18.237.165.1 - - [18/Sep/2025:15:23:43 +0000] "GET / HTTP/1.1" 200 12386 "-" "Mozilla/5.0 (iPhone; CPU iPhone OS 14_4 like Mac OS X) AppleWebKit/605.1.15 (KHTML, like Gecko) Version/15.4 Mobile/15E148 Safari/604.1"
18.237.165.1 - - [18/Sep/2025:15:23:44 +0000] "GET /wp-includes/js/dist/script-modules/block-library/navigation/view.min.js?ver=61572d447d60c0aa5240 HTTP/1.1" 200 1160 "http://amr.smartonegroup.com/" "Mozilla/5.0 (iPhone; CPU iPhone OS 14_4 like Mac OS X) AppleWebKit/605.1.15 (KHTML, like Gecko) Version/15.4 Mobile/15E148 Safari/604.1"
18.237.165.1 - - [18/Sep/2025:15:23:44 +0000] "GET /wp-includes/blocks/navigation/style.min.css?ver=6.8.2 HTTP/1.1" 200 2275 "http://amr.smartonegroup.com/" "Mozilla/5.0 (iPhone; CPU iPhone OS 14_4 like Mac OS X) AppleWebKit/605.1.15 (KHTML, like Gecko) Version/15.4 Mobile/15E148 Safari/604.1"
34.123.239.26 - - [18/Sep/2025:15:25:45 +0000] "GET / HTTP/1.1" 200 12364 "-" "Mozilla/5.0 (compatible; CMS-Checker/1.0; +https://example.com)"
65.21.208.232 - - [18/Sep/2025:15:42:34 +0000] "POST /wp-cron.php?doing_wp_cron=1758210154.4348039627075195312500 HTTP/1.1" 200 0 "-" "WordPress/6.8.2; https://amr.smartonegroup.com"
65.21.208.232 - - [18/Sep/2025:15:42:34 +0000] "GET / HTTP/1.1" 200 11660 "-" "Python/3.11 aiohttp/3.9.2"
65.21.208.232 - - [18/Sep/2025:16:12:36 +0000] "GET / HTTP/1.1" 200 11660 "-" "Python/3.11 aiohttp/3.9.2"
65.21.208.232 - - [18/Sep/2025:16:42:39 +0000] "GET / HTTP/1.1" 200 11660 "-" "Python/3.11 aiohttp/3.9.2"
65.21.208.232 - - [18/Sep/2025:15:09:08 +0000] "POST /wp-cron.php?doing_wp_cron=1758208148.1876380443572998046875 HTTP/1.1" 200 0 "-" "WordPress/6.8.2; https://amr.smartonegroup.com"
35.161.84.197 - - [18/Sep/2025:15:09:07 +0000] "GET / HTTP/1.1" 200 12386 "-" "Mozilla/5.0 (iPhone; CPU iPhone OS 14_4 like Mac OS X) AppleWebKit/605.1.15 (KHTML, like Gecko) Version/15.4 Mobile/15E148 Safari/604.1"
18.237.165.1 - - [18/Sep/2025:15:23:44 +0000] "GET /wp-content/themes/twentytwentyfive/style.css?ver=1.3 HTTP/1.1" 200 1169 "http://amr.smartonegroup.com/" "Mozilla/5.0 (iPhone; CPU iPhone OS 14_4 like Mac OS X) AppleWebKit/605.1.15 (KHTML, like Gecko) Version/15.4 Mobile/15E148 Safari/604.1"
18.237.165.1 - - [18/Sep/2025:15:23:44 +0000] "GET /wp-includes/js/dist/script-modules/interactivity/index.min.js?ver=55aebb6e0a16726baffb HTTP/1.1" 200 14071 "http://amr.smartonegroup.com/" "Mozilla/5.0 (iPhone; CPU iPhone OS 14_4 like Mac OS X) AppleWebKit/605.1.15 (KHTML, like Gecko) Version/15.4 Mobile/15E148 Safari/604.1"
18.237.165.1 - - [18/Sep/2025:15:23:44 +0000] "GET /wp-content/themes/twentytwentyfive/assets/fonts/manrope/Manrope-VariableFont_wght.woff2 HTTP/1.1" 200 53600 "http://amr.smartonegroup.com/" "Mozilla/5.0 (iPhone; CPU iPhone OS 14_4 like Mac OS X) AppleWebKit/605.1.15 (KHTML, like Gecko) Version/15.4 Mobile/15E148 Safari/604.1"
18.237.165.1 - - [18/Sep/2025:15:23:44 +0000] "GET /wp-includes/js/wp-emoji-release.min.js?ver=6.8.2 HTTP/1.1" 200 5155 "http://amr.smartonegroup.com/" "Mozilla/5.0 (iPhone; CPU iPhone OS 14_4 like Mac OS X) AppleWebKit/605.1.15 (KHTML, like Gecko) Version/15.4 Mobile/15E148 Safari/604.1"
65.21.208.232 - - [18/Sep/2025:17:09:23 +0000] "POST /wp-cron.php?doing_wp_cron=1758215363.2602679729461669921875 HTTP/1.1" 200 0 "-" "WordPress/6.8.2; https://amr.smartonegroup.com"
34.182.5.193 - - [18/Sep/2025:17:00:07 +0000] "GET / HTTP/1.1" 200 50518 "-" "Mozilla/5.0 (Windows NT 10.0; Win64; x64) AppleWebKit/537.36 (KHTML, like Gecko) Chrome/78.0.3904.108 Safari/537.36"
34.182.5.193 - - [18/Sep/2025:17:00:08 +0000] "GET /?author=1 HTTP/1.1" 301 0 "-" "Mozilla/5.0 (Windows NT 10.0; Win64; x64) AppleWebKit/537.36 (KHTML, like Gecko) Chrome/78.0.3904.108 Safari/537.36"
34.182.5.193 - - [18/Sep/2025:17:00:08 +0000] "GET /?author=2 HTTP/1.1" 404 55346 "-" "Mozilla/5.0 (Windows NT 10.0; Win64; x64) AppleWebKit/537.36 (KHTML, like Gecko) Chrome/78.0.3904.108 Safari/537.36"
34.182.5.193 - - [18/Sep/2025:17:00:09 +0000] "GET /wp-json/wp/v2/users/ HTTP/1.1" 200 760 "-" "Mozilla/5.0 (Windows NT 10.0; Win64; x64) AppleWebKit/537.36 (KHTML, like Gecko) Chrome/78.0.3904.108 Safari/537.36"
34.182.5.193 - - [18/Sep/2025:17:00:09 +0000] "POST /xmlrpc.php HTTP/1.1" 200 401 "-" "Mozilla/5.0 (Windows NT 10.0; Win64; x64) AppleWebKit/537.36 (KHTML, like Gecko) Chrome/78.0.3904.108 Safari/537.36"
34.182.5.193 - - [18/Sep/2025:17:00:09 +0000] "POST /xmlrpc.php HTTP/1.1" 200 401 "-" "Mozilla/5.0 (Windows NT 10.0; Win64; x64) AppleWebKit/537.36 (KHTML, like Gecko) Chrome/78.0.3904.108 Safari/537.36"
34.182.5.193 - - [18/Sep/2025:17:00:09 +0000] "POST /xmlrpc.php HTTP/1.1" 200 753 "-" "Mozilla/5.0 (Windows NT 10.0; Win64; x64) AppleWebKit/537.36 (KHTML, like Gecko) Chrome/78.0.3904.108 Safari/537.36"
34.52.194.237 - - [18/Sep/2025:17:09:23 +0000] "GET / HTTP/1.1" 200 50518 "-" "Mozilla/5.0 (Windows NT 10.0; Win64; x64) AppleWebKit/537.36 (KHTML, like Gecko) Chrome/78.0.3904.108 Safari/537.36"
34.52.194.237 - - [18/Sep/2025:17:09:23 +0000] "GET /?author=1 HTTP/1.1" 301 0 "-" "Mozilla/5.0 (Windows NT 10.0; Win64; x64) AppleWebKit/537.36 (KHTML, like Gecko) Chrome/78.0.3904.108 Safari/537.36"
34.52.194.237 - - [18/Sep/2025:17:09:23 +0000] "GET /?author=2 HTTP/1.1" 404 55346 "-" "Mozilla/5.0 (Windows NT 10.0; Win64; x64) AppleWebKit/537.36 (KHTML, like Gecko) Chrome/78.0.3904.108 Safari/537.36"
34.52.194.237 - - [18/Sep/2025:17:09:23 +0000] "GET /wp-json/wp/v2/users/ HTTP/1.1" 200 760 "-" "Mozilla/5.0 (Windows NT 10.0; Win64; x64) AppleWebKit/537.36 (KHTML, like Gecko) Chrome/78.0.3904.108 Safari/537.36"
34.52.194.237 - - [18/Sep/2025:17:09:23 +0000] "POST /xmlrpc.php HTTP/1.1" 200 401 "-" "Mozilla/5.0 (Windows NT 10.0; Win64; x64) AppleWebKit/537.36 (KHTML, like Gecko) Chrome/78.0.3904.108 Safari/537.36"
34.52.194.237 - - [18/Sep/2025:17:09:30 +0000] "POST /xmlrpc.php HTTP/1.1" 200 401 "-" "Mozilla/5.0 (Windows NT 10.0; Win64; x64) AppleWebKit/537.36 (KHTML, like Gecko) Chrome/78.0.3904.108 Safari/537.36"
34.52.194.237 - - [18/Sep/2025:17:09:45 +0000] "POST /xmlrpc.php HTTP/1.1" 200 753 "-" "Mozilla/5.0 (Windows NT 10.0; Win64; x64) AppleWebKit/537.36 (KHTML, like Gecko) Chrome/78.0.3904.108 Safari/537.36"
65.21.208.232 - - [18/Sep/2025:17:12:41 +0000] "GET / HTTP/1.1" 200 11660 "-" "Python/3.11 aiohttp/3.9.2"
65.21.208.232 - - [18/Sep/2025:17:42:42 +0000] "GET / HTTP/1.1" 200 11660 "-" "Python/3.11 aiohttp/3.9.2"
34.27.193.237 - - [18/Sep/2025:18:03:54 +0000] "GET / HTTP/1.1" 200 50518 "-" "Mozilla/5.0 (Windows NT 10.0; Win64; x64) AppleWebKit/537.36 (KHTML, like Gecko) Chrome/78.0.3904.108 Safari/537.36"
34.27.193.237 - - [18/Sep/2025:18:03:55 +0000] "GET /?author=1 HTTP/1.1" 301 0 "-" "Mozilla/5.0 (Windows NT 10.0; Win64; x64) AppleWebKit/537.36 (KHTML, like Gecko) Chrome/78.0.3904.108 Safari/537.36"
34.27.193.237 - - [18/Sep/2025:18:03:55 +0000] "GET /?author=2 HTTP/1.1" 404 55346 "-" "Mozilla/5.0 (Windows NT 10.0; Win64; x64) AppleWebKit/537.36 (KHTML, like Gecko) Chrome/78.0.3904.108 Safari/537.36"
34.27.193.237 - - [18/Sep/2025:18:03:56 +0000] "GET /wp-json/wp/v2/users/ HTTP/1.1" 200 760 "-" "Mozilla/5.0 (Windows NT 10.0; Win64; x64) AppleWebKit/537.36 (KHTML, like Gecko) Chrome/78.0.3904.108 Safari/537.36"
34.27.193.237 - - [18/Sep/2025:18:03:56 +0000] "POST /xmlrpc.php HTTP/1.1" 200 401 "-" "Mozilla/5.0 (Windows NT 10.0; Win64; x64) AppleWebKit/537.36 (KHTML, like Gecko) Chrome/78.0.3904.108 Safari/537.36"
34.27.193.237 - - [18/Sep/2025:18:04:30 +0000] "POST /xmlrpc.php HTTP/1.1" 200 401 "-" "Mozilla/5.0 (Windows NT 10.0; Win64; x64) AppleWebKit/537.36 (KHTML, like Gecko) Chrome/78.0.3904.108 Safari/537.36"
34.27.193.237 - - [18/Sep/2025:18:05:00 +0000] "POST /xmlrpc.php HTTP/1.1" 200 753 "-" "Mozilla/5.0 (Windows NT 10.0; Win64; x64) AppleWebKit/537.36 (KHTML, like Gecko) Chrome/78.0.3904.108 Safari/537.36"
65.21.208.232 - - [18/Sep/2025:18:12:44 +0000] "GET / HTTP/1.1" 200 11660 "-" "Python/3.11 aiohttp/3.9.2"
65.21.208.232 - - [18/Sep/2025:19:12:41 +0000] "POST /wp-cron.php?doing_wp_cron=1758222761.0174660682678222656250 HTTP/1.1" 200 0 "-" "WordPress/6.8.2; https://amr.smartonegroup.com"
65.21.208.232 - - [18/Sep/2025:20:42:37 +0000] "GET / HTTP/1.1" 200 11660 "-" "Python/3.11 aiohttp/3.9.2"
34.27.193.237 - - [18/Sep/2025:17:20:12 +0000] "GET / HTTP/1.1" 301 0 "-" "Mozilla/5.0 (compatible; CMS-Checker/1.0; +https://example.com)"
34.27.193.237 - - [18/Sep/2025:17:20:14 +0000] "GET / HTTP/1.1" 200 12364 "http://www.amr.smartonegroup.com" "Mozilla/5.0 (compatible; CMS-Checker/1.0; +https://example.com)"
87.236.176.208 - - [18/Sep/2025:17:23:45 +0000] "GET / HTTP/1.1" 200 12386 "-" "Mozilla/5.0 (compatible; InternetMeasurement/1.0; +https://internet-measurement.com/)"
65.21.208.232 - - [18/Sep/2025:18:03:55 +0000] "POST /wp-cron.php?doing_wp_cron=1758218635.0242741107940673828125 HTTP/1.1" 200 0 "-" "WordPress/6.8.2; https://amr.smartonegroup.com"
65.21.208.232 - - [18/Sep/2025:18:42:40 +0000] "GET / HTTP/1.1" 200 11660 "-" "Python/3.11 aiohttp/3.9.2"
65.21.208.232 - - [18/Sep/2025:19:12:40 +0000] "GET / HTTP/1.1" 200 12364 "-" "Python/3.11 aiohttp/3.9.2"
65.21.208.232 - - [18/Sep/2025:19:42:44 +0000] "GET / HTTP/1.1" 200 12337 "-" "Python/3.11 aiohttp/3.9.2"
65.21.208.232 - - [18/Sep/2025:20:12:38 +0000] "POST /wp-cron.php?doing_wp_cron=1758226358.8743050098419189453125 HTTP/1.1" 200 0 "-" "WordPress/6.8.2; https://amr.smartonegroup.com"
65.21.208.232 - - [18/Sep/2025:20:12:38 +0000] "GET / HTTP/1.1" 200 12386 "-" "Python/3.11 aiohttp/3.9.2"
114.79.6.73 - - [18/Sep/2025:20:48:49 +0000] "GET /wp-login.php HTTP/1.1" 302 0 "-" "Mozilla/5.0 (Windows NT 10.0; Win64; x64) AppleWebKit/537.36 (KHTML, like Gecko) Chrome/136.0.0.0 Safari/537.36"
65.21.208.232 - - [18/Sep/2025:21:12:42 +0000] "GET / HTTP/1.1" 200 12364 "-" "Python/3.11 aiohttp/3.9.2"
45.130.203.134 - - [18/Sep/2025:21:26:29 +0000] "GET /.env HTTP/1.1" 301 0 "-" "Python-urllib/3.10"
65.21.208.232 - - [18/Sep/2025:21:42:42 +0000] "GET / HTTP/1.1" 200 11660 "-" "Python/3.11 aiohttp/3.9.2"
65.21.208.232 - - [18/Sep/2025:22:12:41 +0000] "POST /wp-cron.php?doing_wp_cron=1758233561.9104170799255371093750 HTTP/1.1" 200 0 "-" "WordPress/6.8.2; https://amr.smartonegroup.com"
65.21.208.232 - - [18/Sep/2025:22:12:41 +0000] "GET / HTTP/1.1" 200 12364 "-" "Python/3.11 aiohttp/3.9.2"
65.21.208.232 - - [18/Sep/2025:22:42:44 +0000] "GET / HTTP/1.1" 200 11660 "-" "Python/3.11 aiohttp/3.9.2"
65.21.208.232 - - [18/Sep/2025:23:02:32 +0000] "POST /wp-cron.php?doing_wp_cron=1758236552.2320270538330078125000 HTTP/1.1" 200 0 "-" "WordPress/6.8.2; https://amr.smartonegroup.com"
88.99.26.177 - - [18/Sep/2025:23:02:31 +0000] "GET / HTTP/1.1" 200 12386 "-" "Mozilla/5.0 (Linux; Android 14) AppleWebKit/537.36 (KHTML, like Gecko) Chrome/118.0.5993.80 Mobile Safari/537.36"
65.21.208.232 - - [18/Sep/2025:23:12:42 +0000] "GET / HTTP/1.1" 200 11660 "-" "Python/3.11 aiohttp/3.9.2"
65.21.208.232 - - [18/Sep/2025:23:42:46 +0000] "POST /wp-cron.php?doing_wp_cron=1758238966.8885979652404785156250 HTTP/1.1" 200 0 "-" "WordPress/6.8.2; https://amr.smartonegroup.com"
65.21.208.232 - - [18/Sep/2025:23:42:46 +0000] "GET / HTTP/1.1" 200 12337 "-" "Python/3.11 aiohttp/3.9.2"
65.21.208.232 - - [18/Sep/2025:21:12:42 +0000] "POST /wp-cron.php?doing_wp_cron=1758229962.7490930557250976562500 HTTP/1.1" 200 0 "-" "WordPress/6.8.2; https://amr.smartonegroup.com"
45.130.203.156 - - [18/Sep/2025:21:26:30 +0000] "GET /.env HTTP/1.1" 404 55346 "-" "Python-urllib/3.10"
65.21.208.232 - - [19/Sep/2025:00:12:54 +0000] "GET / HTTP/1.1" 200 11660 "-" "Python/3.11 aiohttp/3.9.2"
65.21.208.232 - - [19/Sep/2025:00:42:51 +0000] "GET / HTTP/1.1" 200 8379 "-" "Python/3.11 aiohttp/3.9.2"
82.22.234.14 - - [19/Sep/2025:01:14:04 +0000] "GET /allsitemap.xml/sxallsitemap.xml HTTP/1.1" 404 14007 "-" "Mozilla/5.0(compatible;Googlebot/2.1;+http://www.google.com/bot.html)"
184.174.44.6 - - [19/Sep/2025:01:14:20 +0000] "GET /allsitemap.xml/1111/1111.html HTTP/1.1" 404 14007 "-" "Mozilla/5.0(compatible;Googlebot/2.1;+http://www.google.com/bot.html)"
65.21.208.232 - - [19/Sep/2025:01:30:19 +0000] "POST /wp-cron.php?doing_wp_cron=1758245419.7776949405670166015625 HTTP/1.1" 200 0 "-" "WordPress/6.8.2; https://amr.smartonegroup.com"
46.203.134.50 - - [19/Sep/2025:01:31:42 +0000] "GET / HTTP/1.1" 200 12337 "-" "Mozilla/5.0+(compatible;+Googlebot/2.1;++http://www.google.com/bot.html)"
65.21.208.232 - - [19/Sep/2025:01:42:49 +0000] "GET / HTTP/1.1" 200 11660 "-" "Python/3.11 aiohttp/3.9.2"
185.247.137.38 - - [19/Sep/2025:01:53:56 +0000] "GET / HTTP/1.1" 301 0 "-" "Mozilla/5.0 (compatible; InternetMeasurement/1.0; +https://internet-measurement.com/)"
185.247.137.38 - - [19/Sep/2025:01:53:57 +0000] "GET / HTTP/1.1" 200 12386 "http://www.amr.smartonegroup.com" "Mozilla/5.0 (compatible; InternetMeasurement/1.0; +https://internet-measurement.com/)"
159.65.219.252 - - [19/Sep/2025:01:53:58 +0000] "GET /favicon.ico HTTP/1.1" 404 1251 "-" "Mozilla/5.0 (compatible; InternetMeasurement/1.0; +https://internet-measurement.com/)"
101.44.81.255 - - [19/Sep/2025:01:57:12 +0000] "GET / HTTP/1.1" 200 10732 "http://amr.smartonegroup.com" "Mozilla/5.0 (Windows NT 10.0; Win64; x64) AppleWebKit/537.36 (KHTML, like Gecko) Chrome/90.0.4430.212 Safari/537.36"
101.44.81.255 - - [19/Sep/2025:01:57:18 +0000] "GET / HTTP/1.1" 200 10725 "http://amr.smartonegroup.com" "Mozilla/5.0+(compatible;+Googlebot/2.1;++http://www.google.com/bot.html)"
65.21.208.232 - - [19/Sep/2025:02:12:48 +0000] "GET / HTTP/1.1" 200 11660 "-" "Python/3.11 aiohttp/3.9.2"
35.219.105.201 - - [19/Sep/2025:02:53:22 +0000] "GET / HTTP/1.1" 200 10751 "http://amr.smartonegroup.com" "Mozilla/5.0 (Windows NT 10.0; Win64; x64) AppleWebKit/537.36 (KHTML, like Gecko) Chrome/90.0.4430.212 Safari/537.36"
35.219.105.201 - - [19/Sep/2025:02:53:23 +0000] "GET / HTTP/1.1" 200 10725 "http://amr.smartonegroup.com" "Mozilla/5.0+(compatible;+Googlebot/2.1;++http://www.google.com/bot.html)"
65.21.208.232 - - [19/Sep/2025:01:12:52 +0000] "POST /wp-cron.php?doing_wp_cron=1758244372.4102261066436767578125 HTTP/1.1" 200 0 "-" "WordPress/6.8.2; https://amr.smartonegroup.com"
65.21.208.232 - - [19/Sep/2025:01:12:51 +0000] "GET / HTTP/1.1" 200 12364 "-" "Python/3.11 aiohttp/3.9.2"
140.99.201.182 - - [19/Sep/2025:01:30:19 +0000] "GET / HTTP/1.1" 200 12386 "-" "Mozilla/5.0+(compatible;+Googlebot/2.1;++http://www.google.com/bot.html)"
140.99.201.182 - - [19/Sep/2025:01:30:21 +0000] "GET / HTTP/1.1" 200 12364 "-" "Mozilla/5.0 (Windows NT 10.0; Win64; x64) AppleWebKit/537.36 (KHTML, like Gecko) Chrome/132.0.0.0 Safari/537.36"
46.203.134.50 - - [19/Sep/2025:01:31:45 +0000] "GET / HTTP/1.1" 200 12364 "-" "Mozilla/5.0 (Windows NT 10.0; Win64; x64) AppleWebKit/537.36 (KHTML, like Gecko) Chrome/132.0.0.0 Safari/537.36"
87.236.176.170 - - [19/Sep/2025:01:53:58 +0000] "GET /favicon.ico HTTP/1.1" 404 1251 "-" "Mozilla/5.0 (compatible; InternetMeasurement/1.0; +https://internet-measurement.com/)"
65.21.208.232 - - [19/Sep/2025:02:12:48 +0000] "POST /wp-cron.php?doing_wp_cron=1758247968.8344469070434570312500 HTTP/1.1" 200 0 "-" "WordPress/6.8.2; https://amr.smartonegroup.com"
65.21.208.232 - - [19/Sep/2025:02:42:47 +0000] "GET / HTTP/1.1" 200 11660 "-" "Python/3.11 aiohttp/3.9.2"
35.219.105.201 - - [19/Sep/2025:02:57:53 +0000] "GET / HTTP/1.1" 200 10725 "http://amr.smartonegroup.com" "Mozilla/5.0 (Windows NT 10.0; Win64; x64) AppleWebKit/537.36 (KHTML, like Gecko) Chrome/90.0.4430.212 Safari/537.36"
35.219.105.201 - - [19/Sep/2025:02:57:54 +0000] "GET / HTTP/1.1" 200 10725 "http://amr.smartonegroup.com" "Mozilla/5.0+(compatible;+Googlebot/2.1;++http://www.google.com/bot.html)"
65.21.208.232 - - [19/Sep/2025:03:12:46 +0000] "GET / HTTP/1.1" 200 11660 "-" "Python/3.11 aiohttp/3.9.2"
165.227.173.41 - - [19/Sep/2025:03:20:33 +0000] "GET / HTTP/1.1" 200 50518 "-" "-"
165.227.173.41 - - [19/Sep/2025:03:20:34 +0000] "GET / HTTP/1.1" 200 50518 "-" "Mozilla/5.0 (Linux; Android 6.0; HTC One M9 Build/MRA952210) AppleWebKit/537.36 (KHTML, like Gecko) Chrome/52.0.1091.98 Mobile Safari/537.3"
165.227.173.41 - - [19/Sep/2025:03:20:35 +0000] "GET /about HTTP/1.1" 404 13979 "-" "Go-http-client/1.1"
165.227.173.41 - - [19/Sep/2025:03:20:35 +0000] "GET /debug/default/view?panel=config HTTP/1.1" 404 14007 "-" "Go-http-client/1.1"
165.227.173.41 - - [19/Sep/2025:03:20:35 +0000] "GET /v2/_catalog HTTP/1.1" 404 14007 "-" "Go-http-client/1.1"
165.227.173.41 - - [19/Sep/2025:03:20:36 +0000] "GET /ecp/Current/exporttool/microsoft.exchange.ediscovery.exporttool.application HTTP/1.1" 404 14007 "-" "Go-http-client/1.1"
165.227.173.41 - - [19/Sep/2025:03:20:37 +0000] "GET /.env HTTP/1.1" 404 13979 "-" "Go-http-client/1.1"
165.227.173.41 - - [19/Sep/2025:03:20:37 +0000] "GET /s/233323e2830323e21323e25363/_/;/META-INF/maven/com.atlassian.jira/jira-webapp-dist/pom.properties HTTP/1.1" 404 14007 "-" "Go-http-client/1.1"
165.227.173.41 - - [19/Sep/2025:03:20:37 +0000] "GET /telescope/requests HTTP/1.1" 404 14007 "-" "Go-http-client/1.1"
165.227.173.41 - - [19/Sep/2025:03:20:37 +0000] "GET /info.php HTTP/1.1" 404 13979 "-" "Go-http-client/1.1"
35.219.105.201 - - [19/Sep/2025:03:10:55 +0000] "GET / HTTP/1.1" 200 10725 "http://amr.smartonegroup.com" "Mozilla/5.0 (Windows NT 10.0; Win64; x64) AppleWebKit/537.36 (KHTML, like Gecko) Chrome/90.0.4430.212 Safari/537.36"
35.219.105.201 - - [19/Sep/2025:03:10:57 +0000] "GET / HTTP/1.1" 200 10725 "http://amr.smartonegroup.com" "Mozilla/5.0+(compatible;+Googlebot/2.1;++http://www.google.com/bot.html)"
165.227.173.41 - - [19/Sep/2025:03:20:34 +0000] "GET /@vite/env HTTP/1.1" 404 13979 "-" "Go-http-client/1.1"
165.227.173.41 - - [19/Sep/2025:03:20:35 +0000] "GET /actuator/env HTTP/1.1" 404 13953 "-" "Go-http-client/1.1"
165.227.173.41 - - [19/Sep/2025:03:20:35 +0000] "GET /server HTTP/1.1" 404 13979 "-" "Go-http-client/1.1"
165.227.173.41 - - [19/Sep/2025:03:20:35 +0000] "GET /.vscode/sftp.json HTTP/1.1" 404 14007 "-" "Go-http-client/1.1"
165.227.173.41 - - [19/Sep/2025:03:20:36 +0000] "GET /server-status HTTP/1.1" 404 13979 "-" "Go-http-client/1.1"
165.227.173.41 - - [19/Sep/2025:03:20:36 +0000] "GET /login.action HTTP/1.1" 404 13979 "-" "Go-http-client/1.1"
165.227.173.41 - - [19/Sep/2025:03:20:36 +0000] "GET /_all_dbs HTTP/1.1" 404 14007 "-" "Mozilla/5.0 (l9scan/2.0.233323e2830323e21323e25363; +https://leakix.net)"
165.227.173.41 - - [19/Sep/2025:03:20:36 +0000] "GET /.DS_Store HTTP/1.1" 404 14007 "-" "Go-http-client/1.1"
165.227.173.41 - - [19/Sep/2025:03:20:37 +0000] "GET /.git/config HTTP/1.1" 403 1242 "-" "Go-http-client/1.1"
165.227.173.41 - - [19/Sep/2025:03:20:37 +0000] "GET /config.json HTTP/1.1" 404 13979 "-" "Go-http-client/1.1"
165.227.173.41 - - [19/Sep/2025:03:20:37 +0000] "GET /?rest_route=/wp/v2/users/ HTTP/1.1" 200 322 "-" "Go-http-client/1.1"
147.182.206.145 - - [19/Sep/2025:03:21:27 +0000] "GET /wp-login.php HTTP/1.1" 302 0 "-" "Mozilla/5.0 (Windows NT 10.0; Win64; x64) AppleWebKit/537.36 (KHTML, like Gecko) Chrome/140.0.0.0 Safari/537.36"
65.21.208.232 - - [19/Sep/2025:03:42:46 +0000] "GET / HTTP/1.1" 200 12364 "-" "Python/3.11 aiohttp/3.9.2"
65.21.208.232 - - [19/Sep/2025:04:12:47 +0000] "GET / HTTP/1.1" 200 11660 "-" "Python/3.11 aiohttp/3.9.2"
65.21.208.232 - - [19/Sep/2025:04:42:47 +0000] "GET / HTTP/1.1" 200 11660 "-" "Python/3.11 aiohttp/3.9.2"
65.21.208.232 - - [19/Sep/2025:05:12:51 +0000] "POST /wp-cron.php?doing_wp_cron=1758258771.9388380050659179687500 HTTP/1.1" 200 0 "-" "WordPress/6.8.2; https://amr.smartonegroup.com"
65.21.208.232 - - [19/Sep/2025:05:12:51 +0000] "GET / HTTP/1.1" 200 12364 "-" "Python/3.11 aiohttp/3.9.2"
65.21.208.232 - - [19/Sep/2025:05:42:48 +0000] "GET / HTTP/1.1" 200 12337 "-" "Python/3.11 aiohttp/3.9.2"
65.21.208.232 - - [19/Sep/2025:06:12:57 +0000] "GET / HTTP/1.1" 200 11660 "-" "Python/3.11 aiohttp/3.9.2"
173.208.148.34 - - [19/Sep/2025:06:14:23 +0000] "GET /index.php?params=1 HTTP/1.1" 301 0 "-" "Mozilla/5.0 (Windows NT 10.0; Win64; x64) AppleWebKit/537.36 (KHTML, like Gecko) Chrome/91.0.4472.106 Safari/537.36"
173.208.148.34 - - [19/Sep/2025:06:14:23 +0000] "GET /?params=1 HTTP/1.1" 200 50518 "-" "Mozilla/5.0 (Windows NT 10.0; Win64; x64) AppleWebKit/537.36 (KHTML, like Gecko) Chrome/91.0.4472.106 Safari/537.36"
65.21.208.232 - - [19/Sep/2025:06:42:45 +0000] "GET / HTTP/1.1" 200 11660 "-" "Python/3.11 aiohttp/3.9.2"
65.21.208.232 - - [19/Sep/2025:07:12:48 +0000] "POST /wp-cron.php?doing_wp_cron=1758265968.4201679229736328125000 HTTP/1.1" 200 0 "-" "WordPress/6.8.2; https://amr.smartonegroup.com"
65.21.208.232 - - [19/Sep/2025:07:12:48 +0000] "GET / HTTP/1.1" 200 11660 "-" "Python/3.11 aiohttp/3.9.2"
185.220.238.68 - - [19/Sep/2025:07:22:46 +0000] "GET /wp-login.php HTTP/1.1" 302 0 "-" "Mozilla/5.0 (Windows NT 10.0; Win64; x64) AppleWebKit/537.36 (KHTML, like Gecko) Chrome/109.0.0.0 Safari/537.36"
65.21.208.232 - - [19/Sep/2025:07:42:46 +0000] "GET / HTTP/1.1" 200 11660 "-" "Python/3.11 aiohttp/3.9.2"