217.131.14.13 - - [18/Sep/2025:20:41:23 +0000] "POST /xmlrpc.php HTTP/1.1" 200 186 "http://www.teraz.store.smartonegroup.com" "Mozilla/5.0 (Windows NT 10.0; Win64; x64; rv:127.0) Gecko/20100101 Firefox/127.0"
65.21.208.232 - - [18/Sep/2025:20:42:34 +0000] "GET / HTTP/1.1" 200 1909 "-" "Python/3.11 aiohttp/3.9.2"
213.136.93.171 - - [18/Sep/2025:20:46:56 +0000] "POST /xmlrpc.php HTTP/1.1" 200 212 "http://www.teraz.store.smartonegroup.com" "Mozilla/5.0 (Windows NT 10.0; Win64; x64) AppleWebKit/537.36 (KHTML, like Gecko) Chrome/116.0.5845.96 Safari/537.36"
167.172.65.194 - - [18/Sep/2025:20:54:38 +0000] "GET / HTTP/1.1" 200 5153 "-" "Mozilla/5.0 (Windows NT 10.0; Win64; x64) AppleWebKit/537.36 (KHTML, like Gecko) Chrome/78.0.3904.108 Safari/537.36"
167.172.65.194 - - [18/Sep/2025:20:54:39 +0000] "GET /?author=1 HTTP/1.1" 301 0 "-" "Mozilla/5.0 (Windows NT 10.0; Win64; x64) AppleWebKit/537.36 (KHTML, like Gecko) Chrome/78.0.3904.108 Safari/537.36"
167.172.65.194 - - [18/Sep/2025:20:54:39 +0000] "GET /?author=2 HTTP/1.1" 404 5171 "-" "Mozilla/5.0 (Windows NT 10.0; Win64; x64) AppleWebKit/537.36 (KHTML, like Gecko) Chrome/78.0.3904.108 Safari/537.36"
167.172.65.194 - - [18/Sep/2025:20:54:40 +0000] "GET /wp-json/wp/v2/users/ HTTP/1.1" 404 1251 "-" "Mozilla/5.0 (Windows NT 10.0; Win64; x64) AppleWebKit/537.36 (KHTML, like Gecko) Chrome/78.0.3904.108 Safari/537.36"
167.172.65.194 - - [18/Sep/2025:20:54:40 +0000] "POST /xmlrpc.php HTTP/1.1" 200 401 "-" "Mozilla/5.0 (Windows NT 10.0; Win64; x64) AppleWebKit/537.36 (KHTML, like Gecko) Chrome/78.0.3904.108 Safari/537.36"
167.172.65.194 - - [18/Sep/2025:20:54:41 +0000] "POST /xmlrpc.php HTTP/1.1" 200 401 "-" "Mozilla/5.0 (Windows NT 10.0; Win64; x64) AppleWebKit/537.36 (KHTML, like Gecko) Chrome/78.0.3904.108 Safari/537.36"
167.172.65.194 - - [18/Sep/2025:20:54:41 +0000] "POST /xmlrpc.php HTTP/1.1" 200 401 "-" "Mozilla/5.0 (Windows NT 10.0; Win64; x64) AppleWebKit/537.36 (KHTML, like Gecko) Chrome/78.0.3904.108 Safari/537.36"
167.172.65.194 - - [18/Sep/2025:20:54:42 +0000] "POST /xmlrpc.php HTTP/1.1" 200 440 "-" "Mozilla/5.0 (Windows NT 10.0; Win64; x64) AppleWebKit/537.36 (KHTML, like Gecko) Chrome/78.0.3904.108 Safari/537.36"
167.172.65.194 - - [18/Sep/2025:20:54:42 +0000] "POST /xmlrpc.php HTTP/1.1" 200 440 "-" "Mozilla/5.0 (Windows NT 10.0; Win64; x64) AppleWebKit/537.36 (KHTML, like Gecko) Chrome/78.0.3904.108 Safari/537.36"
167.172.65.194 - - [18/Sep/2025:20:54:42 +0000] "POST /xmlrpc.php HTTP/1.1" 200 440 "-" "Mozilla/5.0 (Windows NT 10.0; Win64; x64) AppleWebKit/537.36 (KHTML, like Gecko) Chrome/78.0.3904.108 Safari/537.36"
167.172.65.194 - - [18/Sep/2025:20:54:44 +0000] "POST /xmlrpc.php HTTP/1.1" 200 440 "-" "Mozilla/5.0 (Windows NT 10.0; Win64; x64) AppleWebKit/537.36 (KHTML, like Gecko) Chrome/78.0.3904.108 Safari/537.36"
167.172.65.194 - - [18/Sep/2025:20:54:46 +0000] "POST /xmlrpc.php HTTP/1.1" 200 440 "-" "Mozilla/5.0 (Windows NT 10.0; Win64; x64) AppleWebKit/537.36 (KHTML, like Gecko) Chrome/78.0.3904.108 Safari/537.36"
167.172.65.194 - - [18/Sep/2025:20:54:49 +0000] "POST /xmlrpc.php HTTP/1.1" 200 440 "-" "Mozilla/5.0 (Windows NT 10.0; Win64; x64) AppleWebKit/537.36 (KHTML, like Gecko) Chrome/78.0.3904.108 Safari/537.36"
167.172.65.194 - - [18/Sep/2025:20:54:53 +0000] "POST /xmlrpc.php HTTP/1.1" 200 440 "-" "Mozilla/5.0 (Windows NT 10.0; Win64; x64) AppleWebKit/537.36 (KHTML, like Gecko) Chrome/78.0.3904.108 Safari/537.36"
167.172.65.194 - - [18/Sep/2025:20:54:58 +0000] "POST /xmlrpc.php HTTP/1.1" 200 440 "-" "Mozilla/5.0 (Windows NT 10.0; Win64; x64) AppleWebKit/537.36 (KHTML, like Gecko) Chrome/78.0.3904.108 Safari/537.36"
65.21.208.232 - - [18/Sep/2025:20:55:16 +0000] "POST /wp-cron.php?doing_wp_cron=1758228916.3261148929595947265625 HTTP/1.1" 200 0 "-" "WordPress/6.8.2; https://teraz.store"
167.172.65.194 - - [18/Sep/2025:20:55:03 +0000] "POST /xmlrpc.php HTTP/1.1" 200 440 "-" "Mozilla/5.0 (Windows NT 10.0; Win64; x64) AppleWebKit/537.36 (KHTML, like Gecko) Chrome/78.0.3904.108 Safari/537.36"
167.172.65.194 - - [18/Sep/2025:20:55:16 +0000] "POST /xmlrpc.php HTTP/1.1" 200 440 "-" "Mozilla/5.0 (Windows NT 10.0; Win64; x64) AppleWebKit/537.36 (KHTML, like Gecko) Chrome/78.0.3904.108 Safari/537.36"
167.172.65.194 - - [18/Sep/2025:20:55:31 +0000] "POST /xmlrpc.php HTTP/1.1" 200 440 "-" "Mozilla/5.0 (Windows NT 10.0; Win64; x64) AppleWebKit/537.36 (KHTML, like Gecko) Chrome/78.0.3904.108 Safari/537.36"
167.172.65.194 - - [18/Sep/2025:20:55:46 +0000] "POST /xmlrpc.php HTTP/1.1" 200 440 "-" "Mozilla/5.0 (Windows NT 10.0; Win64; x64) AppleWebKit/537.36 (KHTML, like Gecko) Chrome/78.0.3904.108 Safari/537.36"
167.172.65.194 - - [18/Sep/2025:20:56:01 +0000] "POST /xmlrpc.php HTTP/1.1" 200 440 "-" "Mozilla/5.0 (Windows NT 10.0; Win64; x64) AppleWebKit/537.36 (KHTML, like Gecko) Chrome/78.0.3904.108 Safari/537.36"
167.172.65.194 - - [18/Sep/2025:20:56:16 +0000] "POST /xmlrpc.php HTTP/1.1" 200 440 "-" "Mozilla/5.0 (Windows NT 10.0; Win64; x64) AppleWebKit/537.36 (KHTML, like Gecko) Chrome/78.0.3904.108 Safari/537.36"
167.172.65.194 - - [18/Sep/2025:20:56:31 +0000] "POST /xmlrpc.php HTTP/1.1" 200 440 "-" "Mozilla/5.0 (Windows NT 10.0; Win64; x64) AppleWebKit/537.36 (KHTML, like Gecko) Chrome/78.0.3904.108 Safari/537.36"
167.172.65.194 - - [18/Sep/2025:20:56:46 +0000] "POST /xmlrpc.php HTTP/1.1" 200 440 "-" "Mozilla/5.0 (Windows NT 10.0; Win64; x64) AppleWebKit/537.36 (KHTML, like Gecko) Chrome/78.0.3904.108 Safari/537.36"
167.172.65.194 - - [18/Sep/2025:20:57:01 +0000] "POST /xmlrpc.php HTTP/1.1" 200 440 "-" "Mozilla/5.0 (Windows NT 10.0; Win64; x64) AppleWebKit/537.36 (KHTML, like Gecko) Chrome/78.0.3904.108 Safari/537.36"
167.172.65.194 - - [18/Sep/2025:20:57:16 +0000] "POST /xmlrpc.php HTTP/1.1" 200 440 "-" "Mozilla/5.0 (Windows NT 10.0; Win64; x64) AppleWebKit/537.36 (KHTML, like Gecko) Chrome/78.0.3904.108 Safari/537.36"
167.172.65.194 - - [18/Sep/2025:20:57:31 +0000] "POST /xmlrpc.php HTTP/1.1" 200 440 "-" "Mozilla/5.0 (Windows NT 10.0; Win64; x64) AppleWebKit/537.36 (KHTML, like Gecko) Chrome/78.0.3904.108 Safari/537.36"
167.172.65.194 - - [18/Sep/2025:20:57:46 +0000] "POST /xmlrpc.php HTTP/1.1" 200 440 "-" "Mozilla/5.0 (Windows NT 10.0; Win64; x64) AppleWebKit/537.36 (KHTML, like Gecko) Chrome/78.0.3904.108 Safari/537.36"
167.172.65.194 - - [18/Sep/2025:20:58:01 +0000] "POST /xmlrpc.php HTTP/1.1" 200 440 "-" "Mozilla/5.0 (Windows NT 10.0; Win64; x64) AppleWebKit/537.36 (KHTML, like Gecko) Chrome/78.0.3904.108 Safari/537.36"
167.172.65.194 - - [18/Sep/2025:20:58:16 +0000] "POST /xmlrpc.php HTTP/1.1" 200 440 "-" "Mozilla/5.0 (Windows NT 10.0; Win64; x64) AppleWebKit/537.36 (KHTML, like Gecko) Chrome/78.0.3904.108 Safari/537.36"
167.172.65.194 - - [18/Sep/2025:20:58:31 +0000] "POST /xmlrpc.php HTTP/1.1" 200 440 "-" "Mozilla/5.0 (Windows NT 10.0; Win64; x64) AppleWebKit/537.36 (KHTML, like Gecko) Chrome/78.0.3904.108 Safari/537.36"
167.172.65.194 - - [18/Sep/2025:20:58:46 +0000] "POST /xmlrpc.php HTTP/1.1" 200 440 "-" "Mozilla/5.0 (Windows NT 10.0; Win64; x64) AppleWebKit/537.36 (KHTML, like Gecko) Chrome/78.0.3904.108 Safari/537.36"
65.21.208.232 - - [18/Sep/2025:20:59:16 +0000] "POST /wp-cron.php?doing_wp_cron=1758229156.2494220733642578125000 HTTP/1.1" 200 0 "-" "WordPress/6.8.2; https://teraz.store"
167.172.65.194 - - [18/Sep/2025:20:59:01 +0000] "POST /xmlrpc.php HTTP/1.1" 200 440 "-" "Mozilla/5.0 (Windows NT 10.0; Win64; x64) AppleWebKit/537.36 (KHTML, like Gecko) Chrome/78.0.3904.108 Safari/537.36"
167.172.65.194 - - [18/Sep/2025:20:59:16 +0000] "POST /xmlrpc.php HTTP/1.1" 200 440 "-" "Mozilla/5.0 (Windows NT 10.0; Win64; x64) AppleWebKit/537.36 (KHTML, like Gecko) Chrome/78.0.3904.108 Safari/537.36"
167.172.65.194 - - [18/Sep/2025:20:59:31 +0000] "POST /xmlrpc.php HTTP/1.1" 200 440 "-" "Mozilla/5.0 (Windows NT 10.0; Win64; x64) AppleWebKit/537.36 (KHTML, like Gecko) Chrome/78.0.3904.108 Safari/537.36"
167.172.65.194 - - [18/Sep/2025:20:59:46 +0000] "POST /xmlrpc.php HTTP/1.1" 200 440 "-" "Mozilla/5.0 (Windows NT 10.0; Win64; x64) AppleWebKit/537.36 (KHTML, like Gecko) Chrome/78.0.3904.108 Safari/537.36"
167.172.65.194 - - [18/Sep/2025:21:00:01 +0000] "POST /xmlrpc.php HTTP/1.1" 200 440 "-" "Mozilla/5.0 (Windows NT 10.0; Win64; x64) AppleWebKit/537.36 (KHTML, like Gecko) Chrome/78.0.3904.108 Safari/537.36"
167.172.65.194 - - [18/Sep/2025:21:00:16 +0000] "POST /xmlrpc.php HTTP/1.1" 200 440 "-" "Mozilla/5.0 (Windows NT 10.0; Win64; x64) AppleWebKit/537.36 (KHTML, like Gecko) Chrome/78.0.3904.108 Safari/537.36"
167.172.65.194 - - [18/Sep/2025:21:00:31 +0000] "POST /xmlrpc.php HTTP/1.1" 200 440 "-" "Mozilla/5.0 (Windows NT 10.0; Win64; x64) AppleWebKit/537.36 (KHTML, like Gecko) Chrome/78.0.3904.108 Safari/537.36"
167.172.65.194 - - [18/Sep/2025:21:00:46 +0000] "POST /xmlrpc.php HTTP/1.1" 200 440 "-" "Mozilla/5.0 (Windows NT 10.0; Win64; x64) AppleWebKit/537.36 (KHTML, like Gecko) Chrome/78.0.3904.108 Safari/537.36"
167.172.65.194 - - [18/Sep/2025:21:01:01 +0000] "POST /xmlrpc.php HTTP/1.1" 200 440 "-" "Mozilla/5.0 (Windows NT 10.0; Win64; x64) AppleWebKit/537.36 (KHTML, like Gecko) Chrome/78.0.3904.108 Safari/537.36"
167.172.65.194 - - [18/Sep/2025:21:01:16 +0000] "POST /xmlrpc.php HTTP/1.1" 200 440 "-" "Mozilla/5.0 (Windows NT 10.0; Win64; x64) AppleWebKit/537.36 (KHTML, like Gecko) Chrome/78.0.3904.108 Safari/537.36"
167.172.65.194 - - [18/Sep/2025:21:01:31 +0000] "POST /xmlrpc.php HTTP/1.1" 200 440 "-" "Mozilla/5.0 (Windows NT 10.0; Win64; x64) AppleWebKit/537.36 (KHTML, like Gecko) Chrome/78.0.3904.108 Safari/537.36"
167.172.65.194 - - [18/Sep/2025:21:01:46 +0000] "POST /xmlrpc.php HTTP/1.1" 200 440 "-" "Mozilla/5.0 (Windows NT 10.0; Win64; x64) AppleWebKit/537.36 (KHTML, like Gecko) Chrome/78.0.3904.108 Safari/537.36"
167.172.65.194 - - [18/Sep/2025:21:02:01 +0000] "POST /xmlrpc.php HTTP/1.1" 200 440 "-" "Mozilla/5.0 (Windows NT 10.0; Win64; x64) AppleWebKit/537.36 (KHTML, like Gecko) Chrome/78.0.3904.108 Safari/537.36"
167.172.65.194 - - [18/Sep/2025:21:02:16 +0000] "POST /xmlrpc.php HTTP/1.1" 200 440 "-" "Mozilla/5.0 (Windows NT 10.0; Win64; x64) AppleWebKit/537.36 (KHTML, like Gecko) Chrome/78.0.3904.108 Safari/537.36"
167.172.65.194 - - [18/Sep/2025:21:02:31 +0000] "POST /xmlrpc.php HTTP/1.1" 200 440 "-" "Mozilla/5.0 (Windows NT 10.0; Win64; x64) AppleWebKit/537.36 (KHTML, like Gecko) Chrome/78.0.3904.108 Safari/537.36"
167.172.65.194 - - [18/Sep/2025:21:02:46 +0000] "POST /xmlrpc.php HTTP/1.1" 200 440 "-" "Mozilla/5.0 (Windows NT 10.0; Win64; x64) AppleWebKit/537.36 (KHTML, like Gecko) Chrome/78.0.3904.108 Safari/537.36"
65.21.208.232 - - [18/Sep/2025:21:03:16 +0000] "POST /wp-cron.php?doing_wp_cron=1758229396.2390220165252685546875 HTTP/1.1" 200 0 "-" "WordPress/6.8.2; https://teraz.store"
167.172.65.194 - - [18/Sep/2025:21:03:01 +0000] "POST /xmlrpc.php HTTP/1.1" 200 440 "-" "Mozilla/5.0 (Windows NT 10.0; Win64; x64) AppleWebKit/537.36 (KHTML, like Gecko) Chrome/78.0.3904.108 Safari/537.36"
167.172.65.194 - - [18/Sep/2025:21:03:16 +0000] "POST /xmlrpc.php HTTP/1.1" 200 440 "-" "Mozilla/5.0 (Windows NT 10.0; Win64; x64) AppleWebKit/537.36 (KHTML, like Gecko) Chrome/78.0.3904.108 Safari/537.36"
167.172.65.194 - - [18/Sep/2025:21:03:31 +0000] "POST /xmlrpc.php HTTP/1.1" 200 440 "-" "Mozilla/5.0 (Windows NT 10.0; Win64; x64) AppleWebKit/537.36 (KHTML, like Gecko) Chrome/78.0.3904.108 Safari/537.36"
167.172.65.194 - - [18/Sep/2025:21:03:46 +0000] "POST /xmlrpc.php HTTP/1.1" 200 440 "-" "Mozilla/5.0 (Windows NT 10.0; Win64; x64) AppleWebKit/537.36 (KHTML, like Gecko) Chrome/78.0.3904.108 Safari/537.36"
167.172.65.194 - - [18/Sep/2025:21:04:01 +0000] "POST /xmlrpc.php HTTP/1.1" 200 440 "-" "Mozilla/5.0 (Windows NT 10.0; Win64; x64) AppleWebKit/537.36 (KHTML, like Gecko) Chrome/78.0.3904.108 Safari/537.36"
167.172.65.194 - - [18/Sep/2025:21:04:16 +0000] "POST /xmlrpc.php HTTP/1.1" 200 440 "-" "Mozilla/5.0 (Windows NT 10.0; Win64; x64) AppleWebKit/537.36 (KHTML, like Gecko) Chrome/78.0.3904.108 Safari/537.36"
167.172.65.194 - - [18/Sep/2025:21:04:31 +0000] "POST /xmlrpc.php HTTP/1.1" 200 440 "-" "Mozilla/5.0 (Windows NT 10.0; Win64; x64) AppleWebKit/537.36 (KHTML, like Gecko) Chrome/78.0.3904.108 Safari/537.36"
167.172.65.194 - - [18/Sep/2025:21:04:46 +0000] "POST /xmlrpc.php HTTP/1.1" 200 440 "-" "Mozilla/5.0 (Windows NT 10.0; Win64; x64) AppleWebKit/537.36 (KHTML, like Gecko) Chrome/78.0.3904.108 Safari/537.36"
65.21.208.232 - - [18/Sep/2025:21:05:16 +0000] "POST /wp-cron.php?doing_wp_cron=1758229516.2666909694671630859375 HTTP/1.1" 200 0 "-" "WordPress/6.8.2; https://teraz.store"
167.172.65.194 - - [18/Sep/2025:21:05:01 +0000] "POST /xmlrpc.php HTTP/1.1" 200 440 "-" "Mozilla/5.0 (Windows NT 10.0; Win64; x64) AppleWebKit/537.36 (KHTML, like Gecko) Chrome/78.0.3904.108 Safari/537.36"
167.172.65.194 - - [18/Sep/2025:21:05:16 +0000] "POST /xmlrpc.php HTTP/1.1" 200 440 "-" "Mozilla/5.0 (Windows NT 10.0; Win64; x64) AppleWebKit/537.36 (KHTML, like Gecko) Chrome/78.0.3904.108 Safari/537.36"
167.172.65.194 - - [18/Sep/2025:21:05:31 +0000] "POST /xmlrpc.php HTTP/1.1" 200 439 "-" "Mozilla/5.0 (Windows NT 10.0; Win64; x64) AppleWebKit/537.36 (KHTML, like Gecko) Chrome/78.0.3904.108 Safari/537.36"
167.172.65.194 - - [18/Sep/2025:21:05:46 +0000] "POST /xmlrpc.php HTTP/1.1" 200 439 "-" "Mozilla/5.0 (Windows NT 10.0; Win64; x64) AppleWebKit/537.36 (KHTML, like Gecko) Chrome/78.0.3904.108 Safari/537.36"
65.21.208.232 - - [18/Sep/2025:21:06:16 +0000] "POST /wp-cron.php?doing_wp_cron=1758229576.1519858837127685546875 HTTP/1.1" 200 0 "-" "WordPress/6.8.2; https://teraz.store"
167.172.65.194 - - [18/Sep/2025:21:06:01 +0000] "POST /xmlrpc.php HTTP/1.1" 200 439 "-" "Mozilla/5.0 (Windows NT 10.0; Win64; x64) AppleWebKit/537.36 (KHTML, like Gecko) Chrome/78.0.3904.108 Safari/537.36"
167.172.65.194 - - [18/Sep/2025:21:06:16 +0000] "POST /xmlrpc.php HTTP/1.1" 200 439 "-" "Mozilla/5.0 (Windows NT 10.0; Win64; x64) AppleWebKit/537.36 (KHTML, like Gecko) Chrome/78.0.3904.108 Safari/537.36"
167.172.65.194 - - [18/Sep/2025:21:06:31 +0000] "POST /xmlrpc.php HTTP/1.1" 200 439 "-" "Mozilla/5.0 (Windows NT 10.0; Win64; x64) AppleWebKit/537.36 (KHTML, like Gecko) Chrome/78.0.3904.108 Safari/537.36"
167.172.65.194 - - [18/Sep/2025:21:06:46 +0000] "POST /xmlrpc.php HTTP/1.1" 200 439 "-" "Mozilla/5.0 (Windows NT 10.0; Win64; x64) AppleWebKit/537.36 (KHTML, like Gecko) Chrome/78.0.3904.108 Safari/537.36"
167.172.65.194 - - [18/Sep/2025:21:07:01 +0000] "POST /xmlrpc.php HTTP/1.1" 200 439 "-" "Mozilla/5.0 (Windows NT 10.0; Win64; x64) AppleWebKit/537.36 (KHTML, like Gecko) Chrome/78.0.3904.108 Safari/537.36"
167.172.65.194 - - [18/Sep/2025:21:07:16 +0000] "POST /xmlrpc.php HTTP/1.1" 200 439 "-" "Mozilla/5.0 (Windows NT 10.0; Win64; x64) AppleWebKit/537.36 (KHTML, like Gecko) Chrome/78.0.3904.108 Safari/537.36"
167.172.65.194 - - [18/Sep/2025:21:07:31 +0000] "POST /xmlrpc.php HTTP/1.1" 200 439 "-" "Mozilla/5.0 (Windows NT 10.0; Win64; x64) AppleWebKit/537.36 (KHTML, like Gecko) Chrome/78.0.3904.108 Safari/537.36"
167.172.65.194 - - [18/Sep/2025:21:07:46 +0000] "POST /xmlrpc.php HTTP/1.1" 200 439 "-" "Mozilla/5.0 (Windows NT 10.0; Win64; x64) AppleWebKit/537.36 (KHTML, like Gecko) Chrome/78.0.3904.108 Safari/537.36"
167.172.65.194 - - [18/Sep/2025:21:08:01 +0000] "POST /xmlrpc.php HTTP/1.1" 200 439 "-" "Mozilla/5.0 (Windows NT 10.0; Win64; x64) AppleWebKit/537.36 (KHTML, like Gecko) Chrome/78.0.3904.108 Safari/537.36"
167.172.65.194 - - [18/Sep/2025:21:08:16 +0000] "POST /xmlrpc.php HTTP/1.1" 200 439 "-" "Mozilla/5.0 (Windows NT 10.0; Win64; x64) AppleWebKit/537.36 (KHTML, like Gecko) Chrome/78.0.3904.108 Safari/537.36"
167.172.65.194 - - [18/Sep/2025:21:08:31 +0000] "POST /xmlrpc.php HTTP/1.1" 200 439 "-" "Mozilla/5.0 (Windows NT 10.0; Win64; x64) AppleWebKit/537.36 (KHTML, like Gecko) Chrome/78.0.3904.108 Safari/537.36"
167.172.65.194 - - [18/Sep/2025:21:08:46 +0000] "POST /xmlrpc.php HTTP/1.1" 200 439 "-" "Mozilla/5.0 (Windows NT 10.0; Win64; x64) AppleWebKit/537.36 (KHTML, like Gecko) Chrome/78.0.3904.108 Safari/537.36"
167.172.65.194 - - [18/Sep/2025:21:09:01 +0000] "POST /xmlrpc.php HTTP/1.1" 200 439 "-" "Mozilla/5.0 (Windows NT 10.0; Win64; x64) AppleWebKit/537.36 (KHTML, like Gecko) Chrome/78.0.3904.108 Safari/537.36"
167.172.65.194 - - [18/Sep/2025:21:09:16 +0000] "POST /xmlrpc.php HTTP/1.1" 200 439 "-" "Mozilla/5.0 (Windows NT 10.0; Win64; x64) AppleWebKit/537.36 (KHTML, like Gecko) Chrome/78.0.3904.108 Safari/537.36"
167.172.65.194 - - [18/Sep/2025:21:09:31 +0000] "POST /xmlrpc.php HTTP/1.1" 200 439 "-" "Mozilla/5.0 (Windows NT 10.0; Win64; x64) AppleWebKit/537.36 (KHTML, like Gecko) Chrome/78.0.3904.108 Safari/537.36"
167.172.65.194 - - [18/Sep/2025:21:09:46 +0000] "POST /xmlrpc.php HTTP/1.1" 200 439 "-" "Mozilla/5.0 (Windows NT 10.0; Win64; x64) AppleWebKit/537.36 (KHTML, like Gecko) Chrome/78.0.3904.108 Safari/537.36"
167.172.65.194 - - [18/Sep/2025:21:10:01 +0000] "POST /xmlrpc.php HTTP/1.1" 200 439 "-" "Mozilla/5.0 (Windows NT 10.0; Win64; x64) AppleWebKit/537.36 (KHTML, like Gecko) Chrome/78.0.3904.108 Safari/537.36"
167.172.65.194 - - [18/Sep/2025:21:10:16 +0000] "POST /xmlrpc.php HTTP/1.1" 200 439 "-" "Mozilla/5.0 (Windows NT 10.0; Win64; x64) AppleWebKit/537.36 (KHTML, like Gecko) Chrome/78.0.3904.108 Safari/537.36"
167.172.65.194 - - [18/Sep/2025:21:10:31 +0000] "POST /xmlrpc.php HTTP/1.1" 200 439 "-" "Mozilla/5.0 (Windows NT 10.0; Win64; x64) AppleWebKit/537.36 (KHTML, like Gecko) Chrome/78.0.3904.108 Safari/537.36"
167.172.65.194 - - [18/Sep/2025:21:10:46 +0000] "POST /xmlrpc.php HTTP/1.1" 200 439 "-" "Mozilla/5.0 (Windows NT 10.0; Win64; x64) AppleWebKit/537.36 (KHTML, like Gecko) Chrome/78.0.3904.108 Safari/537.36"
167.172.65.194 - - [18/Sep/2025:21:11:01 +0000] "POST /xmlrpc.php HTTP/1.1" 200 439 "-" "Mozilla/5.0 (Windows NT 10.0; Win64; x64) AppleWebKit/537.36 (KHTML, like Gecko) Chrome/78.0.3904.108 Safari/537.36"
167.172.65.194 - - [18/Sep/2025:21:11:16 +0000] "POST /xmlrpc.php HTTP/1.1" 200 439 "-" "Mozilla/5.0 (Windows NT 10.0; Win64; x64) AppleWebKit/537.36 (KHTML, like Gecko) Chrome/78.0.3904.108 Safari/537.36"
167.172.65.194 - - [18/Sep/2025:21:11:31 +0000] "POST /xmlrpc.php HTTP/1.1" 200 439 "-" "Mozilla/5.0 (Windows NT 10.0; Win64; x64) AppleWebKit/537.36 (KHTML, like Gecko) Chrome/78.0.3904.108 Safari/537.36"
65.21.208.232 - - [18/Sep/2025:19:58:37 +0000] "POST /wp-cron.php?doing_wp_cron=1758225517.2051150798797607421875 HTTP/1.1" 200 0 "-" "WordPress/6.8.2; https://teraz.store"
65.21.208.232 - - [18/Sep/2025:20:04:12 +0000] "POST /wp-cron.php?doing_wp_cron=1758225852.8004949092864990234375 HTTP/1.1" 200 0 "-" "WordPress/6.8.2; https://teraz.store"
65.21.208.232 - - [18/Sep/2025:20:12:14 +0000] "GET / HTTP/1.1" 200 1909 "-" "Python/3.11 aiohttp/3.9.2"
65.21.208.232 - - [18/Sep/2025:20:41:24 +0000] "POST /wp-cron.php?doing_wp_cron=1758228084.5796470642089843750000 HTTP/1.1" 200 0 "-" "WordPress/6.8.2; https://teraz.store"
65.21.208.232 - - [18/Sep/2025:20:42:13 +0000] "POST /wp-cron.php?doing_wp_cron=1758228133.3776309490203857421875 HTTP/1.1" 200 0 "-" "WordPress/6.8.2; https://teraz.store"
65.21.208.232 - - [18/Sep/2025:20:42:13 +0000] "GET / HTTP/1.1" 200 1909 "-" "Python/3.11 aiohttp/3.9.2"
65.21.208.232 - - [18/Sep/2025:20:46:56 +0000] "POST /wp-cron.php?doing_wp_cron=1758228416.2576429843902587890625 HTTP/1.1" 200 0 "-" "WordPress/6.8.2; https://teraz.store"
65.21.208.232 - - [18/Sep/2025:20:54:39 +0000] "POST /wp-cron.php?doing_wp_cron=1758228879.2448649406433105468750 HTTP/1.1" 200 0 "-" "WordPress/6.8.2; https://teraz.store"
65.21.208.232 - - [18/Sep/2025:20:56:16 +0000] "POST /wp-cron.php?doing_wp_cron=1758228976.2558441162109375000000 HTTP/1.1" 200 0 "-" "WordPress/6.8.2; https://teraz.store"
65.21.208.232 - - [18/Sep/2025:20:56:46 +0000] "POST /wp-cron.php?doing_wp_cron=1758229006.2383520603179931640625 HTTP/1.1" 200 0 "-" "WordPress/6.8.2; https://teraz.store"
65.21.208.232 - - [18/Sep/2025:20:57:16 +0000] "POST /wp-cron.php?doing_wp_cron=1758229036.2149701118469238281250 HTTP/1.1" 200 0 "-" "WordPress/6.8.2; https://teraz.store"
45.237.87.70 - - [18/Sep/2025:20:57:41 +0000] "POST /xmlrpc.php HTTP/1.1" 200 186 "http://www.teraz.store.smartonegroup.com" "Mozilla/5.0 (Macintosh; Intel Mac OS X 10_15_7) AppleWebKit/537.36 (KHTML, like Gecko) Chrome/112.0.5615.138 Safari/537.36"
65.21.208.232 - - [18/Sep/2025:20:58:16 +0000] "POST /wp-cron.php?doing_wp_cron=1758229096.1896340847015380859375 HTTP/1.1" 200 0 "-" "WordPress/6.8.2; https://teraz.store"
65.21.208.232 - - [18/Sep/2025:21:00:16 +0000] "POST /wp-cron.php?doing_wp_cron=1758229216.2132499217987060546875 HTTP/1.1" 200 0 "-" "WordPress/6.8.2; https://teraz.store"
65.21.208.232 - - [18/Sep/2025:21:01:16 +0000] "POST /wp-cron.php?doing_wp_cron=1758229276.2110919952392578125000 HTTP/1.1" 200 0 "-" "WordPress/6.8.2; https://teraz.store"
65.21.208.232 - - [18/Sep/2025:21:01:46 +0000] "POST /wp-cron.php?doing_wp_cron=1758229306.1790959835052490234375 HTTP/1.1" 200 0 "-" "WordPress/6.8.2; https://teraz.store"
65.21.208.232 - - [18/Sep/2025:21:02:16 +0000] "POST /wp-cron.php?doing_wp_cron=1758229336.2005100250244140625000 HTTP/1.1" 200 0 "-" "WordPress/6.8.2; https://teraz.store"
65.21.208.232 - - [18/Sep/2025:21:04:16 +0000] "POST /wp-cron.php?doing_wp_cron=1758229456.1685729026794433593750 HTTP/1.1" 200 0 "-" "WordPress/6.8.2; https://teraz.store"
65.21.208.232 - - [18/Sep/2025:21:06:46 +0000] "POST /wp-cron.php?doing_wp_cron=1758229606.2105169296264648437500 HTTP/1.1" 200 0 "-" "WordPress/6.8.2; https://teraz.store"
65.21.208.232 - - [18/Sep/2025:21:08:16 +0000] "POST /wp-cron.php?doing_wp_cron=1758229696.2821950912475585937500 HTTP/1.1" 200 0 "-" "WordPress/6.8.2; https://teraz.store"
65.21.208.232 - - [18/Sep/2025:21:09:16 +0000] "POST /wp-cron.php?doing_wp_cron=1758229756.2806229591369628906250 HTTP/1.1" 200 0 "-" "WordPress/6.8.2; https://teraz.store"
65.21.208.232 - - [18/Sep/2025:21:12:14 +0000] "POST /wp-cron.php?doing_wp_cron=1758229934.1068201065063476562500 HTTP/1.1" 200 0 "-" "WordPress/6.8.2; https://teraz.store"
65.21.208.232 - - [18/Sep/2025:21:12:39 +0000] "GET / HTTP/1.1" 200 1909 "-" "Python/3.11 aiohttp/3.9.2"
65.21.208.232 - - [18/Sep/2025:21:13:28 +0000] "POST /wp-cron.php?doing_wp_cron=1758230008.5662140846252441406250 HTTP/1.1" 200 0 "-" "WordPress/6.8.2; https://teraz.store"
167.172.253.253 - - [18/Sep/2025:21:13:28 +0000] "POST /xmlrpc.php HTTP/1.1" 200 212 "http://www.teraz.store.smartonegroup.com" "Mozilla/5.0 (Macintosh; Intel Mac OS X 13_3) AppleWebKit/537.36 (KHTML, like Gecko) Chrome/126.0.0.0 Safari/537.36"
65.21.208.232 - - [18/Sep/2025:21:42:15 +0000] "POST /wp-cron.php?doing_wp_cron=1758231735.9341158866882324218750 HTTP/1.1" 200 0 "-" "WordPress/6.8.2; https://teraz.store"
65.21.208.232 - - [18/Sep/2025:21:42:39 +0000] "POST /wp-cron.php?doing_wp_cron=1758231759.0302479267120361328125 HTTP/1.1" 200 0 "-" "WordPress/6.8.2; https://teraz.store"
65.21.208.232 - - [18/Sep/2025:21:42:38 +0000] "GET / HTTP/1.1" 200 1909 "-" "Python/3.11 aiohttp/3.9.2"
122.51.104.231 - - [18/Sep/2025:21:44:28 +0000] "GET / HTTP/1.1" 301 0 "-" "Mozilla/5.0 (iPhone; CPU iPhone OS 13_2_3 like Mac OS X) AppleWebKit/605.1.15 (KHTML, like Gecko) Version/13.0.3 Mobile/15E148 Safari/604.1"
65.21.208.232 - - [18/Sep/2025:22:42:17 +0000] "POST /wp-cron.php?doing_wp_cron=1758235337.6173360347747802734375 HTTP/1.1" 200 0 "-" "WordPress/6.8.2; https://teraz.store"
65.21.208.232 - - [18/Sep/2025:22:42:16 +0000] "GET / HTTP/1.1" 200 1909 "-" "Python/3.11 aiohttp/3.9.2"
65.21.208.232 - - [18/Sep/2025:22:42:40 +0000] "POST /wp-cron.php?doing_wp_cron=1758235360.9117829799652099609375 HTTP/1.1" 200 0 "-" "WordPress/6.8.2; https://teraz.store"
65.21.208.232 - - [18/Sep/2025:22:42:40 +0000] "GET / HTTP/1.1" 200 1909 "-" "Python/3.11 aiohttp/3.9.2"
2a06:98c0:3600::103 - - [18/Sep/2025:22:53:22 +0000] "GET /wp-admin/setup-config.php HTTP/1.1" 409 1222 "-" "Mozilla/5.0 (Windows NT 10.0; Win64; x64) AppleWebKit/537.36 (KHTML, like Gecko) Chrome/140.0.0.0 Safari/537.36"
65.21.208.232 - - [18/Sep/2025:23:12:15 +0000] "GET / HTTP/1.1" 200 1909 "-" "Python/3.11 aiohttp/3.9.2"
65.21.208.232 - - [18/Sep/2025:23:42:42 +0000] "GET / HTTP/1.1" 200 1909 "-" "Python/3.11 aiohttp/3.9.2"
81.17.20.98 - - [18/Sep/2025:23:42:59 +0000] "GET //teraz.store/wp-content/plugins/maintenance/load/js/jquery.frontend.js HTTP/1.1" 404 1251 "-" "Opera/7.50 (Windows XP; U)"
65.21.208.232 - - [18/Sep/2025:21:07:16 +0000] "POST /wp-cron.php?doing_wp_cron=1758229636.2353041172027587890625 HTTP/1.1" 200 0 "-" "WordPress/6.8.2; https://teraz.store"
147.182.171.230 - - [18/Sep/2025:21:08:19 +0000] "POST /xmlrpc.php HTTP/1.1" 200 186 "http://www.teraz.store.smartonegroup.com" "Mozilla/5.0 (Macintosh; Intel Mac OS X 13_3) AppleWebKit/537.36 (KHTML, like Gecko) Chrome/126.0.0.0 Safari/537.36 Edg/126.0.0.0"
65.21.208.232 - - [18/Sep/2025:21:11:16 +0000] "POST /wp-cron.php?doing_wp_cron=1758229876.2764039039611816406250 HTTP/1.1" 200 0 "-" "WordPress/6.8.2; https://teraz.store"
65.21.208.232 - - [18/Sep/2025:21:11:46 +0000] "POST /wp-cron.php?doing_wp_cron=1758229906.1871368885040283203125 HTTP/1.1" 200 0 "-" "WordPress/6.8.2; https://teraz.store"
65.21.208.232 - - [18/Sep/2025:21:12:13 +0000] "GET / HTTP/1.1" 200 1909 "-" "Python/3.11 aiohttp/3.9.2"
104.236.74.180 - - [18/Sep/2025:21:18:36 +0000] "POST /xmlrpc.php HTTP/1.1" 200 186 "http://www.teraz.store.smartonegroup.com" "Mozilla/5.0 (Windows NT 10.0; Win64; x64) AppleWebKit/537.36 (KHTML, like Gecko) Chrome/116.0.5845.96 Safari/537.36 Edg/116.0.1938.62"
65.21.208.232 - - [18/Sep/2025:21:42:15 +0000] "GET / HTTP/1.1" 200 1909 "-" "Python/3.11 aiohttp/3.9.2"
65.21.208.232 - - [18/Sep/2025:21:44:28 +0000] "POST /wp-cron.php?doing_wp_cron=1758231868.2780089378356933593750 HTTP/1.1" 200 0 "-" "WordPress/6.8.2; https://teraz.store"
122.51.104.231 - - [18/Sep/2025:21:44:35 +0000] "GET / HTTP/1.1" 200 1909 "http://www.teraz.store" "Mozilla/5.0 (iPhone; CPU iPhone OS 13_2_3 like Mac OS X) AppleWebKit/605.1.15 (KHTML, like Gecko) Version/13.0.3 Mobile/15E148 Safari/604.1"
65.21.208.232 - - [18/Sep/2025:22:12:15 +0000] "POST /wp-cron.php?doing_wp_cron=1758233535.7742679119110107421875 HTTP/1.1" 200 0 "-" "WordPress/6.8.2; https://teraz.store"
65.21.208.232 - - [18/Sep/2025:22:12:15 +0000] "GET / HTTP/1.1" 200 1909 "-" "Python/3.11 aiohttp/3.9.2"
65.21.208.232 - - [18/Sep/2025:22:12:38 +0000] "GET / HTTP/1.1" 200 1909 "-" "Python/3.11 aiohttp/3.9.2"
2a06:98c0:3600::103 - - [18/Sep/2025:22:50:35 +0000] "GET /wordpress/wp-admin/setup-config.php HTTP/1.1" 404 1251 "-" "Mozilla/5.0 (Windows NT 10.0; Win64; x64) AppleWebKit/537.36 (KHTML, like Gecko) Chrome/140.0.0.0 Safari/537.36"
65.21.208.232 - - [18/Sep/2025:23:12:15 +0000] "POST /wp-cron.php?doing_wp_cron=1758237135.9913289546966552734375 HTTP/1.1" 200 0 "-" "WordPress/6.8.2; https://teraz.store"
65.21.208.232 - - [18/Sep/2025:23:12:39 +0000] "GET / HTTP/1.1" 200 1909 "-" "Python/3.11 aiohttp/3.9.2"
65.21.208.232 - - [18/Sep/2025:23:42:16 +0000] "POST /wp-cron.php?doing_wp_cron=1758238936.3493349552154541015625 HTTP/1.1" 200 0 "-" "WordPress/6.8.2; https://teraz.store"
65.21.208.232 - - [18/Sep/2025:23:42:16 +0000] "GET / HTTP/1.1" 200 1909 "-" "Python/3.11 aiohttp/3.9.2"
65.21.208.232 - - [18/Sep/2025:23:42:42 +0000] "POST /wp-cron.php?doing_wp_cron=1758238962.9557619094848632812500 HTTP/1.1" 200 0 "-" "WordPress/6.8.2; https://teraz.store"
81.17.20.98 - - [18/Sep/2025:23:42:59 +0000] "GET //teraz.store/wp-content/plugins/maintenance/load/js/jquery.backstretch.min.js HTTP/1.1" 404 1251 "-" "Mozilla/5.0 (Linux; Android 7.1.1; CPH1725 Build/N6F26Q; wv) AppleWebKit/537.36 (KHTML, like Gecko) Version/4.0 Chrome/101.0.4951.61 Mobile Safari/537.36 [FB_IAB/Orca-Android;FBAV/360.0.0.10.113;]"
81.17.20.98 - - [18/Sep/2025:23:42:59 +0000] "GET //teraz.store/wp-includes/js/jquery/jquery-migrate.min.js HTTP/1.1" 404 1251 "-" "Mozilla/5.0 (Windows NT 6.3; WOW64) AppleWebKit/537.36 (KHTML, like Gecko) Chrome/86.0.4240.75 Safari/537.36"
81.17.20.98 - - [18/Sep/2025:23:42:59 +0000] "GET //teraz.store/wp-includes/js/jquery/jquery.min.js HTTP/1.1" 404 1251 "-" "Mozilla/5.0 (Linux; Android 12; SAMSUNG SM-G990E) AppleWebKit/537.36 (KHTML, like Gecko) SamsungBrowser/17.0 Chrome/96.0.4664.104 Mobile Safari/537.36"
65.21.208.232 - - [19/Sep/2025:00:12:49 +0000] "GET / HTTP/1.1" 200 1905 "-" "Python/3.11 aiohttp/3.9.2"
65.21.208.232 - - [19/Sep/2025:00:42:18 +0000] "POST /wp-cron.php?doing_wp_cron=1758242538.7377998828887939453125 HTTP/1.1" 200 0 "-" "WordPress/6.8.2; https://teraz.store"
65.21.208.232 - - [19/Sep/2025:00:42:17 +0000] "GET / HTTP/1.1" 200 1905 "-" "Python/3.11 aiohttp/3.9.2"
65.21.208.232 - - [19/Sep/2025:00:42:48 +0000] "POST /wp-cron.php?doing_wp_cron=1758242568.2831830978393554687500 HTTP/1.1" 200 0 "-" "WordPress/6.8.2; https://teraz.store"
65.21.208.232 - - [19/Sep/2025:00:12:19 +0000] "POST /wp-cron.php?doing_wp_cron=1758240739.4453809261322021484375 HTTP/1.1" 200 0 "-" "WordPress/6.8.2; https://teraz.store"
65.21.208.232 - - [19/Sep/2025:00:12:17 +0000] "GET / HTTP/1.1" 200 1905 "-" "Python/3.11 aiohttp/3.9.2"
65.21.208.232 - - [19/Sep/2025:00:42:47 +0000] "GET / HTTP/1.1" 200 1905 "-" "Python/3.11 aiohttp/3.9.2"
65.21.208.232 - - [19/Sep/2025:01:12:17 +0000] "POST /wp-cron.php?doing_wp_cron=1758244337.5674800872802734375000 HTTP/1.1" 200 0 "-" "WordPress/6.8.2; https://teraz.store"
65.21.208.232 - - [19/Sep/2025:01:12:48 +0000] "GET / HTTP/1.1" 200 1905 "-" "Python/3.11 aiohttp/3.9.2"
199.244.88.226 - - [19/Sep/2025:01:25:08 +0000] "GET / HTTP/1.1" 200 1905 "-" "Mozilla/5.0 (X11; Linux x86_64) AppleWebKit/537.36 (KHTML, like Gecko) Chrome/105.0.0.0 Safari/537.36"
65.21.208.232 - - [19/Sep/2025:01:26:26 +0000] "POST /wp-cron.php?doing_wp_cron=1758245186.4909360408782958984375 HTTP/1.1" 200 0 "-" "WordPress/6.8.2; https://teraz.store"
65.21.208.232 - - [19/Sep/2025:01:32:02 +0000] "POST /wp-cron.php?doing_wp_cron=1758245522.1289041042327880859375 HTTP/1.1" 200 0 "-" "WordPress/6.8.2; https://teraz.store"
114.96.103.33 - - [19/Sep/2025:01:36:31 +0000] "GET / HTTP/1.1" 200 1905 "-" "Mozilla/5.0 (iPhone; CPU iPhone OS 13_2_3 like Mac OS X) AppleWebKit/605.1.15 (KHTML, like Gecko) Version/13.0.3 Mobile/15E148 Safari/604.1"
65.21.208.232 - - [19/Sep/2025:01:37:30 +0000] "POST /wp-cron.php?doing_wp_cron=1758245850.9454081058502197265625 HTTP/1.1" 200 0 "-" "WordPress/6.8.2; https://teraz.store"
65.21.208.232 - - [19/Sep/2025:01:39:17 +0000] "POST /wp-cron.php?doing_wp_cron=1758245957.6112179756164550781250 HTTP/1.1" 200 0 "-" "WordPress/6.8.2; https://teraz.store"
108.165.83.217 - - [19/Sep/2025:01:39:16 +0000] "GET / HTTP/1.1" 200 1905 "-" "Mozilla/5.0+(compatible;+Googlebot/2.1;++http://www.google.com/bot.html)"
65.21.208.232 - - [19/Sep/2025:01:39:20 +0000] "POST /wp-cron.php?doing_wp_cron=1758245960.3170850276947021484375 HTTP/1.1" 200 0 "-" "WordPress/6.8.2; https://teraz.store"
34.93.16.66 - - [19/Sep/2025:01:43:00 +0000] "POST /xmlrpc.php HTTP/1.1" 200 186 "http://www.teraz.store.smartonegroup.com" "Mozilla/5.0 (Macintosh; Intel Mac OS X 10_15_7) AppleWebKit/537.36 (KHTML, like Gecko) Chrome/112.0.5615.138 Safari/537.36"
65.21.208.232 - - [19/Sep/2025:01:45:29 +0000] "POST /wp-cron.php?doing_wp_cron=1758246329.3755390644073486328125 HTTP/1.1" 200 0 "-" "WordPress/6.8.2; https://teraz.store"
43.128.156.124 - - [19/Sep/2025:01:45:31 +0000] "GET / HTTP/1.1" 200 1905 "http://www.teraz.store" "Mozilla/5.0 (iPhone; CPU iPhone OS 13_2_3 like Mac OS X) AppleWebKit/605.1.15 (KHTML, like Gecko) Version/13.0.3 Mobile/15E148 Safari/604.1"
200.27.101.245 - - [19/Sep/2025:01:54:01 +0000] "POST /xmlrpc.php HTTP/1.1" 200 212 "http://www.teraz.store.smartonegroup.com" "Mozilla/5.0 (Windows NT 10.0; Win64; x64; rv:126.0) Gecko/20100101 Firefox/126.0"
65.21.208.232 - - [19/Sep/2025:01:56:02 +0000] "POST /wp-cron.php?doing_wp_cron=1758246962.9255599975585937500000 HTTP/1.1" 200 0 "-" "WordPress/6.8.2; https://teraz.store"
101.44.81.255 - - [19/Sep/2025:01:56:01 +0000] "GET / HTTP/1.1" 200 1657 "http://teraz.store" "Mozilla/5.0 (Windows NT 10.0; Win64; x64) AppleWebKit/537.36 (KHTML, like Gecko) Chrome/90.0.4430.212 Safari/537.36"
141.98.153.234 - - [19/Sep/2025:01:59:32 +0000] "POST /xmlrpc.php HTTP/1.1" 200 212 "http://www.teraz.store.smartonegroup.com" "Mozilla/5.0 (Windows NT 10.0; Win64; x64; rv:125.0.1) Gecko/20100101 Firefox/125.0.1"
65.21.208.232 - - [19/Sep/2025:02:04:35 +0000] "POST /wp-cron.php?doing_wp_cron=1758247475.9527161121368408203125 HTTP/1.1" 200 0 "-" "WordPress/6.8.2; https://teraz.store"
101.32.208.70 - - [19/Sep/2025:02:04:35 +0000] "GET / HTTP/1.1" 301 0 "-" "Mozilla/5.0 (iPhone; CPU iPhone OS 13_2_3 like Mac OS X) AppleWebKit/605.1.15 (KHTML, like Gecko) Version/13.0.3 Mobile/15E148 Safari/604.1"
65.21.208.232 - - [19/Sep/2025:02:05:35 +0000] "POST /wp-cron.php?doing_wp_cron=1758247535.3013839721679687500000 HTTP/1.1" 200 0 "-" "WordPress/6.8.2; https://teraz.store"
89.140.72.44 - - [19/Sep/2025:02:05:34 +0000] "POST /xmlrpc.php HTTP/1.1" 200 212 "http://www.teraz.store.smartonegroup.com" "Mozilla/5.0 (Macintosh; Intel Mac OS X 10_15_7; rv:127.0) Gecko/20100101 Firefox/127.0"
65.21.208.232 - - [19/Sep/2025:01:11:52 +0000] "POST /wp-cron.php?doing_wp_cron=1758244312.2212960720062255859375 HTTP/1.1" 200 0 "-" "WordPress/6.8.2; https://teraz.store"
43.153.122.30 - - [19/Sep/2025:01:11:51 +0000] "GET / HTTP/1.1" 200 1905 "-" "Mozilla/5.0 (iPhone; CPU iPhone OS 13_2_3 like Mac OS X) AppleWebKit/605.1.15 (KHTML, like Gecko) Version/13.0.3 Mobile/15E148 Safari/604.1"
65.21.208.232 - - [19/Sep/2025:01:12:16 +0000] "GET / HTTP/1.1" 200 1905 "-" "Python/3.11 aiohttp/3.9.2"
5.182.209.204 - - [19/Sep/2025:01:26:25 +0000] "POST /xmlrpc.php HTTP/1.1" 200 186 "http://www.teraz.store.smartonegroup.com" "Mozilla/5.0 (Macintosh; Intel Mac OS X 13_3) AppleWebKit/537.36 (KHTML, like Gecko) Chrome/126.0.0.0 Safari/537.36"
46.182.4.125 - - [19/Sep/2025:01:32:01 +0000] "POST /xmlrpc.php HTTP/1.1" 200 186 "http://www.teraz.store.smartonegroup.com" "Mozilla/5.0 (Windows NT 10.0; Win64; x64) AppleWebKit/537.36 (KHTML, like Gecko) Chrome/112.0.5615.138 Safari/537.36 Edg/112.0.1722.68"
65.21.208.232 - - [19/Sep/2025:01:36:32 +0000] "POST /wp-cron.php?doing_wp_cron=1758245792.3969600200653076171875 HTTP/1.1" 200 0 "-" "WordPress/6.8.2; https://teraz.store"
86.48.24.152 - - [19/Sep/2025:01:37:29 +0000] "POST /xmlrpc.php HTTP/1.1" 200 186 "http://www.teraz.store.smartonegroup.com" "Mozilla/5.0 (Windows NT 10.0; Win64; x64) AppleWebKit/537.36 (KHTML, like Gecko) Chrome/126.0.0.0 Safari/537.36 Edg/126.0.0.0"
108.165.83.217 - - [19/Sep/2025:01:39:19 +0000] "GET / HTTP/1.1" 200 1905 "-" "Mozilla/5.0 (Windows NT 10.0; Win64; x64) AppleWebKit/537.36 (KHTML, like Gecko) Chrome/132.0.0.0 Safari/537.36"
65.21.208.232 - - [19/Sep/2025:01:42:18 +0000] "POST /wp-cron.php?doing_wp_cron=1758246138.6072680950164794921875 HTTP/1.1" 200 0 "-" "WordPress/6.8.2; https://teraz.store"
65.21.208.232 - - [19/Sep/2025:01:42:17 +0000] "GET / HTTP/1.1" 200 1905 "-" "Python/3.11 aiohttp/3.9.2"
65.21.208.232 - - [19/Sep/2025:01:42:44 +0000] "GET / HTTP/1.1" 200 1905 "-" "Python/3.11 aiohttp/3.9.2"
43.128.156.124 - - [19/Sep/2025:01:45:28 +0000] "GET / HTTP/1.1" 301 0 "-" "Mozilla/5.0 (iPhone; CPU iPhone OS 13_2_3 like Mac OS X) AppleWebKit/605.1.15 (KHTML, like Gecko) Version/13.0.3 Mobile/15E148 Safari/604.1"
65.21.208.232 - - [19/Sep/2025:01:48:31 +0000] "POST /wp-cron.php?doing_wp_cron=1758246511.0900340080261230468750 HTTP/1.1" 200 0 "-" "WordPress/6.8.2; https://teraz.store"
141.98.153.234 - - [19/Sep/2025:01:48:30 +0000] "POST /xmlrpc.php HTTP/1.1" 200 186 "http://www.teraz.store.smartonegroup.com" "Mozilla/5.0 (Macintosh; Intel Mac OS X 13_3) AppleWebKit/537.36 (KHTML, like Gecko) Chrome/126.0.0.0 Safari/537.36 Edg/126.0.0.0"
65.21.208.232 - - [19/Sep/2025:01:54:02 +0000] "POST /wp-cron.php?doing_wp_cron=1758246842.0771780014038085937500 HTTP/1.1" 200 0 "-" "WordPress/6.8.2; https://teraz.store"
65.21.208.232 - - [19/Sep/2025:01:56:13 +0000] "POST /wp-cron.php?doing_wp_cron=1758246973.8823609352111816406250 HTTP/1.1" 200 0 "-" "WordPress/6.8.2; https://teraz.store"
101.44.81.255 - - [19/Sep/2025:01:56:13 +0000] "GET / HTTP/1.1" 200 1657 "http://teraz.store" "Mozilla/5.0+(compatible;+Googlebot/2.1;++http://www.google.com/bot.html)"
65.21.208.232 - - [19/Sep/2025:01:59:33 +0000] "POST /wp-cron.php?doing_wp_cron=1758247173.1055660247802734375000 HTTP/1.1" 200 0 "-" "WordPress/6.8.2; https://teraz.store"
101.32.208.70 - - [19/Sep/2025:02:04:37 +0000] "GET / HTTP/1.1" 200 1905 "http://www.teraz.store" "Mozilla/5.0 (iPhone; CPU iPhone OS 13_2_3 like Mac OS X) AppleWebKit/605.1.15 (KHTML, like Gecko) Version/13.0.3 Mobile/15E148 Safari/604.1"
65.21.208.232 - - [19/Sep/2025:02:12:18 +0000] "POST /wp-cron.php?doing_wp_cron=1758247938.3141219615936279296875 HTTP/1.1" 200 0 "-" "WordPress/6.8.2; https://teraz.store"
65.21.208.232 - - [19/Sep/2025:02:12:17 +0000] "GET / HTTP/1.1" 200 1905 "-" "Python/3.11 aiohttp/3.9.2"
65.21.208.232 - - [19/Sep/2025:02:12:43 +0000] "GET / HTTP/1.1" 200 1905 "-" "Python/3.11 aiohttp/3.9.2"
147.182.255.27 - - [19/Sep/2025:02:17:12 +0000] "POST /xmlrpc.php HTTP/1.1" 200 212 "http://www.teraz.store.smartonegroup.com" "Mozilla/5.0 (Macintosh; Intel Mac OS X 10_15_7; rv:127.0) Gecko/20100101 Firefox/127.0"
65.21.208.232 - - [19/Sep/2025:02:22:59 +0000] "POST /wp-cron.php?doing_wp_cron=1758248579.1035840511322021484375 HTTP/1.1" 200 0 "-" "WordPress/6.8.2; https://teraz.store"
35.219.105.201 - - [19/Sep/2025:02:42:20 +0000] "GET / HTTP/1.1" 200 1905 "http://www.openurls.com.cn/" "Mozilla/5.0 (Windows NT 10.0; Win64; x64) AppleWebKit/537.36 (KHTML, like Gecko) Chrome/140.0.0.0 Safari/537.36"
35.219.105.201 - - [19/Sep/2025:02:42:21 +0000] "GET /wp-content/plugins/maintenance/load/css/style.css?ver=1755633989 HTTP/1.1" 200 3432 "http://teraz.store/" "Mozilla/5.0 (Windows NT 10.0; Win64; x64) AppleWebKit/537.36 (KHTML, like Gecko) Chrome/140.0.0.0 Safari/537.36"
35.219.105.201 - - [19/Sep/2025:02:42:22 +0000] "GET /wp-includes/js/jquery/jquery.min.js?ver=3.7.1 HTTP/1.1" 200 30419 "http://teraz.store/" "Mozilla/5.0 (Windows NT 10.0; Win64; x64) AppleWebKit/537.36 (KHTML, like Gecko) Chrome/140.0.0.0 Safari/537.36"
35.219.105.201 - - [19/Sep/2025:02:42:23 +0000] "GET /wp-includes/js/jquery/jquery-migrate.min.js?ver=3.4.1 HTTP/1.1" 200 4872 "http://teraz.store/" "Mozilla/5.0 (Windows NT 10.0; Win64; x64) AppleWebKit/537.36 (KHTML, like Gecko) Chrome/140.0.0.0 Safari/537.36"
65.21.208.232 - - [19/Sep/2025:02:42:43 +0000] "GET / HTTP/1.1" 200 1905 "-" "Python/3.11 aiohttp/3.9.2"
35.219.105.201 - - [19/Sep/2025:02:42:56 +0000] "GET /favicon.ico HTTP/1.1" 404 1251 "http://teraz.store/" "Mozilla/5.0 (Windows NT 10.0; Win64; x64) AppleWebKit/537.36 (KHTML, like Gecko) Chrome/140.0.0.0 Safari/537.36"
65.21.208.232 - - [19/Sep/2025:02:45:28 +0000] "POST /wp-cron.php?doing_wp_cron=1758249928.9066290855407714843750 HTTP/1.1" 200 0 "-" "WordPress/6.8.2; https://teraz.store"
65.21.208.232 - - [19/Sep/2025:02:51:05 +0000] "POST /wp-cron.php?doing_wp_cron=1758250265.1824390888214111328125 HTTP/1.1" 200 0 "-" "WordPress/6.8.2; https://teraz.store"
213.171.215.185 - - [19/Sep/2025:02:51:04 +0000] "POST /xmlrpc.php HTTP/1.1" 200 186 "http://www.teraz.store.smartonegroup.com" "Mozilla/5.0 (Windows NT 10.0; Win64; x64; rv:129.0) Gecko/20100101 Firefox/129.0"
65.21.208.232 - - [19/Sep/2025:02:11:28 +0000] "POST /wp-cron.php?doing_wp_cron=1758247888.3476579189300537109375 HTTP/1.1" 200 0 "-" "WordPress/6.8.2; https://teraz.store"
160.30.113.129 - - [19/Sep/2025:02:11:27 +0000] "POST /xmlrpc.php HTTP/1.1" 200 186 "http://www.teraz.store.smartonegroup.com" "Mozilla/5.0 (Windows NT 10.0; Win64; x64; rv:127.0) Gecko/20100101 Firefox/127.0"
65.21.208.232 - - [19/Sep/2025:02:17:13 +0000] "POST /wp-cron.php?doing_wp_cron=1758248233.2557399272918701171875 HTTP/1.1" 200 0 "-" "WordPress/6.8.2; https://teraz.store"
209.172.2.50 - - [19/Sep/2025:02:22:58 +0000] "POST /xmlrpc.php HTTP/1.1" 200 186 "http://www.teraz.store.smartonegroup.com" "Mozilla/5.0 (Macintosh; Intel Mac OS X 10_15_7; rv:127.0) Gecko/20100101 Firefox/127.0"
65.21.208.232 - - [19/Sep/2025:02:28:38 +0000] "POST /wp-cron.php?doing_wp_cron=1758248918.5066769123077392578125 HTTP/1.1" 200 0 "-" "WordPress/6.8.2; https://teraz.store"
198.244.233.124 - - [19/Sep/2025:02:28:37 +0000] "POST /xmlrpc.php HTTP/1.1" 200 186 "http://www.teraz.store.smartonegroup.com" "Mozilla/5.0 (Macintosh; Intel Mac OS X 10_15_7; rv:129.0) Gecko/20100101 Firefox/129.0"
65.21.208.232 - - [19/Sep/2025:02:34:20 +0000] "POST /wp-cron.php?doing_wp_cron=1758249260.1522009372711181640625 HTTP/1.1" 200 0 "-" "WordPress/6.8.2; https://teraz.store"
171.244.34.211 - - [19/Sep/2025:02:34:19 +0000] "POST /xmlrpc.php HTTP/1.1" 200 186 "http://www.teraz.store.smartonegroup.com" "Mozilla/5.0 (Windows NT 10.0; Win64; x64) AppleWebKit/537.36 (KHTML, like Gecko) Chrome/114.0.5735.199 Safari/537.36 Edg/114.0.1823.67"
65.21.208.232 - - [19/Sep/2025:02:42:19 +0000] "POST /wp-cron.php?doing_wp_cron=1758249739.2824809551239013671875 HTTP/1.1" 200 0 "-" "WordPress/6.8.2; https://teraz.store"
65.21.208.232 - - [19/Sep/2025:02:42:18 +0000] "GET / HTTP/1.1" 200 1905 "-" "Python/3.11 aiohttp/3.9.2"
35.219.105.201 - - [19/Sep/2025:02:42:22 +0000] "GET /wp-content/plugins/maintenance/load/css/fonts.css?ver=1755633989 HTTP/1.1" 200 10394 "http://teraz.store/" "Mozilla/5.0 (Windows NT 10.0; Win64; x64) AppleWebKit/537.36 (KHTML, like Gecko) Chrome/140.0.0.0 Safari/537.36"
35.219.105.201 - - [19/Sep/2025:02:42:24 +0000] "GET /wp-content/plugins/maintenance/load/js/jquery.frontend.js?ver=1755633989 HTTP/1.1" 200 638 "http://teraz.store/" "Mozilla/5.0 (Windows NT 10.0; Win64; x64) AppleWebKit/537.36 (KHTML, like Gecko) Chrome/140.0.0.0 Safari/537.36"
35.219.105.201 - - [19/Sep/2025:02:42:33 +0000] "GET /wp-content/plugins/maintenance/load/fonts/foundation-icons.woff HTTP/1.1" 200 32020 "http://teraz.store/wp-content/plugins/maintenance/load/css/fonts.css?ver=1755633989" "Mozilla/5.0 (Windows NT 10.0; Win64; x64) AppleWebKit/537.36 (KHTML, like Gecko) Chrome/140.0.0.0 Safari/537.36"
65.21.208.232 - - [19/Sep/2025:02:42:44 +0000] "POST /wp-cron.php?doing_wp_cron=1758249764.1469860076904296875000 HTTP/1.1" 200 0 "-" "WordPress/6.8.2; https://teraz.store"
152.206.75.225 - - [19/Sep/2025:02:45:28 +0000] "POST /xmlrpc.php HTTP/1.1" 200 186 "http://www.teraz.store.smartonegroup.com" "Mozilla/5.0 (Windows NT 10.0; Win64; x64) AppleWebKit/537.36 (KHTML, like Gecko) Chrome/126.0.0.0 Safari/537.36 Edg/126.0.0.0"
65.21.208.232 - - [19/Sep/2025:02:56:35 +0000] "POST /wp-cron.php?doing_wp_cron=1758250595.5536060333251953125000 HTTP/1.1" 200 0 "-" "WordPress/6.8.2; https://teraz.store"
51.75.243.123 - - [19/Sep/2025:02:56:34 +0000] "POST /xmlrpc.php HTTP/1.1" 200 186 "http://www.teraz.store.smartonegroup.com" "Mozilla/5.0 (Windows NT 10.0; Win64; x64) AppleWebKit/537.36 (KHTML, like Gecko) Chrome/126.0.0.0 Safari/537.36"
65.21.208.232 - - [19/Sep/2025:03:02:20 +0000] "POST /wp-cron.php?doing_wp_cron=1758250940.6059648990631103515625 HTTP/1.1" 200 0 "-" "WordPress/6.8.2; https://teraz.store"
4.213.58.154 - - [19/Sep/2025:03:02:19 +0000] "POST /xmlrpc.php HTTP/1.1" 200 186 "http://www.teraz.store.smartonegroup.com" "Mozilla/5.0 (Macintosh; Intel Mac OS X 14.5) AppleWebKit/618.3.5 (KHTML, like Gecko) Version/17.4 Safari/618.3.5"
46.245.76.8 - - [19/Sep/2025:03:07:55 +0000] "POST /xmlrpc.php HTTP/1.1" 200 212 "http://www.teraz.store.smartonegroup.com" "Mozilla/5.0 (Windows NT 10.0; Win64; x64; rv:127.0) Gecko/20100101 Firefox/127.0"
65.21.208.232 - - [19/Sep/2025:03:12:18 +0000] "GET / HTTP/1.1" 200 1905 "-" "Python/3.11 aiohttp/3.9.2"
65.21.208.232 - - [19/Sep/2025:03:12:43 +0000] "GET / HTTP/1.1" 200 1905 "-" "Python/3.11 aiohttp/3.9.2"
65.21.208.232 - - [19/Sep/2025:03:19:01 +0000] "POST /wp-cron.php?doing_wp_cron=1758251941.0569310188293457031250 HTTP/1.1" 200 0 "-" "WordPress/6.8.2; https://teraz.store"
173.236.218.94 - - [19/Sep/2025:03:19:00 +0000] "POST /xmlrpc.php HTTP/1.1" 200 186 "http://www.teraz.store.smartonegroup.com" "Mozilla/5.0 (Windows NT 10.0; Win64; x64) AppleWebKit/537.36 (KHTML, like Gecko) Chrome/114.0.5735.199 Safari/537.36 Edg/114.0.1823.67"
65.21.208.232 - - [19/Sep/2025:03:07:55 +0000] "POST /wp-cron.php?doing_wp_cron=1758251275.9588971138000488281250 HTTP/1.1" 200 0 "-" "WordPress/6.8.2; https://teraz.store"
65.21.208.232 - - [19/Sep/2025:03:12:19 +0000] "POST /wp-cron.php?doing_wp_cron=1758251539.3070890903472900390625 HTTP/1.1" 200 0 "-" "WordPress/6.8.2; https://teraz.store"
139.59.32.59 - - [19/Sep/2025:03:29:45 +0000] "POST /xmlrpc.php HTTP/1.1" 200 186 "http://www.teraz.store.smartonegroup.com" "Mozilla/5.0 (Macintosh; Intel Mac OS X 10_15_7; rv:128.0) Gecko/20100101 Firefox/128.0"
205.198.68.234 - - [19/Sep/2025:03:36:33 +0000] "GET /wp-content/plugins/maintenance/load/css/style.css?ver=1755633989 HTTP/1.1" 200 3432 "http://teraz.store/" "Mozilla/5.0 (Windows NT 10.0; Win64; x64) AppleWebKit/537.36 (KHTML, like Gecko) Chrome/140.0.0.0 Safari/537.36"
205.198.68.234 - - [19/Sep/2025:03:36:34 +0000] "GET /wp-content/plugins/maintenance/load/js/jquery.frontend.js?ver=1755633989 HTTP/1.1" 200 638 "http://teraz.store/" "Mozilla/5.0 (Windows NT 10.0; Win64; x64) AppleWebKit/537.36 (KHTML, like Gecko) Chrome/140.0.0.0 Safari/537.36"
205.198.68.234 - - [19/Sep/2025:03:36:34 +0000] "GET /wp-content/plugins/maintenance/load/fonts/foundation-icons.woff HTTP/1.1" 200 32020 "http://teraz.store/wp-content/plugins/maintenance/load/css/fonts.css?ver=1755633989" "Mozilla/5.0 (Windows NT 10.0; Win64; x64) AppleWebKit/537.36 (KHTML, like Gecko) Chrome/140.0.0.0 Safari/537.36"
205.198.68.234 - - [19/Sep/2025:03:36:36 +0000] "GET /favicon.ico HTTP/1.1" 404 1251 "http://teraz.store/" "Mozilla/5.0 (Windows NT 10.0; Win64; x64) AppleWebKit/537.36 (KHTML, like Gecko) Chrome/140.0.0.0 Safari/537.36"
78.110.121.156 - - [19/Sep/2025:03:35:01 +0000] "POST /xmlrpc.php HTTP/1.1" 200 212 "http://www.teraz.store.smartonegroup.com" "Mozilla/5.0 (Macintosh; Intel Mac OS X 14_6) AppleWebKit/605.1.15 (KHTML, like Gecko) Version/17.5 Safari/605.1.15"
205.198.68.234 - - [19/Sep/2025:03:36:31 +0000] "GET / HTTP/1.1" 200 1905 "http://www.openurls.com.cn/" "Mozilla/5.0 (Windows NT 10.0; Win64; x64) AppleWebKit/537.36 (KHTML, like Gecko) Chrome/140.0.0.0 Safari/537.36"
205.198.68.234 - - [19/Sep/2025:03:36:33 +0000] "GET /wp-content/plugins/maintenance/load/css/fonts.css?ver=1755633989 HTTP/1.1" 200 10394 "http://teraz.store/" "Mozilla/5.0 (Windows NT 10.0; Win64; x64) AppleWebKit/537.36 (KHTML, like Gecko) Chrome/140.0.0.0 Safari/537.36"
205.198.68.234 - - [19/Sep/2025:03:36:33 +0000] "GET /wp-includes/js/jquery/jquery.min.js?ver=3.7.1 HTTP/1.1" 200 30419 "http://teraz.store/" "Mozilla/5.0 (Windows NT 10.0; Win64; x64) AppleWebKit/537.36 (KHTML, like Gecko) Chrome/140.0.0.0 Safari/537.36"
205.198.68.234 - - [19/Sep/2025:03:36:34 +0000] "GET /wp-includes/js/jquery/jquery-migrate.min.js?ver=3.4.1 HTTP/1.1" 200 4872 "http://teraz.store/" "Mozilla/5.0 (Windows NT 10.0; Win64; x64) AppleWebKit/537.36 (KHTML, like Gecko) Chrome/140.0.0.0 Safari/537.36"
65.21.208.232 - - [19/Sep/2025:03:42:18 +0000] "POST /wp-cron.php?doing_wp_cron=1758253338.6495070457458496093750 HTTP/1.1" 200 0 "-" "WordPress/6.8.2; https://teraz.store"
65.21.208.232 - - [19/Sep/2025:03:42:42 +0000] "GET / HTTP/1.1" 200 1905 "-" "Python/3.11 aiohttp/3.9.2"
65.21.208.232 - - [19/Sep/2025:03:45:20 +0000] "POST /wp-cron.php?doing_wp_cron=1758253520.7353940010070800781250 HTTP/1.1" 200 0 "-" "WordPress/6.8.2; https://teraz.store"
65.21.208.232 - - [19/Sep/2025:03:50:23 +0000] "POST /wp-cron.php?doing_wp_cron=1758253823.3585929870605468750000 HTTP/1.1" 200 0 "-" "WordPress/6.8.2; https://teraz.store"
5.182.209.204 - - [19/Sep/2025:03:50:22 +0000] "POST /xmlrpc.php HTTP/1.1" 200 186 "http://www.teraz.store.smartonegroup.com" "Mozilla/5.0 (Macintosh; Intel Mac OS X 10_15_7) AppleWebKit/537.36 (KHTML, like Gecko) Chrome/114.0.5735.134 Safari/537.36"
65.21.208.232 - - [19/Sep/2025:03:42:17 +0000] "GET / HTTP/1.1" 200 1905 "-" "Python/3.11 aiohttp/3.9.2"
65.21.208.232 - - [19/Sep/2025:03:42:43 +0000] "POST /wp-cron.php?doing_wp_cron=1758253363.2744350433349609375000 HTTP/1.1" 200 0 "-" "WordPress/6.8.2; https://teraz.store"
160.30.113.79 - - [19/Sep/2025:03:45:19 +0000] "POST /xmlrpc.php HTTP/1.1" 200 212 "http://www.teraz.store.smartonegroup.com" "Mozilla/5.0 (Windows NT 10.0; Win64; x64) AppleWebKit/537.36 (KHTML, like Gecko) Chrome/126.0.0.0 Safari/537.36"
75.119.208.120 - - [19/Sep/2025:04:05:46 +0000] "POST /xmlrpc.php HTTP/1.1" 200 186 "http://www.teraz.store.smartonegroup.com" "Mozilla/5.0 (Macintosh; Intel Mac OS X 14.5) AppleWebKit/618.3.5 (KHTML, like Gecko) Version/17.4 Safari/618.3.5"
65.21.208.232 - - [19/Sep/2025:04:05:47 +0000] "POST /wp-cron.php?doing_wp_cron=1758254747.3214390277862548828125 HTTP/1.1" 200 0 "-" "WordPress/6.8.2; https://teraz.store"
65.21.208.232 - - [19/Sep/2025:04:10:46 +0000] "POST /wp-cron.php?doing_wp_cron=1758255046.8169639110565185546875 HTTP/1.1" 200 0 "-" "WordPress/6.8.2; https://teraz.store"
163.227.160.4 - - [19/Sep/2025:04:10:45 +0000] "POST /xmlrpc.php HTTP/1.1" 200 186 "http://www.teraz.store.smartonegroup.com" "Mozilla/5.0 (Windows NT 10.0; Win64; x64; rv:125.0.1) Gecko/20100101 Firefox/125.0.1"
65.21.208.232 - - [19/Sep/2025:04:12:18 +0000] "GET / HTTP/1.1" 200 1905 "-" "Python/3.11 aiohttp/3.9.2"
201.46.112.135 - - [19/Sep/2025:04:21:22 +0000] "POST /xmlrpc.php HTTP/1.1" 200 186 "http://www.teraz.store.smartonegroup.com" "Mozilla/5.0 (Windows NT 10.0; Win64; x64) AppleWebKit/537.36 (KHTML, like Gecko) Chrome/113.0.5672.126 Safari/537.36 Edg/113.0.1774.50"
