/home/smartonegroup/access-logs/teraz.store.smartonegroup.com
65.21.208.232 - - [18/Sep/2025:08:42:08 +0000] "GET / HTTP/1.1" 200 1911 "-" "Python/3.11 aiohttp/3.9.2"
2a06:98c0:3600::103 - - [18/Sep/2025:08:33:09 +0000] "GET /wordpress/wp-admin/setup-config.php HTTP/1.1" 404 1251 "-" "Mozilla/5.0 (Windows NT 10.0; Win64; x64) AppleWebKit/537.36 (KHTML, like Gecko) Chrome/140.0.0.0 Safari/537.36"
65.21.208.232 - - [18/Sep/2025:08:41:49 +0000] "POST /wp-cron.php?doing_wp_cron=1758184909.7959449291229248046875 HTTP/1.1" 200 0 "-" "WordPress/6.8.2; https://teraz.store"
86.48.24.152 - - [18/Sep/2025:08:41:49 +0000] "POST /wp-login.php HTTP/1.1" 302 0 "http://teraz.store" "Mozilla/5.0 (Windows NT 10.0; Win64; x64; rv:127.0) Gecko/20100101 Firefox/127.0"
65.21.208.232 - - [18/Sep/2025:08:42:32 +0000] "POST /wp-cron.php?doing_wp_cron=1758184952.6212170124053955078125 HTTP/1.1" 200 0 "-" "WordPress/6.8.2; https://teraz.store"
65.21.208.232 - - [18/Sep/2025:08:42:32 +0000] "GET / HTTP/1.1" 200 1911 "-" "Python/3.11 aiohttp/3.9.2"
49.12.205.4 - - [18/Sep/2025:08:54:39 +0000] "POST /wp-login.php HTTP/1.1" 302 0 "http://teraz.store" "Mozilla/5.0 (Windows NT 10.0; Win64; x64; rv:127.0) Gecko/20100101 Firefox/127.0"
65.21.208.232 - - [18/Sep/2025:09:07:44 +0000] "POST /wp-cron.php?doing_wp_cron=1758186464.2169039249420166015625 HTTP/1.1" 200 0 "-" "WordPress/6.8.2; https://teraz.store"
212.127.78.200 - - [18/Sep/2025:09:07:42 +0000] "POST /wp-login.php HTTP/1.1" 302 0 "http://teraz.store" "Mozilla/5.0 (Macintosh; Intel Mac OS X 10_15_7; rv:129.0) Gecko/20100101 Firefox/129.0"
65.21.208.232 - - [18/Sep/2025:08:54:40 +0000] "POST /wp-cron.php?doing_wp_cron=1758185680.4110798835754394531250 HTTP/1.1" 200 0 "-" "WordPress/6.8.2; https://teraz.store"
65.21.208.232 - - [18/Sep/2025:09:12:09 +0000] "GET / HTTP/1.1" 200 1911 "-" "Python/3.11 aiohttp/3.9.2"
65.21.208.232 - - [18/Sep/2025:09:12:35 +0000] "GET / HTTP/1.1" 200 1911 "-" "Python/3.11 aiohttp/3.9.2"
101.33.80.42 - - [18/Sep/2025:09:14:53 +0000] "GET / HTTP/1.1" 200 1911 "-" "Mozilla/5.0 (iPhone; CPU iPhone OS 13_2_3 like Mac OS X) AppleWebKit/605.1.15 (KHTML, like Gecko) Version/13.0.3 Mobile/15E148 Safari/604.1"
65.21.208.232 - - [18/Sep/2025:09:12:11 +0000] "POST /wp-cron.php?doing_wp_cron=1758186731.2460739612579345703125 HTTP/1.1" 200 0 "-" "WordPress/6.8.2; https://teraz.store"
65.21.208.232 - - [18/Sep/2025:09:34:03 +0000] "POST /wp-cron.php?doing_wp_cron=1758188043.3167591094970703125000 HTTP/1.1" 200 0 "-" "WordPress/6.8.2; https://teraz.store"
101.35.56.33 - - [18/Sep/2025:09:34:03 +0000] "POST /wp-login.php HTTP/1.1" 302 0 "http://teraz.store" "Mozilla/5.0 (Macintosh; Intel Mac OS X 14_6) AppleWebKit/605.1.15 (KHTML, like Gecko) Version/17.5 Safari/605.1.15"
75.119.208.120 - - [18/Sep/2025:09:40:34 +0000] "POST /wp-login.php HTTP/1.1" 302 0 "http://teraz.store" "Mozilla/5.0 (Windows NT 10.0; Win64; x64) AppleWebKit/537.36 (KHTML, like Gecko) Chrome/126.0.0.0 Safari/537.36"
65.21.208.232 - - [18/Sep/2025:09:42:35 +0000] "POST /wp-cron.php?doing_wp_cron=1758188555.7751479148864746093750 HTTP/1.1" 200 0 "-" "WordPress/6.8.2; https://teraz.store"
65.21.208.232 - - [18/Sep/2025:09:20:48 +0000] "POST /wp-cron.php?doing_wp_cron=1758187248.9817819595336914062500 HTTP/1.1" 200 0 "-" "WordPress/6.8.2; https://teraz.store"
209.172.2.60 - - [18/Sep/2025:09:20:48 +0000] "POST /wp-login.php HTTP/1.1" 302 0 "http://teraz.store" "Mozilla/5.0 (Windows NT 10.0; Win64; x64) AppleWebKit/537.36 (KHTML, like Gecko) Chrome/114.0.5735.134 Safari/537.36"
65.21.208.232 - - [18/Sep/2025:09:27:26 +0000] "POST /wp-cron.php?doing_wp_cron=1758187646.3516330718994140625000 HTTP/1.1" 200 0 "-" "WordPress/6.8.2; https://teraz.store"
77.247.109.57 - - [18/Sep/2025:09:27:25 +0000] "POST /wp-login.php HTTP/1.1" 302 0 "http://teraz.store" "Mozilla/5.0 (Macintosh; Intel Mac OS X 14.3) AppleWebKit/614.31.14 (KHTML, like Gecko) Version/17.0.96 Safari/614.31.14"
65.21.208.232 - - [18/Sep/2025:09:40:35 +0000] "POST /wp-cron.php?doing_wp_cron=1758188435.2574799060821533203125 HTTP/1.1" 200 0 "-" "WordPress/6.8.2; https://teraz.store"
65.21.208.232 - - [18/Sep/2025:09:42:09 +0000] "POST /wp-cron.php?doing_wp_cron=1758188529.7756619453430175781250 HTTP/1.1" 200 0 "-" "WordPress/6.8.2; https://teraz.store"
65.21.208.232 - - [18/Sep/2025:09:42:09 +0000] "GET / HTTP/1.1" 200 1911 "-" "Python/3.11 aiohttp/3.9.2"
65.21.208.232 - - [18/Sep/2025:09:42:35 +0000] "GET / HTTP/1.1" 200 1911 "-" "Python/3.11 aiohttp/3.9.2"
129.226.213.145 - - [18/Sep/2025:09:52:24 +0000] "GET / HTTP/1.1" 301 0 "-" "Mozilla/5.0 (iPhone; CPU iPhone OS 13_2_3 like Mac OS X) AppleWebKit/605.1.15 (KHTML, like Gecko) Version/13.0.3 Mobile/15E148 Safari/604.1"
65.21.208.232 - - [18/Sep/2025:09:47:11 +0000] "POST /wp-cron.php?doing_wp_cron=1758188831.0287249088287353515625 HTTP/1.1" 200 0 "-" "WordPress/6.8.2; https://teraz.store"
198.44.187.31 - - [18/Sep/2025:09:47:10 +0000] "POST /wp-login.php HTTP/1.1" 302 0 "http://teraz.store" "Mozilla/5.0 (Macintosh; Intel Mac OS X 10_15_7; rv:126.0) Gecko/20100101 Firefox/126.0"
65.21.208.232 - - [18/Sep/2025:09:49:16 +0000] "POST /wp-cron.php?doing_wp_cron=1758188956.6057059764862060546875 HTTP/1.1" 200 0 "-" "WordPress/6.8.2; https://teraz.store"
101.42.117.179 - - [18/Sep/2025:09:49:16 +0000] "GET / HTTP/1.1" 200 1911 "-" "Mozilla/5.0 (iPhone; CPU iPhone OS 13_2_3 like Mac OS X) AppleWebKit/605.1.15 (KHTML, like Gecko) Version/13.0.3 Mobile/15E148 Safari/604.1"
65.21.208.232 - - [18/Sep/2025:09:52:25 +0000] "POST /wp-cron.php?doing_wp_cron=1758189145.0826499462127685546875 HTTP/1.1" 200 0 "-" "WordPress/6.8.2; https://teraz.store"
129.226.213.145 - - [18/Sep/2025:09:52:26 +0000] "GET / HTTP/1.1" 200 1911 "http://www.teraz.store" "Mozilla/5.0 (iPhone; CPU iPhone OS 13_2_3 like Mac OS X) AppleWebKit/605.1.15 (KHTML, like Gecko) Version/13.0.3 Mobile/15E148 Safari/604.1"
65.21.208.232 - - [18/Sep/2025:10:00:30 +0000] "POST /wp-cron.php?doing_wp_cron=1758189630.0759119987487792968750 HTTP/1.1" 200 0 "-" "WordPress/6.8.2; https://teraz.store"
86.48.6.132 - - [18/Sep/2025:10:00:29 +0000] "POST /wp-login.php HTTP/1.1" 302 0 "http://teraz.store" "Mozilla/5.0 (Macintosh; Intel Mac OS X 10_15_7; rv:128.0) Gecko/20100101 Firefox/128.0"
65.21.208.232 - - [18/Sep/2025:10:12:11 +0000] "POST /wp-cron.php?doing_wp_cron=1758190331.7940499782562255859375 HTTP/1.1" 200 0 "-" "WordPress/6.8.2; https://teraz.store"
65.21.208.232 - - [18/Sep/2025:10:12:10 +0000] "GET / HTTP/1.1" 200 1911 "-" "Python/3.11 aiohttp/3.9.2"
65.21.208.232 - - [18/Sep/2025:10:12:40 +0000] "GET / HTTP/1.1" 200 1911 "-" "Python/3.11 aiohttp/3.9.2"
65.21.208.232 - - [18/Sep/2025:10:18:40 +0000] "POST /wp-cron.php?doing_wp_cron=1758190720.6864249706268310546875 HTTP/1.1" 200 0 "-" "WordPress/6.8.2; https://teraz.store"
157.230.255.214 - - [18/Sep/2025:10:33:48 +0000] "POST /wp-login.php HTTP/1.1" 302 0 "http://teraz.store" "Mozilla/5.0 (Windows NT 11.0; Win64; x64) AppleWebKit/537.36 (KHTML, like Gecko) Chrome/126.0.0.0 Safari/537.36"
42.236.12.237 - - [18/Sep/2025:10:18:39 +0000] "GET / HTTP/1.1" 200 1911 "http://teraz.store/" "Mozilla/5.0 (Windows NT 6.1; WOW64) AppleWebKit/537.36 (KHTML, like Gecko) Chrome/50.0.2661.102 Safari/537.36; 360Spider"
65.21.208.232 - - [18/Sep/2025:10:27:12 +0000] "POST /wp-cron.php?doing_wp_cron=1758191232.7141358852386474609375 HTTP/1.1" 200 0 "-" "WordPress/6.8.2; https://teraz.store"
66.33.192.35 - - [18/Sep/2025:10:27:12 +0000] "POST /wp-login.php HTTP/1.1" 302 0 "http://teraz.store" "Mozilla/5.0 (Macintosh; Intel Mac OS X 14_6) AppleWebKit/605.1.15 (KHTML, like Gecko) Version/17.5 Safari/605.1.15"
65.21.208.232 - - [18/Sep/2025:10:33:49 +0000] "POST /wp-cron.php?doing_wp_cron=1758191629.1614999771118164062500 HTTP/1.1" 200 0 "-" "WordPress/6.8.2; https://teraz.store"
65.21.208.232 - - [18/Sep/2025:10:42:38 +0000] "GET / HTTP/1.1" 200 1911 "-" "Python/3.11 aiohttp/3.9.2"
65.21.208.232 - - [18/Sep/2025:10:47:03 +0000] "POST /wp-cron.php?doing_wp_cron=1758192423.5724620819091796875000 HTTP/1.1" 200 0 "-" "WordPress/6.8.2; https://teraz.store"
81.88.53.143 - - [18/Sep/2025:10:53:41 +0000] "POST /wp-login.php HTTP/1.1" 302 0 "http://teraz.store" "Mozilla/5.0 (Macintosh; Intel Mac OS X 10_15_7) AppleWebKit/537.36 (KHTML, like Gecko) Chrome/114.0.5735.134 Safari/537.36"
34.125.27.163 - - [18/Sep/2025:10:53:48 +0000] "GET / HTTP/1.1" 200 1911 "-" "Mozilla/5.0 (compatible; CMS-Checker/1.0; +https://example.com)"
81.88.53.43 - - [18/Sep/2025:11:00:17 +0000] "POST /wp-login.php HTTP/1.1" 302 0 "http://teraz.store" "Mozilla/5.0 (Macintosh; Intel Mac OS X 10_15_7; rv:129.0) Gecko/20100101 Firefox/129.0"
65.21.208.232 - - [18/Sep/2025:10:40:27 +0000] "POST /wp-cron.php?doing_wp_cron=1758192027.2261939048767089843750 HTTP/1.1" 200 0 "-" "WordPress/6.8.2; https://teraz.store"
160.30.113.129 - - [18/Sep/2025:10:40:26 +0000] "POST /wp-login.php HTTP/1.1" 302 0 "http://teraz.store" "Mozilla/5.0 (Macintosh; Intel Mac OS X 10.15; rv:126.0) Gecko/20100101 Firefox/126.0"
65.21.208.232 - - [18/Sep/2025:10:42:11 +0000] "POST /wp-cron.php?doing_wp_cron=1758192131.0977990627288818359375 HTTP/1.1" 200 0 "-" "WordPress/6.8.2; https://teraz.store"
65.21.208.232 - - [18/Sep/2025:10:42:10 +0000] "GET / HTTP/1.1" 200 1911 "-" "Python/3.11 aiohttp/3.9.2"
69.163.163.201 - - [18/Sep/2025:10:47:03 +0000] "POST /wp-login.php HTTP/1.1" 302 0 "http://teraz.store" "Mozilla/5.0 (Windows NT 10.0; Win64; x64) AppleWebKit/537.36 (KHTML, like Gecko) Chrome/116.0.5845.96 Safari/537.36"
65.21.208.232 - - [18/Sep/2025:10:53:42 +0000] "POST /wp-cron.php?doing_wp_cron=1758192822.5600910186767578125000 HTTP/1.1" 200 0 "-" "WordPress/6.8.2; https://teraz.store"
65.21.208.232 - - [18/Sep/2025:11:00:18 +0000] "POST /wp-cron.php?doing_wp_cron=1758193218.0200979709625244140625 HTTP/1.1" 200 0 "-" "WordPress/6.8.2; https://teraz.store"
65.21.208.232 - - [18/Sep/2025:11:07:09 +0000] "POST /wp-cron.php?doing_wp_cron=1758193629.6190919876098632812500 HTTP/1.1" 200 0 "-" "WordPress/6.8.2; https://teraz.store"
93.81.236.143 - - [18/Sep/2025:11:07:09 +0000] "POST /wp-login.php HTTP/1.1" 302 0 "http://teraz.store" "Mozilla/5.0 (Windows NT 10.0; Win64; x64; rv:128.0) Gecko/20100101 Firefox/128.0"
65.21.208.232 - - [18/Sep/2025:11:12:37 +0000] "GET / HTTP/1.1" 200 1911 "-" "Python/3.11 aiohttp/3.9.2"
65.21.208.232 - - [18/Sep/2025:11:13:48 +0000] "POST /wp-cron.php?doing_wp_cron=1758194028.1583309173583984375000 HTTP/1.1" 200 0 "-" "WordPress/6.8.2; https://teraz.store"
65.21.208.232 - - [18/Sep/2025:11:20:34 +0000] "POST /wp-cron.php?doing_wp_cron=1758194434.5052099227905273437500 HTTP/1.1" 200 0 "-" "WordPress/6.8.2; https://teraz.store"
145.239.93.122 - - [18/Sep/2025:11:20:34 +0000] "POST /wp-login.php HTTP/1.1" 302 0 "http://teraz.store" "Mozilla/5.0 (Macintosh; Intel Mac OS X 14.5) AppleWebKit/618.3.5 (KHTML, like Gecko) Version/17.4 Safari/618.3.5"
65.21.208.232 - - [18/Sep/2025:11:12:11 +0000] "POST /wp-cron.php?doing_wp_cron=1758193931.3768320083618164062500 HTTP/1.1" 200 0 "-" "WordPress/6.8.2; https://teraz.store"
65.21.208.232 - - [18/Sep/2025:11:12:11 +0000] "GET / HTTP/1.1" 200 1911 "-" "Python/3.11 aiohttp/3.9.2"
194.242.45.55 - - [18/Sep/2025:11:13:47 +0000] "POST /wp-login.php HTTP/1.1" 302 0 "http://teraz.store" "Mozilla/5.0 (Windows NT 10.0; Win64; x64; rv:125.0.1) Gecko/20100101 Firefox/125.0.1"
65.21.208.232 - - [18/Sep/2025:11:27:11 +0000] "POST /wp-cron.php?doing_wp_cron=1758194831.2592821121215820312500 HTTP/1.1" 200 0 "-" "WordPress/6.8.2; https://teraz.store"
59.110.47.144 - - [18/Sep/2025:11:27:10 +0000] "POST /xmlrpc.php HTTP/1.1" 200 186 "http://teraz.store" "Mozilla/5.0 (Macintosh; Intel Mac OS X 13_3) AppleWebKit/537.36 (KHTML, like Gecko) Chrome/126.0.0.0 Safari/537.36 Edg/126.0.0.0"
86.48.24.152 - - [18/Sep/2025:11:33:15 +0000] "POST /xmlrpc.php HTTP/1.1" 200 186 "http://teraz.store" "Mozilla/5.0 (Windows NT 10.0; Win64; x64; rv:125.0.1) Gecko/20100101 Firefox/125.0.1"
65.21.208.232 - - [18/Sep/2025:11:33:15 +0000] "POST /wp-cron.php?doing_wp_cron=1758195195.7158050537109375000000 HTTP/1.1" 200 0 "-" "WordPress/6.8.2; https://teraz.store"
65.21.208.232 - - [18/Sep/2025:11:44:36 +0000] "POST /wp-cron.php?doing_wp_cron=1758195876.3876368999481201171875 HTTP/1.1" 200 0 "-" "WordPress/6.8.2; https://teraz.store"
34.125.27.163 - - [18/Sep/2025:11:44:36 +0000] "GET / HTTP/1.1" 200 5153 "-" "Mozilla/5.0 (Windows NT 10.0; Win64; x64) AppleWebKit/537.36 (KHTML, like Gecko) Chrome/78.0.3904.108 Safari/537.36"
34.125.27.163 - - [18/Sep/2025:11:44:36 +0000] "GET /?author=1 HTTP/1.1" 200 5171 "-" "Mozilla/5.0 (Windows NT 10.0; Win64; x64) AppleWebKit/537.36 (KHTML, like Gecko) Chrome/78.0.3904.108 Safari/537.36"
34.125.27.163 - - [18/Sep/2025:11:44:37 +0000] "GET /?author=2 HTTP/1.1" 404 5171 "-" "Mozilla/5.0 (Windows NT 10.0; Win64; x64) AppleWebKit/537.36 (KHTML, like Gecko) Chrome/78.0.3904.108 Safari/537.36"
34.125.27.163 - - [18/Sep/2025:11:44:37 +0000] "GET /wp-json/wp/v2/users/ HTTP/1.1" 404 1251 "-" "Mozilla/5.0 (Windows NT 10.0; Win64; x64) AppleWebKit/537.36 (KHTML, like Gecko) Chrome/78.0.3904.108 Safari/537.36"
34.125.27.163 - - [18/Sep/2025:11:44:37 +0000] "GET /wp-json/oembed/1.0/embed?url=http://mail.teraz.store HTTP/1.1" 404 1251 "-" "Mozilla/5.0 (Windows NT 10.0; Win64; x64) AppleWebKit/537.36 (KHTML, like Gecko) Chrome/78.0.3904.108 Safari/537.36"
34.125.27.163 - - [18/Sep/2025:11:44:37 +0000] "POST /xmlrpc.php HTTP/1.1" 200 401 "-" "Mozilla/5.0 (Windows NT 10.0; Win64; x64) AppleWebKit/537.36 (KHTML, like Gecko) Chrome/78.0.3904.108 Safari/537.36"
65.21.208.232 - - [18/Sep/2025:11:45:30 +0000] "POST /wp-cron.php?doing_wp_cron=1758195930.4276080131530761718750 HTTP/1.1" 200 0 "-" "WordPress/6.8.2; https://teraz.store"
34.125.27.163 - - [18/Sep/2025:11:45:00 +0000] "POST /xmlrpc.php HTTP/1.1" 200 401 "-" "Mozilla/5.0 (Windows NT 10.0; Win64; x64) AppleWebKit/537.36 (KHTML, like Gecko) Chrome/78.0.3904.108 Safari/537.36"
34.125.27.163 - - [18/Sep/2025:11:45:30 +0000] "POST /xmlrpc.php HTTP/1.1" 200 401 "-" "Mozilla/5.0 (Windows NT 10.0; Win64; x64) AppleWebKit/537.36 (KHTML, like Gecko) Chrome/78.0.3904.108 Safari/537.36"
34.125.27.163 - - [18/Sep/2025:11:46:00 +0000] "POST /xmlrpc.php HTTP/1.1" 200 440 "-" "Mozilla/5.0 (Windows NT 10.0; Win64; x64) AppleWebKit/537.36 (KHTML, like Gecko) Chrome/78.0.3904.108 Safari/537.36"
34.125.27.163 - - [18/Sep/2025:11:46:15 +0000] "POST /xmlrpc.php HTTP/1.1" 200 440 "-" "Mozilla/5.0 (Windows NT 10.0; Win64; x64) AppleWebKit/537.36 (KHTML, like Gecko) Chrome/78.0.3904.108 Safari/537.36"
34.125.27.163 - - [18/Sep/2025:11:46:45 +0000] "POST /xmlrpc.php HTTP/1.1" 200 440 "-" "Mozilla/5.0 (Windows NT 10.0; Win64; x64) AppleWebKit/537.36 (KHTML, like Gecko) Chrome/78.0.3904.108 Safari/537.36"
34.125.27.163 - - [18/Sep/2025:11:47:15 +0000] "POST /xmlrpc.php HTTP/1.1" 200 440 "-" "Mozilla/5.0 (Windows NT 10.0; Win64; x64) AppleWebKit/537.36 (KHTML, like Gecko) Chrome/78.0.3904.108 Safari/537.36"
65.21.208.232 - - [18/Sep/2025:11:48:15 +0000] "POST /wp-cron.php?doing_wp_cron=1758196095.5245048999786376953125 HTTP/1.1" 200 0 "-" "WordPress/6.8.2; https://teraz.store"
34.125.27.163 - - [18/Sep/2025:11:47:45 +0000] "POST /xmlrpc.php HTTP/1.1" 200 440 "-" "Mozilla/5.0 (Windows NT 10.0; Win64; x64) AppleWebKit/537.36 (KHTML, like Gecko) Chrome/78.0.3904.108 Safari/537.36"
34.125.27.163 - - [18/Sep/2025:11:48:15 +0000] "POST /xmlrpc.php HTTP/1.1" 200 440 "-" "Mozilla/5.0 (Windows NT 10.0; Win64; x64) AppleWebKit/537.36 (KHTML, like Gecko) Chrome/78.0.3904.108 Safari/537.36"
65.21.208.232 - - [18/Sep/2025:11:49:15 +0000] "POST /wp-cron.php?doing_wp_cron=1758196155.5169599056243896484375 HTTP/1.1" 200 0 "-" "WordPress/6.8.2; https://teraz.store"
34.125.27.163 - - [18/Sep/2025:11:48:45 +0000] "POST /xmlrpc.php HTTP/1.1" 200 440 "-" "Mozilla/5.0 (Windows NT 10.0; Win64; x64) AppleWebKit/537.36 (KHTML, like Gecko) Chrome/78.0.3904.108 Safari/537.36"
34.125.27.163 - - [18/Sep/2025:11:49:15 +0000] "POST /xmlrpc.php HTTP/1.1" 200 440 "-" "Mozilla/5.0 (Windows NT 10.0; Win64; x64) AppleWebKit/537.36 (KHTML, like Gecko) Chrome/78.0.3904.108 Safari/537.36"
52.71.74.57 - - [18/Sep/2025:11:49:57 +0000] "GET / HTTP/1.1" 200 1911 "-" "Mozilla/5.0 (Windows NT 10.0; Win64; x64) AppleWebKit/537.36 (KHTML, like Gecko) Chrome/100.0.4896.88 Safari/537.36"
65.21.208.232 - - [18/Sep/2025:11:50:15 +0000] "POST /wp-cron.php?doing_wp_cron=1758196215.5451920032501220703125 HTTP/1.1" 200 0 "-" "WordPress/6.8.2; https://teraz.store"
34.125.27.163 - - [18/Sep/2025:11:49:45 +0000] "POST /xmlrpc.php HTTP/1.1" 200 440 "-" "Mozilla/5.0 (Windows NT 10.0; Win64; x64) AppleWebKit/537.36 (KHTML, like Gecko) Chrome/78.0.3904.108 Safari/537.36"
34.125.27.163 - - [18/Sep/2025:11:50:15 +0000] "POST /xmlrpc.php HTTP/1.1" 200 440 "-" "Mozilla/5.0 (Windows NT 10.0; Win64; x64) AppleWebKit/537.36 (KHTML, like Gecko) Chrome/78.0.3904.108 Safari/537.36"
65.21.208.232 - - [18/Sep/2025:11:51:15 +0000] "POST /wp-cron.php?doing_wp_cron=1758196275.4514060020446777343750 HTTP/1.1" 200 0 "-" "WordPress/6.8.2; https://teraz.store"
34.125.27.163 - - [18/Sep/2025:11:50:45 +0000] "POST /xmlrpc.php HTTP/1.1" 200 440 "-" "Mozilla/5.0 (Windows NT 10.0; Win64; x64) AppleWebKit/537.36 (KHTML, like Gecko) Chrome/78.0.3904.108 Safari/537.36"
34.125.27.163 - - [18/Sep/2025:11:51:15 +0000] "POST /xmlrpc.php HTTP/1.1" 200 440 "-" "Mozilla/5.0 (Windows NT 10.0; Win64; x64) AppleWebKit/537.36 (KHTML, like Gecko) Chrome/78.0.3904.108 Safari/537.36"
34.125.27.163 - - [18/Sep/2025:11:51:45 +0000] "POST /xmlrpc.php HTTP/1.1" 200 440 "-" "Mozilla/5.0 (Windows NT 10.0; Win64; x64) AppleWebKit/537.36 (KHTML, like Gecko) Chrome/78.0.3904.108 Safari/537.36"
34.125.27.163 - - [18/Sep/2025:11:52:00 +0000] "POST /xmlrpc.php HTTP/1.1" 200 440 "-" "Mozilla/5.0 (Windows NT 10.0; Win64; x64) AppleWebKit/537.36 (KHTML, like Gecko) Chrome/78.0.3904.108 Safari/537.36"
34.125.27.163 - - [18/Sep/2025:11:52:30 +0000] "POST /xmlrpc.php HTTP/1.1" 200 440 "-" "Mozilla/5.0 (Windows NT 10.0; Win64; x64) AppleWebKit/537.36 (KHTML, like Gecko) Chrome/78.0.3904.108 Safari/537.36"
65.21.208.232 - - [18/Sep/2025:11:53:15 +0000] "POST /wp-cron.php?doing_wp_cron=1758196395.5593760013580322265625 HTTP/1.1" 200 0 "-" "WordPress/6.8.2; https://teraz.store"
34.125.27.163 - - [18/Sep/2025:11:53:00 +0000] "POST /xmlrpc.php HTTP/1.1" 200 440 "-" "Mozilla/5.0 (Windows NT 10.0; Win64; x64) AppleWebKit/537.36 (KHTML, like Gecko) Chrome/78.0.3904.108 Safari/537.36"
34.125.27.163 - - [18/Sep/2025:11:53:15 +0000] "POST /xmlrpc.php HTTP/1.1" 200 440 "-" "Mozilla/5.0 (Windows NT 10.0; Win64; x64) AppleWebKit/537.36 (KHTML, like Gecko) Chrome/78.0.3904.108 Safari/537.36"
34.125.27.163 - - [18/Sep/2025:11:53:45 +0000] "POST /xmlrpc.php HTTP/1.1" 200 440 "-" "Mozilla/5.0 (Windows NT 10.0; Win64; x64) AppleWebKit/537.36 (KHTML, like Gecko) Chrome/78.0.3904.108 Safari/537.36"
34.125.27.163 - - [18/Sep/2025:11:54:15 +0000] "POST /xmlrpc.php HTTP/1.1" 200 440 "-" "Mozilla/5.0 (Windows NT 10.0; Win64; x64) AppleWebKit/537.36 (KHTML, like Gecko) Chrome/78.0.3904.108 Safari/537.36"
34.125.27.163 - - [18/Sep/2025:11:54:45 +0000] "POST /xmlrpc.php HTTP/1.1" 200 440 "-" "Mozilla/5.0 (Windows NT 10.0; Win64; x64) AppleWebKit/537.36 (KHTML, like Gecko) Chrome/78.0.3904.108 Safari/537.36"
34.125.27.163 - - [18/Sep/2025:11:55:15 +0000] "POST /xmlrpc.php HTTP/1.1" 200 440 "-" "Mozilla/5.0 (Windows NT 10.0; Win64; x64) AppleWebKit/537.36 (KHTML, like Gecko) Chrome/78.0.3904.108 Safari/537.36"
34.125.27.163 - - [18/Sep/2025:11:55:45 +0000] "POST /xmlrpc.php HTTP/1.1" 200 440 "-" "Mozilla/5.0 (Windows NT 10.0; Win64; x64) AppleWebKit/537.36 (KHTML, like Gecko) Chrome/78.0.3904.108 Safari/537.36"
34.125.27.163 - - [18/Sep/2025:11:56:15 +0000] "POST /xmlrpc.php HTTP/1.1" 200 440 "-" "Mozilla/5.0 (Windows NT 10.0; Win64; x64) AppleWebKit/537.36 (KHTML, like Gecko) Chrome/78.0.3904.108 Safari/537.36"
65.21.208.232 - - [18/Sep/2025:11:57:15 +0000] "POST /wp-cron.php?doing_wp_cron=1758196635.4292829036712646484375 HTTP/1.1" 200 0 "-" "WordPress/6.8.2; https://teraz.store"
34.125.27.163 - - [18/Sep/2025:11:56:45 +0000] "POST /xmlrpc.php HTTP/1.1" 200 439 "-" "Mozilla/5.0 (Windows NT 10.0; Win64; x64) AppleWebKit/537.36 (KHTML, like Gecko) Chrome/78.0.3904.108 Safari/537.36"
160.30.113.129 - - [18/Sep/2025:11:57:35 +0000] "POST /xmlrpc.php HTTP/1.1" 200 186 "http://teraz.store" "Mozilla/5.0 (Macintosh; Intel Mac OS X 14.3) AppleWebKit/614.31.14 (KHTML, like Gecko) Version/17.0.96 Safari/614.31.14"
34.125.27.163 - - [18/Sep/2025:11:57:15 +0000] "POST /xmlrpc.php HTTP/1.1" 200 439 "-" "Mozilla/5.0 (Windows NT 10.0; Win64; x64) AppleWebKit/537.36 (KHTML, like Gecko) Chrome/78.0.3904.108 Safari/537.36"
65.21.208.232 - - [18/Sep/2025:11:58:15 +0000] "POST /wp-cron.php?doing_wp_cron=1758196695.4952518939971923828125 HTTP/1.1" 200 0 "-" "WordPress/6.8.2; https://teraz.store"
34.125.27.163 - - [18/Sep/2025:11:57:45 +0000] "POST /xmlrpc.php HTTP/1.1" 200 439 "-" "Mozilla/5.0 (Windows NT 10.0; Win64; x64) AppleWebKit/537.36 (KHTML, like Gecko) Chrome/78.0.3904.108 Safari/537.36"
34.125.27.163 - - [18/Sep/2025:11:58:15 +0000] "POST /xmlrpc.php HTTP/1.1" 200 439 "-" "Mozilla/5.0 (Windows NT 10.0; Win64; x64) AppleWebKit/537.36 (KHTML, like Gecko) Chrome/78.0.3904.108 Safari/537.36"
34.125.27.163 - - [18/Sep/2025:11:58:45 +0000] "POST /xmlrpc.php HTTP/1.1" 200 439 "-" "Mozilla/5.0 (Windows NT 10.0; Win64; x64) AppleWebKit/537.36 (KHTML, like Gecko) Chrome/78.0.3904.108 Safari/537.36"
34.125.27.163 - - [18/Sep/2025:11:59:15 +0000] "POST /xmlrpc.php HTTP/1.1" 200 439 "-" "Mozilla/5.0 (Windows NT 10.0; Win64; x64) AppleWebKit/537.36 (KHTML, like Gecko) Chrome/78.0.3904.108 Safari/537.36"
34.125.27.163 - - [18/Sep/2025:11:59:45 +0000] "POST /xmlrpc.php HTTP/1.1" 200 439 "-" "Mozilla/5.0 (Windows NT 10.0; Win64; x64) AppleWebKit/537.36 (KHTML, like Gecko) Chrome/78.0.3904.108 Safari/537.36"
34.125.27.163 - - [18/Sep/2025:12:00:15 +0000] "POST /xmlrpc.php HTTP/1.1" 200 439 "-" "Mozilla/5.0 (Windows NT 10.0; Win64; x64) AppleWebKit/537.36 (KHTML, like Gecko) Chrome/78.0.3904.108 Safari/537.36"
65.21.208.232 - - [18/Sep/2025:11:42:10 +0000] "POST /wp-cron.php?doing_wp_cron=1758195730.8187348842620849609375 HTTP/1.1" 200 0 "-" "WordPress/6.8.2; https://teraz.store"
65.21.208.232 - - [18/Sep/2025:11:42:09 +0000] "GET / HTTP/1.1" 200 1911 "-" "Python/3.11 aiohttp/3.9.2"
65.21.208.232 - - [18/Sep/2025:11:42:34 +0000] "GET / HTTP/1.1" 200 1911 "-" "Python/3.11 aiohttp/3.9.2"
65.21.208.232 - - [18/Sep/2025:11:46:15 +0000] "POST /wp-cron.php?doing_wp_cron=1758195975.4936499595642089843750 HTTP/1.1" 200 0 "-" "WordPress/6.8.2; https://teraz.store"
65.21.208.232 - - [18/Sep/2025:11:46:45 +0000] "POST /wp-cron.php?doing_wp_cron=1758196005.5341510772705078125000 HTTP/1.1" 200 0 "-" "WordPress/6.8.2; https://teraz.store"
65.21.208.232 - - [18/Sep/2025:11:47:15 +0000] "POST /wp-cron.php?doing_wp_cron=1758196035.5251770019531250000000 HTTP/1.1" 200 0 "-" "WordPress/6.8.2; https://teraz.store"
18.235.231.210 - - [18/Sep/2025:11:51:36 +0000] "POST /xmlrpc.php HTTP/1.1" 200 212 "http://teraz.store" "Mozilla/5.0 (Windows NT 11.0; Win64; x64) AppleWebKit/537.36 (KHTML, like Gecko) Chrome/126.0.0.0 Safari/537.36 Edg/126.0.0.0"
65.21.208.232 - - [18/Sep/2025:11:51:45 +0000] "POST /wp-cron.php?doing_wp_cron=1758196305.4013400077819824218750 HTTP/1.1" 200 0 "-" "WordPress/6.8.2; https://teraz.store"
65.21.208.232 - - [18/Sep/2025:11:52:30 +0000] "POST /wp-cron.php?doing_wp_cron=1758196350.4181880950927734375000 HTTP/1.1" 200 0 "-" "WordPress/6.8.2; https://teraz.store"
65.21.208.232 - - [18/Sep/2025:11:54:15 +0000] "POST /wp-cron.php?doing_wp_cron=1758196455.5300850868225097656250 HTTP/1.1" 200 0 "-" "WordPress/6.8.2; https://teraz.store"
65.21.208.232 - - [18/Sep/2025:11:55:15 +0000] "POST /wp-cron.php?doing_wp_cron=1758196515.5424690246582031250000 HTTP/1.1" 200 0 "-" "WordPress/6.8.2; https://teraz.store"
65.21.208.232 - - [18/Sep/2025:11:56:15 +0000] "POST /wp-cron.php?doing_wp_cron=1758196575.4980220794677734375000 HTTP/1.1" 200 0 "-" "WordPress/6.8.2; https://teraz.store"
65.21.208.232 - - [18/Sep/2025:11:56:45 +0000] "POST /wp-cron.php?doing_wp_cron=1758196605.5790190696716308593750 HTTP/1.1" 200 0 "-" "WordPress/6.8.2; https://teraz.store"
65.21.208.232 - - [18/Sep/2025:11:59:15 +0000] "POST /wp-cron.php?doing_wp_cron=1758196755.4077129364013671875000 HTTP/1.1" 200 0 "-" "WordPress/6.8.2; https://teraz.store"
65.21.208.232 - - [18/Sep/2025:12:00:15 +0000] "POST /wp-cron.php?doing_wp_cron=1758196815.4125409126281738281250 HTTP/1.1" 200 0 "-" "WordPress/6.8.2; https://teraz.store"
65.21.208.232 - - [18/Sep/2025:12:01:15 +0000] "POST /wp-cron.php?doing_wp_cron=1758196875.5248939990997314453125 HTTP/1.1" 200 0 "-" "WordPress/6.8.2; https://teraz.store"
34.125.27.163 - - [18/Sep/2025:12:00:45 +0000] "POST /xmlrpc.php HTTP/1.1" 200 439 "-" "Mozilla/5.0 (Windows NT 10.0; Win64; x64) AppleWebKit/537.36 (KHTML, like Gecko) Chrome/78.0.3904.108 Safari/537.36"
65.21.208.232 - - [18/Sep/2025:12:01:45 +0000] "POST /wp-cron.php?doing_wp_cron=1758196905.4257509708404541015625 HTTP/1.1" 200 0 "-" "WordPress/6.8.2; https://teraz.store"
34.125.27.163 - - [18/Sep/2025:12:01:15 +0000] "POST /xmlrpc.php HTTP/1.1" 200 439 "-" "Mozilla/5.0 (Windows NT 10.0; Win64; x64) AppleWebKit/537.36 (KHTML, like Gecko) Chrome/78.0.3904.108 Safari/537.36"
65.21.208.232 - - [18/Sep/2025:12:02:15 +0000] "POST /wp-cron.php?doing_wp_cron=1758196935.5653669834136962890625 HTTP/1.1" 200 0 "-" "WordPress/6.8.2; https://teraz.store"
34.125.27.163 - - [18/Sep/2025:12:01:45 +0000] "POST /xmlrpc.php HTTP/1.1" 200 439 "-" "Mozilla/5.0 (Windows NT 10.0; Win64; x64) AppleWebKit/537.36 (KHTML, like Gecko) Chrome/78.0.3904.108 Safari/537.36"
34.125.27.163 - - [18/Sep/2025:12:02:15 +0000] "POST /xmlrpc.php HTTP/1.1" 200 439 "-" "Mozilla/5.0 (Windows NT 10.0; Win64; x64) AppleWebKit/537.36 (KHTML, like Gecko) Chrome/78.0.3904.108 Safari/537.36"
65.21.208.232 - - [18/Sep/2025:12:03:15 +0000] "POST /wp-cron.php?doing_wp_cron=1758196995.4966289997100830078125 HTTP/1.1" 200 0 "-" "WordPress/6.8.2; https://teraz.store"
34.125.27.163 - - [18/Sep/2025:12:02:45 +0000] "POST /xmlrpc.php HTTP/1.1" 200 439 "-" "Mozilla/5.0 (Windows NT 10.0; Win64; x64) AppleWebKit/537.36 (KHTML, like Gecko) Chrome/78.0.3904.108 Safari/537.36"
34.125.27.163 - - [18/Sep/2025:12:03:15 +0000] "POST /xmlrpc.php HTTP/1.1" 200 439 "-" "Mozilla/5.0 (Windows NT 10.0; Win64; x64) AppleWebKit/537.36 (KHTML, like Gecko) Chrome/78.0.3904.108 Safari/537.36"
54.37.151.241 - - [18/Sep/2025:12:03:45 +0000] "POST /xmlrpc.php HTTP/1.1" 200 186 "http://teraz.store" "Mozilla/5.0 (Windows NT 10.0; Win64; x64; rv:127.0) Gecko/20100101 Firefox/127.0"
45.148.10.246 - - [18/Sep/2025:12:03:52 +0000] "GET /.git/config HTTP/1.1" 403 1242 "-" "Go-http-client/1.1"
34.125.27.163 - - [18/Sep/2025:12:03:45 +0000] "POST /xmlrpc.php HTTP/1.1" 200 439 "-" "Mozilla/5.0 (Windows NT 10.0; Win64; x64) AppleWebKit/537.36 (KHTML, like Gecko) Chrome/78.0.3904.108 Safari/537.36"
34.125.27.163 - - [18/Sep/2025:12:04:15 +0000] "POST /xmlrpc.php HTTP/1.1" 200 439 "-" "Mozilla/5.0 (Windows NT 10.0; Win64; x64) AppleWebKit/537.36 (KHTML, like Gecko) Chrome/78.0.3904.108 Safari/537.36"
34.125.27.163 - - [18/Sep/2025:12:04:45 +0000] "POST /xmlrpc.php HTTP/1.1" 200 438 "-" "Mozilla/5.0 (Windows NT 10.0; Win64; x64) AppleWebKit/537.36 (KHTML, like Gecko) Chrome/78.0.3904.108 Safari/537.36"
34.125.27.163 - - [18/Sep/2025:12:05:15 +0000] "POST /xmlrpc.php HTTP/1.1" 200 438 "-" "Mozilla/5.0 (Windows NT 10.0; Win64; x64) AppleWebKit/537.36 (KHTML, like Gecko) Chrome/78.0.3904.108 Safari/537.36"
65.21.208.232 - - [18/Sep/2025:12:06:15 +0000] "POST /wp-cron.php?doing_wp_cron=1758197175.4516699314117431640625 HTTP/1.1" 200 0 "-" "WordPress/6.8.2; https://teraz.store"
34.125.27.163 - - [18/Sep/2025:12:05:45 +0000] "POST /xmlrpc.php HTTP/1.1" 200 401 "-" "Mozilla/5.0 (Windows NT 10.0; Win64; x64) AppleWebKit/537.36 (KHTML, like Gecko) Chrome/78.0.3904.108 Safari/537.36"
65.21.208.232 - - [18/Sep/2025:12:06:45 +0000] "POST /wp-cron.php?doing_wp_cron=1758197205.6404860019683837890625 HTTP/1.1" 200 0 "-" "WordPress/6.8.2; https://teraz.store"
34.125.27.163 - - [18/Sep/2025:12:06:15 +0000] "POST /xmlrpc.php HTTP/1.1" 200 401 "-" "Mozilla/5.0 (Windows NT 10.0; Win64; x64) AppleWebKit/537.36 (KHTML, like Gecko) Chrome/78.0.3904.108 Safari/537.36"
34.125.27.163 - - [18/Sep/2025:12:06:45 +0000] "POST /xmlrpc.php HTTP/1.1" 200 401 "-" "Mozilla/5.0 (Windows NT 10.0; Win64; x64) AppleWebKit/537.36 (KHTML, like Gecko) Chrome/78.0.3904.108 Safari/537.36"
34.125.27.163 - - [18/Sep/2025:12:07:15 +0000] "POST /xmlrpc.php HTTP/1.1" 200 440 "-" "Mozilla/5.0 (Windows NT 10.0; Win64; x64) AppleWebKit/537.36 (KHTML, like Gecko) Chrome/78.0.3904.108 Safari/537.36"
34.125.27.163 - - [18/Sep/2025:12:07:30 +0000] "POST /xmlrpc.php HTTP/1.1" 200 440 "-" "Mozilla/5.0 (Windows NT 10.0; Win64; x64) AppleWebKit/537.36 (KHTML, like Gecko) Chrome/78.0.3904.108 Safari/537.36"
34.125.27.163 - - [18/Sep/2025:12:08:00 +0000] "POST /xmlrpc.php HTTP/1.1" 200 440 "-" "Mozilla/5.0 (Windows NT 10.0; Win64; x64) AppleWebKit/537.36 (KHTML, like Gecko) Chrome/78.0.3904.108 Safari/537.36"
34.125.27.163 - - [18/Sep/2025:12:08:15 +0000] "POST /xmlrpc.php HTTP/1.1" 200 440 "-" "Mozilla/5.0 (Windows NT 10.0; Win64; x64) AppleWebKit/537.36 (KHTML, like Gecko) Chrome/78.0.3904.108 Safari/537.36"
34.125.27.163 - - [18/Sep/2025:12:08:30 +0000] "POST /xmlrpc.php HTTP/1.1" 200 440 "-" "Mozilla/5.0 (Windows NT 10.0; Win64; x64) AppleWebKit/537.36 (KHTML, like Gecko) Chrome/78.0.3904.108 Safari/537.36"
34.125.27.163 - - [18/Sep/2025:12:08:45 +0000] "POST /xmlrpc.php HTTP/1.1" 200 440 "-" "Mozilla/5.0 (Windows NT 10.0; Win64; x64) AppleWebKit/537.36 (KHTML, like Gecko) Chrome/78.0.3904.108 Safari/537.36"
34.125.27.163 - - [18/Sep/2025:12:09:00 +0000] "POST /xmlrpc.php HTTP/1.1" 200 440 "-" "Mozilla/5.0 (Windows NT 10.0; Win64; x64) AppleWebKit/537.36 (KHTML, like Gecko) Chrome/78.0.3904.108 Safari/537.36"
34.125.27.163 - - [18/Sep/2025:12:09:15 +0000] "POST /xmlrpc.php HTTP/1.1" 200 440 "-" "Mozilla/5.0 (Windows NT 10.0; Win64; x64) AppleWebKit/537.36 (KHTML, like Gecko) Chrome/78.0.3904.108 Safari/537.36"
34.125.27.163 - - [18/Sep/2025:12:09:30 +0000] "POST /xmlrpc.php HTTP/1.1" 200 440 "-" "Mozilla/5.0 (Windows NT 10.0; Win64; x64) AppleWebKit/537.36 (KHTML, like Gecko) Chrome/78.0.3904.108 Safari/537.36"
34.125.27.163 - - [18/Sep/2025:12:09:45 +0000] "POST /xmlrpc.php HTTP/1.1" 200 440 "-" "Mozilla/5.0 (Windows NT 10.0; Win64; x64) AppleWebKit/537.36 (KHTML, like Gecko) Chrome/78.0.3904.108 Safari/537.36"
34.125.27.163 - - [18/Sep/2025:12:10:00 +0000] "POST /xmlrpc.php HTTP/1.1" 200 440 "-" "Mozilla/5.0 (Windows NT 10.0; Win64; x64) AppleWebKit/537.36 (KHTML, like Gecko) Chrome/78.0.3904.108 Safari/537.36"
34.125.27.163 - - [18/Sep/2025:12:10:15 +0000] "POST /xmlrpc.php HTTP/1.1" 200 440 "-" "Mozilla/5.0 (Windows NT 10.0; Win64; x64) AppleWebKit/537.36 (KHTML, like Gecko) Chrome/78.0.3904.108 Safari/537.36"
34.125.27.163 - - [18/Sep/2025:12:10:30 +0000] "POST /xmlrpc.php HTTP/1.1" 200 440 "-" "Mozilla/5.0 (Windows NT 10.0; Win64; x64) AppleWebKit/537.36 (KHTML, like Gecko) Chrome/78.0.3904.108 Safari/537.36"
65.21.208.232 - - [18/Sep/2025:12:04:15 +0000] "POST /wp-cron.php?doing_wp_cron=1758197055.4996979236602783203125 HTTP/1.1" 200 0 "-" "WordPress/6.8.2; https://teraz.store"
65.21.208.232 - - [18/Sep/2025:12:05:15 +0000] "POST /wp-cron.php?doing_wp_cron=1758197115.5051128864288330078125 HTTP/1.1" 200 0 "-" "WordPress/6.8.2; https://teraz.store"
65.21.208.232 - - [18/Sep/2025:12:08:15 +0000] "POST /wp-cron.php?doing_wp_cron=1758197295.4719541072845458984375 HTTP/1.1" 200 0 "-" "WordPress/6.8.2; https://teraz.store"
65.21.208.232 - - [18/Sep/2025:12:09:15 +0000] "POST /wp-cron.php?doing_wp_cron=1758197355.3383181095123291015625 HTTP/1.1" 200 0 "-" "WordPress/6.8.2; https://teraz.store"
84.247.144.53 - - [18/Sep/2025:12:09:55 +0000] "POST /xmlrpc.php HTTP/1.1" 200 186 "http://teraz.store" "Mozilla/5.0 (Windows NT 10.0; Win64; x64) AppleWebKit/537.36 (KHTML, like Gecko) Chrome/113.0.5672.93 Safari/537.36"
65.21.208.232 - - [18/Sep/2025:12:12:10 +0000] "POST /wp-cron.php?doing_wp_cron=1758197530.1885049343109130859375 HTTP/1.1" 200 0 "-" "WordPress/6.8.2; https://teraz.store"
65.21.208.232 - - [18/Sep/2025:12:12:09 +0000] "GET / HTTP/1.1" 200 1909 "-" "Python/3.11 aiohttp/3.9.2"
65.21.208.232 - - [18/Sep/2025:12:12:34 +0000] "GET / HTTP/1.1" 200 1909 "-" "Python/3.11 aiohttp/3.9.2"
45.148.10.246 - - [18/Sep/2025:12:25:23 +0000] "GET /.git/config HTTP/1.1" 403 1242 "-" "Go-http-client/1.1"
65.21.208.232 - - [18/Sep/2025:12:28:33 +0000] "POST /wp-cron.php?doing_wp_cron=1758198513.8908050060272216796875 HTTP/1.1" 200 0 "-" "WordPress/6.8.2; https://teraz.store"
31.11.36.220 - - [18/Sep/2025:12:34:46 +0000] "POST /xmlrpc.php HTTP/1.1" 200 186 "http://teraz.store" "Mozilla/5.0 (Macintosh; Intel Mac OS X 10.15; rv:126.0) Gecko/20100101 Firefox/126.0"
65.21.208.232 - - [18/Sep/2025:12:41:04 +0000] "POST /wp-cron.php?doing_wp_cron=1758199264.7011620998382568359375 HTTP/1.1" 200 0 "-" "WordPress/6.8.2; https://teraz.store"
216.48.180.84 - - [18/Sep/2025:12:41:03 +0000] "POST /xmlrpc.php HTTP/1.1" 200 186 "http://teraz.store" "Mozilla/5.0 (Windows NT 10.0; Win64; x64) AppleWebKit/537.36 (KHTML, like Gecko) Chrome/112.0.5615.138 Safari/537.36 Edg/112.0.1722.68"
65.21.208.232 - - [18/Sep/2025:12:42:10 +0000] "GET / HTTP/1.1" 200 1909 "-" "Python/3.11 aiohttp/3.9.2"
65.21.208.232 - - [18/Sep/2025:12:47:15 +0000] "POST /wp-cron.php?doing_wp_cron=1758199635.6772220134735107421875 HTTP/1.1" 200 0 "-" "WordPress/6.8.2; https://teraz.store"
167.94.145.97 - - [18/Sep/2025:12:58:43 +0000] "GET / HTTP/1.1" 200 1909 "-" "Mozilla/5.0 (compatible; CensysInspect/1.1; +https://about.censys.io/)"
167.94.145.97 - - [18/Sep/2025:12:58:46 +0000] "GET /favicon.ico HTTP/1.1" 404 1251 "-" "Mozilla/5.0 (compatible; CensysInspect/1.1; +https://about.censys.io/)"
65.21.208.232 - - [18/Sep/2025:12:59:51 +0000] "POST /wp-cron.php?doing_wp_cron=1758200391.7589800357818603515625 HTTP/1.1" 200 0 "-" "WordPress/6.8.2; https://teraz.store"
185.252.30.41 - - [18/Sep/2025:12:59:51 +0000] "POST /xmlrpc.php HTTP/1.1" 200 186 "http://teraz.store" "Mozilla/5.0 (Windows NT 10.0; Win64; x64) AppleWebKit/537.36 (KHTML, like Gecko) Chrome/115.0.5790.102 Safari/537.36"
143.244.168.161 - - [18/Sep/2025:13:02:34 +0000] "GET /actuator/env HTTP/1.1" 404 1251 "-" "Go-http-client/1.1"
143.244.168.161 - - [18/Sep/2025:13:02:34 +0000] "GET /about HTTP/1.1" 404 1251 "-" "Go-http-client/1.1"
143.244.168.161 - - [18/Sep/2025:13:02:35 +0000] "GET /debug/default/view?panel=config HTTP/1.1" 404 1251 "-" "Go-http-client/1.1"
143.244.168.161 - - [18/Sep/2025:13:02:35 +0000] "GET /ecp/Current/exporttool/microsoft.exchange.ediscovery.exporttool.application HTTP/1.1" 404 1251 "-" "Go-http-client/1.1"
143.244.168.161 - - [18/Sep/2025:13:02:35 +0000] "GET /login.action HTTP/1.1" 404 1251 "-" "Go-http-client/1.1"
143.244.168.161 - - [18/Sep/2025:13:02:36 +0000] "GET /_all_dbs HTTP/1.1" 404 1251 "-" "Mozilla/5.0 (l9scan/2.0.233323e2830323e21323e25363; +https://leakix.net)"
143.244.168.161 - - [18/Sep/2025:13:02:37 +0000] "GET /s/233323e2830323e21323e25363/_/;/META-INF/maven/com.atlassian.jira/jira-webapp-dist/pom.properties HTTP/1.1" 404 1251 "-" "Go-http-client/1.1"
143.244.168.161 - - [18/Sep/2025:13:02:37 +0000] "GET /?rest_route=/wp/v2/users/ HTTP/1.1" 200 1758 "-" "Go-http-client/1.1"
65.21.208.232 - - [18/Sep/2025:12:07:15 +0000] "POST /wp-cron.php?doing_wp_cron=1758197235.5129199028015136718750 HTTP/1.1" 200 0 "-" "WordPress/6.8.2; https://teraz.store"
65.21.208.232 - - [18/Sep/2025:12:10:15 +0000] "POST /wp-cron.php?doing_wp_cron=1758197415.3672749996185302734375 HTTP/1.1" 200 0 "-" "WordPress/6.8.2; https://teraz.store"
65.21.208.232 - - [18/Sep/2025:12:12:34 +0000] "POST /wp-cron.php?doing_wp_cron=1758197554.7399361133575439453125 HTTP/1.1" 200 0 "-" "WordPress/6.8.2; https://teraz.store"
217.160.185.141 - - [18/Sep/2025:12:28:33 +0000] "POST /xmlrpc.php HTTP/1.1" 200 186 "http://teraz.store" "Mozilla/5.0 (Macintosh; Intel Mac OS X 10_15_7; rv:128.0) Gecko/20100101 Firefox/128.0"
65.21.208.232 - - [18/Sep/2025:12:34:46 +0000] "POST /wp-cron.php?doing_wp_cron=1758198886.4350090026855468750000 HTTP/1.1" 200 0 "-" "WordPress/6.8.2; https://teraz.store"
65.21.208.232 - - [18/Sep/2025:12:42:10 +0000] "POST /wp-cron.php?doing_wp_cron=1758199330.9875481128692626953125 HTTP/1.1" 200 0 "-" "WordPress/6.8.2; https://teraz.store"
65.21.208.232 - - [18/Sep/2025:12:42:37 +0000] "GET / HTTP/1.1" 200 1909 "-" "Python/3.11 aiohttp/3.9.2"
34.168.79.94 - - [18/Sep/2025:12:47:14 +0000] "POST /xmlrpc.php HTTP/1.1" 200 186 "http://teraz.store" "Mozilla/5.0 (Macintosh; Intel Mac OS X 14_4_1) AppleWebKit/605.1.15 (KHTML, like Gecko) Version/17.3.1 Safari/605.1.15"
167.94.145.97 - - [18/Sep/2025:12:58:55 +0000] "GET /favicon.ico HTTP/1.1" 404 1251 "-" "Mozilla/5.0 (compatible; CensysInspect/1.1; +https://about.censys.io/)"
45.148.10.246 - - [18/Sep/2025:13:02:01 +0000] "GET /.git/config HTTP/1.1" 403 1242 "-" "Go-http-client/1.1"
45.148.10.246 - - [18/Sep/2025:13:02:03 +0000] "GET /.git/config HTTP/1.1" 403 1242 "-" "Go-http-client/1.1"
143.244.168.161 - - [18/Sep/2025:13:02:33 +0000] "GET / HTTP/1.1" 200 5153 "-" "-"
143.244.168.161 - - [18/Sep/2025:13:02:33 +0000] "GET / HTTP/1.1" 200 5153 "-" "Mozilla/5.0 (Linux; Android 6.0; HTC One M9 Build/MRA952210) AppleWebKit/537.36 (KHTML, like Gecko) Chrome/52.0.1091.98 Mobile Safari/537.3"
143.244.168.161 - - [18/Sep/2025:13:02:34 +0000] "GET /@vite/env HTTP/1.1" 404 1251 "-" "Go-http-client/1.1"
143.244.168.161 - - [18/Sep/2025:13:02:34 +0000] "GET /server HTTP/1.1" 404 1251 "-" "Go-http-client/1.1"
143.244.168.161 - - [18/Sep/2025:13:02:34 +0000] "GET /.vscode/sftp.json HTTP/1.1" 404 1251 "-" "Go-http-client/1.1"
143.244.168.161 - - [18/Sep/2025:13:02:35 +0000] "GET /v2/_catalog HTTP/1.1" 404 1251 "-" "Go-http-client/1.1"
143.244.168.161 - - [18/Sep/2025:13:02:35 +0000] "GET /server-status HTTP/1.1" 404 1251 "-" "Go-http-client/1.1"
143.244.168.161 - - [18/Sep/2025:13:02:36 +0000] "GET /.DS_Store HTTP/1.1" 404 1251 "-" "Go-http-client/1.1"
143.244.168.161 - - [18/Sep/2025:13:02:36 +0000] "GET /.env HTTP/1.1" 404 1251 "-" "Go-http-client/1.1"
143.244.168.161 - - [18/Sep/2025:13:02:36 +0000] "GET /.git/config HTTP/1.1" 403 1242 "-" "Go-http-client/1.1"
143.244.168.161 - - [18/Sep/2025:13:02:37 +0000] "GET /config.json HTTP/1.1" 404 1251 "-" "Go-http-client/1.1"
143.244.168.161 - - [18/Sep/2025:13:02:37 +0000] "GET /telescope/requests HTTP/1.1" 404 1251 "-" "Go-http-client/1.1"
143.244.168.161 - - [18/Sep/2025:13:02:37 +0000] "GET /info.php HTTP/1.1" 404 1251 "-" "Go-http-client/1.1"
65.21.208.232 - - [18/Sep/2025:13:12:32 +0000] "GET / HTTP/1.1" 200 1909 "-" "Python/3.11 aiohttp/3.9.2"
54.37.151.241 - - [18/Sep/2025:13:12:55 +0000] "POST /xmlrpc.php HTTP/1.1" 200 212 "http://teraz.store" "Mozilla/5.0 (Macintosh; Intel Mac OS X 10_15_7) AppleWebKit/537.36 (KHTML, like Gecko) Chrome/116.0.5845.96 Safari/537.36"
65.21.208.232 - - [18/Sep/2025:13:14:44 +0000] "POST /wp-cron.php?doing_wp_cron=1758201284.8559479713439941406250 HTTP/1.1" 200 0 "-" "WordPress/6.8.2; https://teraz.store"
65.21.208.232 - - [18/Sep/2025:13:14:44 +0000] "POST /wp-cron.php?doing_wp_cron=1758201284.8559050559997558593750 HTTP/1.1" 200 0 "-" "WordPress/6.8.2; https://teraz.store"
54.91.113.96 - - [18/Sep/2025:13:14:43 +0000] "GET /wp-login.php HTTP/1.1" 302 0 "-" "Mozilla/5.0"
65.21.208.232 - - [18/Sep/2025:13:12:10 +0000] "POST /wp-cron.php?doing_wp_cron=1758201130.7093160152435302734375 HTTP/1.1" 200 0 "-" "WordPress/6.8.2; https://teraz.store"
65.21.208.232 - - [18/Sep/2025:13:12:09 +0000] "GET / HTTP/1.1" 200 1909 "-" "Python/3.11 aiohttp/3.9.2"
54.91.113.96 - - [18/Sep/2025:13:14:43 +0000] "GET /wp-login.php HTTP/1.1" 302 0 "-" "Mozilla/5.0"
65.21.208.232 - - [18/Sep/2025:13:19:26 +0000] "POST /wp-cron.php?doing_wp_cron=1758201566.1402020454406738281250 HTTP/1.1" 200 0 "-" "WordPress/6.8.2; https://teraz.store"
65.21.208.232 - - [18/Sep/2025:13:25:57 +0000] "POST /wp-cron.php?doing_wp_cron=1758201957.3826329708099365234375 HTTP/1.1" 200 0 "-" "WordPress/6.8.2; https://teraz.store"
65.21.208.232 - - [18/Sep/2025:13:32:25 +0000] "POST /wp-cron.php?doing_wp_cron=1758202345.8380110263824462890625 HTTP/1.1" 200 0 "-" "WordPress/6.8.2; https://teraz.store"
65.21.208.232 - - [18/Sep/2025:13:43:57 +0000] "POST /wp-cron.php?doing_wp_cron=1758203037.9075620174407958984375 HTTP/1.1" 200 0 "-" "WordPress/6.8.2; https://teraz.store"
43.166.128.86 - - [18/Sep/2025:13:43:57 +0000] "GET / HTTP/1.1" 200 1909 "-" "Mozilla/5.0 (iPhone; CPU iPhone OS 13_2_3 like Mac OS X) AppleWebKit/605.1.15 (KHTML, like Gecko) Version/13.0.3 Mobile/15E148 Safari/604.1"
36.111.67.189 - - [18/Sep/2025:13:45:35 +0000] "GET / HTTP/1.1" 200 1909 "http://www.teraz.store" "Mozilla/5.0 (iPhone; CPU iPhone OS 13_2_3 like Mac OS X) AppleWebKit/605.1.15 (KHTML, like Gecko) Version/13.0.3 Mobile/15E148 Safari/604.1"
65.21.208.232 - - [18/Sep/2025:13:51:31 +0000] "POST /wp-cron.php?doing_wp_cron=1758203491.0818970203399658203125 HTTP/1.1" 200 0 "-" "WordPress/6.8.2; https://teraz.store"
165.232.60.151 - - [18/Sep/2025:13:51:30 +0000] "POST /xmlrpc.php HTTP/1.1" 200 186 "http://teraz.store" "Mozilla/5.0 (Macintosh; Intel Mac OS X 13_3) AppleWebKit/537.36 (KHTML, like Gecko) Chrome/126.0.0.0 Safari/537.36 Edg/126.0.0.0"
167.172.113.201 - - [18/Sep/2025:14:04:23 +0000] "POST /xmlrpc.php HTTP/1.1" 200 186 "http://teraz.store" "Mozilla/5.0 (Windows NT 11.0; Win64; x64) AppleWebKit/537.36 (KHTML, like Gecko) Chrome/126.0.0.0 Safari/537.36 Edg/126.0.0.0"
69.163.163.201 - - [18/Sep/2025:14:06:22 +0000] "GET / HTTP/1.1" 200 1657 "-" "Mozilla/5.0 (Windows NT 10.0; Win64; x64) AppleWebKit/537.36 (KHTML, like Gecko) Chrome/114.0.5735.199 Safari/537.36 Edg/114.0.1823.67"
65.21.208.232 - - [18/Sep/2025:14:12:11 +0000] "POST /wp-cron.php?doing_wp_cron=1758204731.2489340305328369140625 HTTP/1.1" 200 0 "-" "WordPress/6.8.2; https://teraz.store"
65.21.208.232 - - [18/Sep/2025:14:12:35 +0000] "GET / HTTP/1.1" 200 1909 "-" "Python/3.11 aiohttp/3.9.2"
54.87.140.202 - - [18/Sep/2025:14:18:32 +0000] "GET / HTTP/1.1" 200 5153 "-" "Mozilla/5.0 (Windows NT 10.0; Win64; x64) AppleWebKit/537.36 (KHTML, like Gecko) Chrome/78.0.3904.108 Safari/537.36"
54.87.140.202 - - [18/Sep/2025:14:18:32 +0000] "GET /?author=1 HTTP/1.1" 301 0 "-" "Mozilla/5.0 (Windows NT 10.0; Win64; x64) AppleWebKit/537.36 (KHTML, like Gecko) Chrome/78.0.3904.108 Safari/537.36"
54.87.140.202 - - [18/Sep/2025:14:18:33 +0000] "GET /?author=2 HTTP/1.1" 404 5171 "-" "Mozilla/5.0 (Windows NT 10.0; Win64; x64) AppleWebKit/537.36 (KHTML, like Gecko) Chrome/78.0.3904.108 Safari/537.36"
54.87.140.202 - - [18/Sep/2025:14:18:33 +0000] "GET /wp-json/wp/v2/users/ HTTP/1.1" 404 1251 "-" "Mozilla/5.0 (Windows NT 10.0; Win64; x64) AppleWebKit/537.36 (KHTML, like Gecko) Chrome/78.0.3904.108 Safari/537.36"
54.87.140.202 - - [18/Sep/2025:14:18:33 +0000] "POST /xmlrpc.php HTTP/1.1" 200 401 "-" "Mozilla/5.0 (Windows NT 10.0; Win64; x64) AppleWebKit/537.36 (KHTML, like Gecko) Chrome/78.0.3904.108 Safari/537.36"
54.87.140.202 - - [18/Sep/2025:14:18:33 +0000] "POST /xmlrpc.php HTTP/1.1" 200 401 "-" "Mozilla/5.0 (Windows NT 10.0; Win64; x64) AppleWebKit/537.36 (KHTML, like Gecko) Chrome/78.0.3904.108 Safari/537.36"
54.87.140.202 - - [18/Sep/2025:14:18:34 +0000] "POST /xmlrpc.php HTTP/1.1" 200 401 "-" "Mozilla/5.0 (Windows NT 10.0; Win64; x64) AppleWebKit/537.36 (KHTML, like Gecko) Chrome/78.0.3904.108 Safari/537.36"
54.87.140.202 - - [18/Sep/2025:14:18:34 +0000] "POST /xmlrpc.php HTTP/1.1" 200 440 "-" "Mozilla/5.0 (Windows NT 10.0; Win64; x64) AppleWebKit/537.36 (KHTML, like Gecko) Chrome/78.0.3904.108 Safari/537.36"
54.87.140.202 - - [18/Sep/2025:14:18:35 +0000] "POST /xmlrpc.php HTTP/1.1" 200 440 "-" "Mozilla/5.0 (Windows NT 10.0; Win64; x64) AppleWebKit/537.36 (KHTML, like Gecko) Chrome/78.0.3904.108 Safari/537.36"
54.87.140.202 - - [18/Sep/2025:14:18:35 +0000] "POST /xmlrpc.php HTTP/1.1" 200 440 "-" "Mozilla/5.0 (Windows NT 10.0; Win64; x64) AppleWebKit/537.36 (KHTML, like Gecko) Chrome/78.0.3904.108 Safari/537.36"
54.87.140.202 - - [18/Sep/2025:14:18:36 +0000] "POST /xmlrpc.php HTTP/1.1" 200 440 "-" "Mozilla/5.0 (Windows NT 10.0; Win64; x64) AppleWebKit/537.36 (KHTML, like Gecko) Chrome/78.0.3904.108 Safari/537.36"
54.87.140.202 - - [18/Sep/2025:14:18:38 +0000] "POST /xmlrpc.php HTTP/1.1" 200 440 "-" "Mozilla/5.0 (Windows NT 10.0; Win64; x64) AppleWebKit/537.36 (KHTML, like Gecko) Chrome/78.0.3904.108 Safari/537.36"
54.87.140.202 - - [18/Sep/2025:14:18:41 +0000] "POST /xmlrpc.php HTTP/1.1" 200 440 "-" "Mozilla/5.0 (Windows NT 10.0; Win64; x64) AppleWebKit/537.36 (KHTML, like Gecko) Chrome/78.0.3904.108 Safari/537.36"
54.87.140.202 - - [18/Sep/2025:14:18:45 +0000] "POST /xmlrpc.php HTTP/1.1" 200 440 "-" "Mozilla/5.0 (Windows NT 10.0; Win64; x64) AppleWebKit/537.36 (KHTML, like Gecko) Chrome/78.0.3904.108 Safari/537.36"
54.87.140.202 - - [18/Sep/2025:14:18:49 +0000] "POST /xmlrpc.php HTTP/1.1" 200 440 "-" "Mozilla/5.0 (Windows NT 10.0; Win64; x64) AppleWebKit/537.36 (KHTML, like Gecko) Chrome/78.0.3904.108 Safari/537.36"
54.87.140.202 - - [18/Sep/2025:14:19:00 +0000] "POST /xmlrpc.php HTTP/1.1" 200 440 "-" "Mozilla/5.0 (Windows NT 10.0; Win64; x64) AppleWebKit/537.36 (KHTML, like Gecko) Chrome/78.0.3904.108 Safari/537.36"
54.87.140.202 - - [18/Sep/2025:14:19:15 +0000] "POST /xmlrpc.php HTTP/1.1" 200 440 "-" "Mozilla/5.0 (Windows NT 10.0; Win64; x64) AppleWebKit/537.36 (KHTML, like Gecko) Chrome/78.0.3904.108 Safari/537.36"
54.87.140.202 - - [18/Sep/2025:14:19:30 +0000] "POST /xmlrpc.php HTTP/1.1" 200 440 "-" "Mozilla/5.0 (Windows NT 10.0; Win64; x64) AppleWebKit/537.36 (KHTML, like Gecko) Chrome/78.0.3904.108 Safari/537.36"
54.87.140.202 - - [18/Sep/2025:14:19:45 +0000] "POST /xmlrpc.php HTTP/1.1" 200 440 "-" "Mozilla/5.0 (Windows NT 10.0; Win64; x64) AppleWebKit/537.36 (KHTML, like Gecko) Chrome/78.0.3904.108 Safari/537.36"
54.87.140.202 - - [18/Sep/2025:14:20:00 +0000] "POST /xmlrpc.php HTTP/1.1" 200 440 "-" "Mozilla/5.0 (Windows NT 10.0; Win64; x64) AppleWebKit/537.36 (KHTML, like Gecko) Chrome/78.0.3904.108 Safari/537.36"
34.13.254.175 - - [18/Sep/2025:14:20:23 +0000] "GET / HTTP/1.1" 200 1909 "-" "Mozilla/5.0 (compatible; CMS-Checker/1.0; +https://example.com)"
54.87.140.202 - - [18/Sep/2025:14:20:15 +0000] "POST /xmlrpc.php HTTP/1.1" 200 440 "-" "Mozilla/5.0 (Windows NT 10.0; Win64; x64) AppleWebKit/537.36 (KHTML, like Gecko) Chrome/78.0.3904.108 Safari/537.36"
54.87.140.202 - - [18/Sep/2025:14:20:30 +0000] "POST /xmlrpc.php HTTP/1.1" 200 440 "-" "Mozilla/5.0 (Windows NT 10.0; Win64; x64) AppleWebKit/537.36 (KHTML, like Gecko) Chrome/78.0.3904.108 Safari/537.36"
54.87.140.202 - - [18/Sep/2025:14:20:45 +0000] "POST /xmlrpc.php HTTP/1.1" 200 440 "-" "Mozilla/5.0 (Windows NT 10.0; Win64; x64) AppleWebKit/537.36 (KHTML, like Gecko) Chrome/78.0.3904.108 Safari/537.36"
54.87.140.202 - - [18/Sep/2025:14:21:00 +0000] "POST /xmlrpc.php HTTP/1.1" 200 440 "-" "Mozilla/5.0 (Windows NT 10.0; Win64; x64) AppleWebKit/537.36 (KHTML, like Gecko) Chrome/78.0.3904.108 Safari/537.36"
54.87.140.202 - - [18/Sep/2025:14:21:15 +0000] "POST /xmlrpc.php HTTP/1.1" 200 440 "-" "Mozilla/5.0 (Windows NT 10.0; Win64; x64) AppleWebKit/537.36 (KHTML, like Gecko) Chrome/78.0.3904.108 Safari/537.36"
54.87.140.202 - - [18/Sep/2025:14:21:30 +0000] "POST /xmlrpc.php HTTP/1.1" 200 440 "-" "Mozilla/5.0 (Windows NT 10.0; Win64; x64) AppleWebKit/537.36 (KHTML, like Gecko) Chrome/78.0.3904.108 Safari/537.36"
54.87.140.202 - - [18/Sep/2025:14:21:45 +0000] "POST /xmlrpc.php HTTP/1.1" 200 440 "-" "Mozilla/5.0 (Windows NT 10.0; Win64; x64) AppleWebKit/537.36 (KHTML, like Gecko) Chrome/78.0.3904.108 Safari/537.36"
101.37.75.104 - - [18/Sep/2025:13:19:25 +0000] "POST /xmlrpc.php HTTP/1.1" 200 186 "http://teraz.store" "Mozilla/5.0 (Windows NT 11.0; Win64; x64) AppleWebKit/537.36 (KHTML, like Gecko) Chrome/126.0.0.0 Safari/537.36 Edg/126.0.0.0"
160.22.122.134 - - [18/Sep/2025:13:25:56 +0000] "POST /xmlrpc.php HTTP/1.1" 200 186 "http://teraz.store" "Mozilla/5.0 (Macintosh; Intel Mac OS X 13_3) AppleWebKit/537.36 (KHTML, like Gecko) Chrome/126.0.0.0 Safari/537.36 Edg/126.0.0.0"
198.186.130.214 - - [18/Sep/2025:13:32:25 +0000] "POST /xmlrpc.php HTTP/1.1" 200 186 "http://teraz.store" "Mozilla/5.0 (Windows NT 10.0; Win64; x64; rv:129.0) Gecko/20100101 Firefox/129.0"
65.21.208.232 - - [18/Sep/2025:13:42:12 +0000] "POST /wp-cron.php?doing_wp_cron=1758202932.0505878925323486328125 HTTP/1.1" 200 0 "-" "WordPress/6.8.2; https://teraz.store"
65.21.208.232 - - [18/Sep/2025:13:42:10 +0000] "GET / HTTP/1.1" 200 1909 "-" "Python/3.11 aiohttp/3.9.2"
65.21.208.232 - - [18/Sep/2025:13:42:36 +0000] "GET / HTTP/1.1" 200 1909 "-" "Python/3.11 aiohttp/3.9.2"
171.244.34.211 - - [18/Sep/2025:13:45:09 +0000] "POST /xmlrpc.php HTTP/1.1" 200 186 "http://teraz.store" "Mozilla/5.0 (Windows NT 10.0; Win64; x64) AppleWebKit/537.36 (KHTML, like Gecko) Chrome/126.0.0.0 Safari/537.36"
65.21.208.232 - - [18/Sep/2025:13:45:34 +0000] "POST /wp-cron.php?doing_wp_cron=1758203134.5782160758972167968750 HTTP/1.1" 200 0 "-" "WordPress/6.8.2; https://teraz.store"
36.111.67.189 - - [18/Sep/2025:13:45:34 +0000] "GET / HTTP/1.1" 301 0 "-" "Mozilla/5.0 (iPhone; CPU iPhone OS 13_2_3 like Mac OS X) AppleWebKit/605.1.15 (KHTML, like Gecko) Version/13.0.3 Mobile/15E148 Safari/604.1"
65.21.208.232 - - [18/Sep/2025:14:04:23 +0000] "POST /wp-cron.php?doing_wp_cron=1758204263.9401500225067138671875 HTTP/1.1" 200 0 "-" "WordPress/6.8.2; https://teraz.store"
