20.171.207.48 - - [18/Sep/2025:14:24:48 +0000] "GET /vendor/illuminate/contracts/Cache/?SD HTTP/1.1" 200 1108 "-" "Mozilla/5.0 AppleWebKit/537.36 (KHTML, like Gecko; compatible; GPTBot/1.2; +https://openai.com/gptbot)"
20.171.207.48 - - [18/Sep/2025:14:31:14 +0000] "GET /vendor/illuminate/http/Exceptions/ThrottleRequestsException.php HTTP/1.1" 500 0 "-" "Mozilla/5.0 AppleWebKit/537.36 (KHTML, like Gecko; compatible; GPTBot/1.2; +https://openai.com/gptbot)"
20.171.207.48 - - [18/Sep/2025:14:34:59 +0000] "GET /vendor/illuminate/http/Middleware/?SA HTTP/1.1" 200 1189 "-" "Mozilla/5.0 AppleWebKit/537.36 (KHTML, like Gecko; compatible; GPTBot/1.2; +https://openai.com/gptbot)"
4.227.36.50 - - [18/Sep/2025:14:35:07 +0000] "GET /robots.txt HTTP/1.1" 404 1251 "-" "Mozilla/5.0 AppleWebKit/537.36 (KHTML, like Gecko; compatible; GPTBot/1.2; +https://openai.com/gptbot)"
20.171.207.48 - - [18/Sep/2025:14:36:35 +0000] "GET /vendor/illuminate/contracts/Cache/Repository.php HTTP/1.1" 500 0 "-" "Mozilla/5.0 AppleWebKit/537.36 (KHTML, like Gecko; compatible; GPTBot/1.2; +https://openai.com/gptbot)"
20.171.207.48 - - [18/Sep/2025:14:38:20 +0000] "GET /vendor/illuminate/http/Exceptions/?ND HTTP/1.1" 200 769 "-" "Mozilla/5.0 AppleWebKit/537.36 (KHTML, like Gecko; compatible; GPTBot/1.2; +https://openai.com/gptbot)"
20.171.207.48 - - [18/Sep/2025:14:41:02 +0000] "GET /vendor/illuminate/http/Exceptions/?NA HTTP/1.1" 200 764 "-" "Mozilla/5.0 AppleWebKit/537.36 (KHTML, like Gecko; compatible; GPTBot/1.2; +https://openai.com/gptbot)"
65.21.208.232 - - [18/Sep/2025:14:42:17 +0000] "GET / HTTP/1.1" 200 1423 "-" "Python/3.11 aiohttp/3.9.2"
20.171.207.48 - - [18/Sep/2025:14:42:34 +0000] "GET /vendor/illuminate/database/Schema/IndexDefinition.php HTTP/1.1" 500 0 "-" "Mozilla/5.0 AppleWebKit/537.36 (KHTML, like Gecko; compatible; GPTBot/1.2; +https://openai.com/gptbot)"
20.171.207.48 - - [18/Sep/2025:14:43:39 +0000] "GET /vendor/illuminate/database/Schema/MySqlBuilder.php HTTP/1.1" 500 0 "-" "Mozilla/5.0 AppleWebKit/537.36 (KHTML, like Gecko; compatible; GPTBot/1.2; +https://openai.com/gptbot)"
20.171.207.48 - - [18/Sep/2025:14:45:45 +0000] "GET /vendor/illuminate/database/Schema/PostgresBuilder.php HTTP/1.1" 500 0 "-" "Mozilla/5.0 AppleWebKit/537.36 (KHTML, like Gecko; compatible; GPTBot/1.2; +https://openai.com/gptbot)"
20.171.207.48 - - [18/Sep/2025:14:46:46 +0000] "GET /vendor/illuminate/database/Schema/ForeignKeyDefinition.php HTTP/1.1" 500 0 "-" "Mozilla/5.0 AppleWebKit/537.36 (KHTML, like Gecko; compatible; GPTBot/1.2; +https://openai.com/gptbot)"
20.171.207.48 - - [18/Sep/2025:14:48:52 +0000] "GET /vendor/illuminate/database/Schema/SqlServerBuilder.php HTTP/1.1" 500 0 "-" "Mozilla/5.0 AppleWebKit/537.36 (KHTML, like Gecko; compatible; GPTBot/1.2; +https://openai.com/gptbot)"
20.171.207.48 - - [18/Sep/2025:14:51:01 +0000] "GET /vendor/illuminate/database/Schema/PostgresSchemaState.php HTTP/1.1" 500 0 "-" "Mozilla/5.0 AppleWebKit/537.36 (KHTML, like Gecko; compatible; GPTBot/1.2; +https://openai.com/gptbot)"
4.227.36.50 - - [18/Sep/2025:14:51:02 +0000] "GET /robots.txt HTTP/1.1" 404 1251 "-" "Mozilla/5.0 AppleWebKit/537.36 (KHTML, like Gecko; compatible; GPTBot/1.2; +https://openai.com/gptbot)"
20.171.207.48 - - [18/Sep/2025:14:53:04 +0000] "GET /vendor/illuminate/database/Schema/?SD HTTP/1.1" 200 1438 "-" "Mozilla/5.0 AppleWebKit/537.36 (KHTML, like Gecko; compatible; GPTBot/1.2; +https://openai.com/gptbot)"
20.171.207.48 - - [18/Sep/2025:14:55:57 +0000] "GET /vendor/illuminate/database/Schema/SQLiteBuilder.php HTTP/1.1" 500 0 "-" "Mozilla/5.0 AppleWebKit/537.36 (KHTML, like Gecko; compatible; GPTBot/1.2; +https://openai.com/gptbot)"
20.171.207.48 - - [18/Sep/2025:14:56:44 +0000] "GET /vendor/illuminate/contracts/Debug/?SD HTTP/1.1" 200 681 "-" "Mozilla/5.0 AppleWebKit/537.36 (KHTML, like Gecko; compatible; GPTBot/1.2; +https://openai.com/gptbot)"
20.171.207.48 - - [18/Sep/2025:14:58:47 +0000] "GET /vendor/illuminate/contracts/Queue/?ND HTTP/1.1" 200 1255 "-" "Mozilla/5.0 AppleWebKit/537.36 (KHTML, like Gecko; compatible; GPTBot/1.2; +https://openai.com/gptbot)"
20.171.207.48 - - [18/Sep/2025:15:01:43 +0000] "GET /vendor/illuminate/contracts/Redis/?SA HTTP/1.1" 200 725 "-" "Mozilla/5.0 AppleWebKit/537.36 (KHTML, like Gecko; compatible; GPTBot/1.2; +https://openai.com/gptbot)"
4.227.36.50 - - [18/Sep/2025:15:01:44 +0000] "GET /robots.txt HTTP/1.1" 404 1251 "-" "Mozilla/5.0 AppleWebKit/537.36 (KHTML, like Gecko; compatible; GPTBot/1.2; +https://openai.com/gptbot)"
20.171.207.48 - - [18/Sep/2025:15:02:49 +0000] "GET /vendor/illuminate/database/Schema/MySqlBuilder.php HTTP/1.1" 500 0 "-" "Mozilla/5.0 AppleWebKit/537.36 (KHTML, like Gecko; compatible; GPTBot/1.2; +https://openai.com/gptbot)"
20.171.207.48 - - [18/Sep/2025:14:49:55 +0000] "GET /vendor/illuminate/database/Schema/MariaDbBuilder.php HTTP/1.1" 500 0 "-" "Mozilla/5.0 AppleWebKit/537.36 (KHTML, like Gecko; compatible; GPTBot/1.2; +https://openai.com/gptbot)"
20.171.207.48 - - [18/Sep/2025:14:52:00 +0000] "GET /vendor/illuminate/database/Schema/SqliteSchemaState.php HTTP/1.1" 500 0 "-" "Mozilla/5.0 AppleWebKit/537.36 (KHTML, like Gecko; compatible; GPTBot/1.2; +https://openai.com/gptbot)"
20.171.207.48 - - [18/Sep/2025:14:54:06 +0000] "GET /vendor/illuminate/contracts/Redis/?MD HTTP/1.1" 200 727 "-" "Mozilla/5.0 AppleWebKit/537.36 (KHTML, like Gecko; compatible; GPTBot/1.2; +https://openai.com/gptbot)"
20.171.207.48 - - [18/Sep/2025:14:55:06 +0000] "GET /vendor/illuminate/contracts/Debug/?ND HTTP/1.1" 200 678 "-" "Mozilla/5.0 AppleWebKit/537.36 (KHTML, like Gecko; compatible; GPTBot/1.2; +https://openai.com/gptbot)"
20.171.207.48 - - [18/Sep/2025:14:57:49 +0000] "GET /vendor/illuminate/database/Schema/Builder.php HTTP/1.1" 500 0 "-" "Mozilla/5.0 AppleWebKit/537.36 (KHTML, like Gecko; compatible; GPTBot/1.2; +https://openai.com/gptbot)"
20.171.207.48 - - [18/Sep/2025:14:59:52 +0000] "GET /vendor/illuminate/http/Middleware/?SD HTTP/1.1" 200 1183 "-" "Mozilla/5.0 AppleWebKit/537.36 (KHTML, like Gecko; compatible; GPTBot/1.2; +https://openai.com/gptbot)"
20.171.207.48 - - [18/Sep/2025:15:00:51 +0000] "GET /vendor/illuminate/database/Schema/Blueprint.php HTTP/1.1" 500 0 "-" "Mozilla/5.0 AppleWebKit/537.36 (KHTML, like Gecko; compatible; GPTBot/1.2; +https://openai.com/gptbot)"
20.171.207.48 - - [18/Sep/2025:15:03:54 +0000] "GET /vendor/illuminate/database/Schema/ForeignIdColumnDefinition.php HTTP/1.1" 500 0 "-" "Mozilla/5.0 AppleWebKit/537.36 (KHTML, like Gecko; compatible; GPTBot/1.2; +https://openai.com/gptbot)"
65.21.208.232 - - [18/Sep/2025:15:12:59 +0000] "GET / HTTP/1.1" 200 1412 "-" "Python/3.11 aiohttp/3.9.2"
176.46.138.150 - - [18/Sep/2025:15:26:46 +0000] "GET / HTTP/1.1" 200 1412 "-" "Go-http-client/1.1"
66.249.70.32 - - [18/Sep/2025:16:09:03 +0000] "GET /robots.txt HTTP/1.1" 404 1251 "-" "Mozilla/5.0 (compatible; Googlebot/2.1; +http://www.google.com/bot.html)"
66.249.70.33 - - [18/Sep/2025:16:09:11 +0000] "GET /ads.txt HTTP/1.1" 404 1251 "-" "Mozilla/5.0 (compatible; Googlebot/2.1; +http://www.google.com/bot.html)"
65.21.208.232 - - [18/Sep/2025:16:42:17 +0000] "GET / HTTP/1.1" 200 1423 "-" "Python/3.11 aiohttp/3.9.2"
65.21.208.232 - - [18/Sep/2025:16:43:10 +0000] "GET / HTTP/1.1" 200 1412 "-" "Python/3.11 aiohttp/3.9.2"
170.106.107.87 - - [18/Sep/2025:16:43:26 +0000] "GET / HTTP/1.1" 200 1416 "-" "Mozilla/5.0 (iPhone; CPU iPhone OS 13_2_3 like Mac OS X) AppleWebKit/605.1.15 (KHTML, like Gecko) Version/13.0.3 Mobile/15E148 Safari/604.1"
65.21.208.232 - - [18/Sep/2025:15:12:15 +0000] "GET / HTTP/1.1" 200 1423 "-" "Python/3.11 aiohttp/3.9.2"
4.227.36.50 - - [18/Sep/2025:15:30:21 +0000] "GET /robots.txt HTTP/1.1" 404 1251 "-" "Mozilla/5.0 AppleWebKit/537.36 (KHTML, like Gecko; compatible; GPTBot/1.2; +https://openai.com/gptbot)"
65.21.208.232 - - [18/Sep/2025:15:42:15 +0000] "GET / HTTP/1.1" 200 1423 "-" "Python/3.11 aiohttp/3.9.2"
65.21.208.232 - - [18/Sep/2025:15:43:00 +0000] "GET / HTTP/1.1" 200 1412 "-" "Python/3.11 aiohttp/3.9.2"
4.227.36.50 - - [18/Sep/2025:16:07:13 +0000] "GET /robots.txt HTTP/1.1" 404 1251 "-" "Mozilla/5.0 AppleWebKit/537.36 (KHTML, like Gecko; compatible; GPTBot/1.2; +https://openai.com/gptbot)"
65.21.208.232 - - [18/Sep/2025:16:12:16 +0000] "GET / HTTP/1.1" 200 1423 "-" "Python/3.11 aiohttp/3.9.2"
65.21.208.232 - - [18/Sep/2025:16:13:02 +0000] "GET / HTTP/1.1" 200 1412 "-" "Python/3.11 aiohttp/3.9.2"
4.227.36.50 - - [18/Sep/2025:16:52:12 +0000] "GET /robots.txt HTTP/1.1" 404 1251 "-" "Mozilla/5.0 AppleWebKit/537.36 (KHTML, like Gecko; compatible; GPTBot/1.2; +https://openai.com/gptbot)"
20.171.207.48 - - [18/Sep/2025:17:06:14 +0000] "GET /vendor/illuminate/database/Schema/ForeignKeyDefinition.php HTTP/1.1" 500 0 "-" "Mozilla/5.0 AppleWebKit/537.36 (KHTML, like Gecko; compatible; GPTBot/1.2; +https://openai.com/gptbot)"
4.227.36.50 - - [18/Sep/2025:16:58:08 +0000] "GET /robots.txt HTTP/1.1" 404 1251 "-" "Mozilla/5.0 AppleWebKit/537.36 (KHTML, like Gecko; compatible; GPTBot/1.2; +https://openai.com/gptbot)"
65.21.208.232 - - [18/Sep/2025:17:12:17 +0000] "GET / HTTP/1.1" 200 1423 "-" "Python/3.11 aiohttp/3.9.2"
65.21.208.232 - - [18/Sep/2025:17:13:11 +0000] "GET / HTTP/1.1" 200 1412 "-" "Python/3.11 aiohttp/3.9.2"
4.227.36.50 - - [18/Sep/2025:17:15:24 +0000] "GET /robots.txt HTTP/1.1" 404 1251 "-" "Mozilla/5.0 AppleWebKit/537.36 (KHTML, like Gecko; compatible; GPTBot/1.2; +https://openai.com/gptbot)"
20.171.207.28 - - [18/Sep/2025:17:19:27 +0000] "GET /vendor/illuminate/database/Schema/MariaDbSchemaState.php HTTP/1.1" 500 0 "-" "Mozilla/5.0 AppleWebKit/537.36 (KHTML, like Gecko; compatible; GPTBot/1.2; +https://openai.com/gptbot)"
20.171.207.28 - - [18/Sep/2025:17:21:27 +0000] "GET /vendor/illuminate/contracts/Debug/?NA HTTP/1.1" 200 677 "-" "Mozilla/5.0 AppleWebKit/537.36 (KHTML, like Gecko; compatible; GPTBot/1.2; +https://openai.com/gptbot)"
20.171.207.28 - - [18/Sep/2025:17:22:24 +0000] "GET /vendor/illuminate/database/Schema/PostgresSchemaState.php HTTP/1.1" 500 0 "-" "Mozilla/5.0 AppleWebKit/537.36 (KHTML, like Gecko; compatible; GPTBot/1.2; +https://openai.com/gptbot)"
20.171.207.28 - - [18/Sep/2025:17:23:19 +0000] "GET /vendor/illuminate/database/Schema/?NA HTTP/1.1" 200 1449 "-" "Mozilla/5.0 AppleWebKit/537.36 (KHTML, like Gecko; compatible; GPTBot/1.2; +https://openai.com/gptbot)"
20.171.207.28 - - [18/Sep/2025:17:25:17 +0000] "GET /vendor/illuminate/database/Schema/PostgresBuilder.php HTTP/1.1" 500 0 "-" "Mozilla/5.0 AppleWebKit/537.36 (KHTML, like Gecko; compatible; GPTBot/1.2; +https://openai.com/gptbot)"
20.171.207.28 - - [18/Sep/2025:17:28:22 +0000] "GET /vendor/illuminate/contracts/Debug/?MD HTTP/1.1" 200 682 "-" "Mozilla/5.0 AppleWebKit/537.36 (KHTML, like Gecko; compatible; GPTBot/1.2; +https://openai.com/gptbot)"
20.171.207.28 - - [18/Sep/2025:17:29:25 +0000] "GET /vendor/illuminate/contracts/Queue/?MD HTTP/1.1" 200 1291 "-" "Mozilla/5.0 AppleWebKit/537.36 (KHTML, like Gecko; compatible; GPTBot/1.2; +https://openai.com/gptbot)"
20.171.207.28 - - [18/Sep/2025:17:31:15 +0000] "GET /vendor/illuminate/database/Schema/MySqlBuilder.php HTTP/1.1" 500 0 "-" "Mozilla/5.0 AppleWebKit/537.36 (KHTML, like Gecko; compatible; GPTBot/1.2; +https://openai.com/gptbot)"
20.171.207.28 - - [18/Sep/2025:17:32:15 +0000] "GET /vendor/illuminate/database/Schema/ForeignIdColumnDefinition.php HTTP/1.1" 500 0 "-" "Mozilla/5.0 AppleWebKit/537.36 (KHTML, like Gecko; compatible; GPTBot/1.2; +https://openai.com/gptbot)"
20.171.207.28 - - [18/Sep/2025:17:33:20 +0000] "GET /vendor/illuminate/contracts/Cache/?NA HTTP/1.1" 200 1098 "-" "Mozilla/5.0 AppleWebKit/537.36 (KHTML, like Gecko; compatible; GPTBot/1.2; +https://openai.com/gptbot)"
20.171.207.28 - - [18/Sep/2025:17:36:26 +0000] "GET /vendor/illuminate/database/Schema/MariaDbSchemaState.php HTTP/1.1" 500 0 "-" "Mozilla/5.0 AppleWebKit/537.36 (KHTML, like Gecko; compatible; GPTBot/1.2; +https://openai.com/gptbot)"
20.171.207.28 - - [18/Sep/2025:17:38:25 +0000] "GET /vendor/illuminate/database/Schema/ForeignKeyDefinition.php HTTP/1.1" 500 0 "-" "Mozilla/5.0 AppleWebKit/537.36 (KHTML, like Gecko; compatible; GPTBot/1.2; +https://openai.com/gptbot)"
4.227.36.50 - - [18/Sep/2025:17:39:22 +0000] "GET /robots.txt HTTP/1.1" 404 1251 "-" "Mozilla/5.0 AppleWebKit/537.36 (KHTML, like Gecko; compatible; GPTBot/1.2; +https://openai.com/gptbot)"
20.171.207.28 - - [18/Sep/2025:17:41:19 +0000] "GET /vendor/guzzlehttp/promises/src/CancellationException.php HTTP/1.1" 500 0 "-" "Mozilla/5.0 AppleWebKit/537.36 (KHTML, like Gecko; compatible; GPTBot/1.2; +https://openai.com/gptbot)"
20.171.207.28 - - [18/Sep/2025:17:42:07 +0000] "GET /vendor/illuminate/database/Schema/Blueprint.php HTTP/1.1" 500 0 "-" "Mozilla/5.0 AppleWebKit/537.36 (KHTML, like Gecko; compatible; GPTBot/1.2; +https://openai.com/gptbot)"
20.171.207.28 - - [18/Sep/2025:17:44:11 +0000] "GET /vendor/illuminate/database/Schema/SQLiteBuilder.php HTTP/1.1" 500 0 "-" "Mozilla/5.0 AppleWebKit/537.36 (KHTML, like Gecko; compatible; GPTBot/1.2; +https://openai.com/gptbot)"
20.171.207.28 - - [18/Sep/2025:17:46:18 +0000] "GET /vendor/illuminate/http/Exceptions/ThrottleRequestsException.php HTTP/1.1" 500 0 "-" "Mozilla/5.0 AppleWebKit/537.36 (KHTML, like Gecko; compatible; GPTBot/1.2; +https://openai.com/gptbot)"
20.171.207.28 - - [18/Sep/2025:17:18:24 +0000] "GET /vendor/illuminate/contracts/Redis/?SD HTTP/1.1" 200 726 "-" "Mozilla/5.0 AppleWebKit/537.36 (KHTML, like Gecko; compatible; GPTBot/1.2; +https://openai.com/gptbot)"
20.171.207.28 - - [18/Sep/2025:17:20:23 +0000] "GET /vendor/illuminate/http/Exceptions/?MD HTTP/1.1" 200 776 "-" "Mozilla/5.0 AppleWebKit/537.36 (KHTML, like Gecko; compatible; GPTBot/1.2; +https://openai.com/gptbot)"
4.227.36.50 - - [18/Sep/2025:17:20:33 +0000] "GET /robots.txt HTTP/1.1" 404 1251 "-" "Mozilla/5.0 AppleWebKit/537.36 (KHTML, like Gecko; compatible; GPTBot/1.2; +https://openai.com/gptbot)"
20.171.207.28 - - [18/Sep/2025:17:24:21 +0000] "GET /vendor/illuminate/database/Schema/IndexDefinition.php HTTP/1.1" 500 0 "-" "Mozilla/5.0 AppleWebKit/537.36 (KHTML, like Gecko; compatible; GPTBot/1.2; +https://openai.com/gptbot)"
20.171.207.28 - - [18/Sep/2025:17:26:17 +0000] "GET /vendor/illuminate/database/Schema/SqliteSchemaState.php HTTP/1.1" 500 0 "-" "Mozilla/5.0 AppleWebKit/537.36 (KHTML, like Gecko; compatible; GPTBot/1.2; +https://openai.com/gptbot)"
20.171.207.28 - - [18/Sep/2025:17:27:20 +0000] "GET /vendor/illuminate/database/Schema/SqlServerBuilder.php HTTP/1.1" 500 0 "-" "Mozilla/5.0 AppleWebKit/537.36 (KHTML, like Gecko; compatible; GPTBot/1.2; +https://openai.com/gptbot)"
4.227.36.50 - - [18/Sep/2025:17:28:23 +0000] "GET /robots.txt HTTP/1.1" 404 1251 "-" "Mozilla/5.0 AppleWebKit/537.36 (KHTML, like Gecko; compatible; GPTBot/1.2; +https://openai.com/gptbot)"
20.171.207.28 - - [18/Sep/2025:17:30:23 +0000] "GET /vendor/illuminate/database/Schema/MariaDbBuilder.php HTTP/1.1" 500 0 "-" "Mozilla/5.0 AppleWebKit/537.36 (KHTML, like Gecko; compatible; GPTBot/1.2; +https://openai.com/gptbot)"
4.227.36.50 - - [18/Sep/2025:17:33:29 +0000] "GET /robots.txt HTTP/1.1" 404 1251 "-" "Mozilla/5.0 AppleWebKit/537.36 (KHTML, like Gecko; compatible; GPTBot/1.2; +https://openai.com/gptbot)"
20.171.207.28 - - [18/Sep/2025:17:34:24 +0000] "GET /vendor/illuminate/http/Exceptions/ThrottleRequestsException.php HTTP/1.1" 500 0 "-" "Mozilla/5.0 AppleWebKit/537.36 (KHTML, like Gecko; compatible; GPTBot/1.2; +https://openai.com/gptbot)"
20.171.207.28 - - [18/Sep/2025:17:35:21 +0000] "GET /vendor/illuminate/contracts/Redis/?NA HTTP/1.1" 200 720 "-" "Mozilla/5.0 AppleWebKit/537.36 (KHTML, like Gecko; compatible; GPTBot/1.2; +https://openai.com/gptbot)"
20.171.207.28 - - [18/Sep/2025:17:37:24 +0000] "GET /vendor/illuminate/http/Exceptions/?SA HTTP/1.1" 200 781 "-" "Mozilla/5.0 AppleWebKit/537.36 (KHTML, like Gecko; compatible; GPTBot/1.2; +https://openai.com/gptbot)"
20.171.207.28 - - [18/Sep/2025:17:39:22 +0000] "GET /vendor/illuminate/contracts/Cache/?ND HTTP/1.1" 200 1110 "-" "Mozilla/5.0 AppleWebKit/537.36 (KHTML, like Gecko; compatible; GPTBot/1.2; +https://openai.com/gptbot)"
20.171.207.28 - - [18/Sep/2025:17:40:21 +0000] "GET /vendor/illuminate/contracts/Queue/?NA HTTP/1.1" 200 1266 "-" "Mozilla/5.0 AppleWebKit/537.36 (KHTML, like Gecko; compatible; GPTBot/1.2; +https://openai.com/gptbot)"
65.21.208.232 - - [18/Sep/2025:17:42:18 +0000] "GET / HTTP/1.1" 200 1423 "-" "Python/3.11 aiohttp/3.9.2"
20.171.207.28 - - [18/Sep/2025:17:43:09 +0000] "GET /vendor/illuminate/database/Schema/Builder.php HTTP/1.1" 500 0 "-" "Mozilla/5.0 AppleWebKit/537.36 (KHTML, like Gecko; compatible; GPTBot/1.2; +https://openai.com/gptbot)"
65.21.208.232 - - [18/Sep/2025:17:43:14 +0000] "GET / HTTP/1.1" 200 1412 "-" "Python/3.11 aiohttp/3.9.2"
20.171.207.28 - - [18/Sep/2025:17:45:17 +0000] "GET /vendor/illuminate/contracts/Cache/?MA HTTP/1.1" 200 1098 "-" "Mozilla/5.0 AppleWebKit/537.36 (KHTML, like Gecko; compatible; GPTBot/1.2; +https://openai.com/gptbot)"
4.227.36.50 - - [18/Sep/2025:17:45:27 +0000] "GET /robots.txt HTTP/1.1" 404 1251 "-" "Mozilla/5.0 AppleWebKit/537.36 (KHTML, like Gecko; compatible; GPTBot/1.2; +https://openai.com/gptbot)"
20.171.207.28 - - [18/Sep/2025:17:49:16 +0000] "GET /vendor/illuminate/http/Exceptions/?SD HTTP/1.1" 200 778 "-" "Mozilla/5.0 AppleWebKit/537.36 (KHTML, like Gecko; compatible; GPTBot/1.2; +https://openai.com/gptbot)"
20.171.207.28 - - [18/Sep/2025:17:51:19 +0000] "GET /vendor/spatie/ray/src/Support/SystemClock.php HTTP/1.1" 500 0 "-" "Mozilla/5.0 AppleWebKit/537.36 (KHTML, like Gecko; compatible; GPTBot/1.2; +https://openai.com/gptbot)"
20.171.207.28 - - [18/Sep/2025:17:52:08 +0000] "GET /vendor/spatie/ray/src/Support/CacheStore.php HTTP/1.1" 200 0 "-" "Mozilla/5.0 AppleWebKit/537.36 (KHTML, like Gecko; compatible; GPTBot/1.2; +https://openai.com/gptbot)"
43.159.148.221 - - [18/Sep/2025:17:52:11 +0000] "GET / HTTP/1.1" 200 1412 "-" "Mozilla/5.0 (iPhone; CPU iPhone OS 13_2_3 like Mac OS X) AppleWebKit/605.1.15 (KHTML, like Gecko) Version/13.0.3 Mobile/15E148 Safari/604.1"
20.171.207.28 - - [18/Sep/2025:17:53:10 +0000] "GET /vendor/illuminate/console/View/Components/Confirm.php HTTP/1.1" 500 0 "-" "Mozilla/5.0 AppleWebKit/537.36 (KHTML, like Gecko; compatible; GPTBot/1.2; +https://openai.com/gptbot)"
20.171.207.28 - - [18/Sep/2025:17:54:08 +0000] "GET /vendor/illuminate/contracts/Cache/?MD HTTP/1.1" 200 1101 "-" "Mozilla/5.0 AppleWebKit/537.36 (KHTML, like Gecko; compatible; GPTBot/1.2; +https://openai.com/gptbot)"
4.227.36.50 - - [18/Sep/2025:17:54:18 +0000] "GET /robots.txt HTTP/1.1" 404 1251 "-" "Mozilla/5.0 AppleWebKit/537.36 (KHTML, like Gecko; compatible; GPTBot/1.2; +https://openai.com/gptbot)"
20.171.207.28 - - [18/Sep/2025:17:55:08 +0000] "GET /vendor/spatie/ray/src/Support/RateLimiter.php HTTP/1.1" 200 0 "-" "Mozilla/5.0 AppleWebKit/537.36 (KHTML, like Gecko; compatible; GPTBot/1.2; +https://openai.com/gptbot)"
20.171.207.28 - - [18/Sep/2025:17:56:07 +0000] "GET /vendor/illuminate/database/Migrations/?MA HTTP/1.1" 200 1089 "-" "Mozilla/5.0 AppleWebKit/537.36 (KHTML, like Gecko; compatible; GPTBot/1.2; +https://openai.com/gptbot)"
20.171.207.28 - - [18/Sep/2025:17:58:45 +0000] "GET /vendor/illuminate/database/Connectors/?MA HTTP/1.1" 200 1186 "-" "Mozilla/5.0 AppleWebKit/537.36 (KHTML, like Gecko; compatible; GPTBot/1.2; +https://openai.com/gptbot)"
20.171.207.28 - - [18/Sep/2025:17:59:44 +0000] "GET /vendor/illuminate/http/Exceptions/ThrottleRequestsException.php HTTP/1.1" 500 0 "-" "Mozilla/5.0 AppleWebKit/537.36 (KHTML, like Gecko; compatible; GPTBot/1.2; +https://openai.com/gptbot)"
20.171.207.28 - - [18/Sep/2025:18:00:37 +0000] "GET /vendor/illuminate/validation/Concerns/?MA HTTP/1.1" 200 804 "-" "Mozilla/5.0 AppleWebKit/537.36 (KHTML, like Gecko; compatible; GPTBot/1.2; +https://openai.com/gptbot)"
20.171.207.28 - - [18/Sep/2025:18:05:06 +0000] "GET /vendor/illuminate/validation/Concerns/?SA HTTP/1.1" 200 797 "-" "Mozilla/5.0 AppleWebKit/537.36 (KHTML, like Gecko; compatible; GPTBot/1.2; +https://openai.com/gptbot)"
20.171.207.28 - - [18/Sep/2025:18:06:06 +0000] "GET /vendor/illuminate/contracts/Cache/Repository.php HTTP/1.1" 500 0 "-" "Mozilla/5.0 AppleWebKit/537.36 (KHTML, like Gecko; compatible; GPTBot/1.2; +https://openai.com/gptbot)"
20.171.207.28 - - [18/Sep/2025:18:07:01 +0000] "GET /vendor/illuminate/validation/Concerns/?ND HTTP/1.1" 200 793 "-" "Mozilla/5.0 AppleWebKit/537.36 (KHTML, like Gecko; compatible; GPTBot/1.2; +https://openai.com/gptbot)"
20.171.207.28 - - [18/Sep/2025:18:08:04 +0000] "GET /vendor/illuminate/database/Migrations/?NA HTTP/1.1" 200 1076 "-" "Mozilla/5.0 AppleWebKit/537.36 (KHTML, like Gecko; compatible; GPTBot/1.2; +https://openai.com/gptbot)"
20.171.207.28 - - [18/Sep/2025:18:09:01 +0000] "GET /vendor/illuminate/database/Migrations/?ND HTTP/1.1" 200 1080 "-" "Mozilla/5.0 AppleWebKit/537.36 (KHTML, like Gecko; compatible; GPTBot/1.2; +https://openai.com/gptbot)"
20.171.207.28 - - [18/Sep/2025:18:09:50 +0000] "GET /vendor/illuminate/database/Connectors/SqlServerConnector.php HTTP/1.1" 500 0 "-" "Mozilla/5.0 AppleWebKit/537.36 (KHTML, like Gecko; compatible; GPTBot/1.2; +https://openai.com/gptbot)"
20.171.207.28 - - [18/Sep/2025:17:47:11 +0000] "GET /vendor/illuminate/database/Schema/PostgresSchemaState.php HTTP/1.1" 500 0 "-" "Mozilla/5.0 AppleWebKit/537.36 (KHTML, like Gecko; compatible; GPTBot/1.2; +https://openai.com/gptbot)"
20.171.207.28 - - [18/Sep/2025:17:48:11 +0000] "GET /vendor/illuminate/contracts/Cache/Repository.php HTTP/1.1" 500 0 "-" "Mozilla/5.0 AppleWebKit/537.36 (KHTML, like Gecko; compatible; GPTBot/1.2; +https://openai.com/gptbot)"
20.171.207.28 - - [18/Sep/2025:17:50:21 +0000] "GET /vendor/spatie/ray/src/Settings/SettingsFactory.php HTTP/1.1" 200 0 "-" "Mozilla/5.0 AppleWebKit/537.36 (KHTML, like Gecko; compatible; GPTBot/1.2; +https://openai.com/gptbot)"
20.171.207.28 - - [18/Sep/2025:17:56:57 +0000] "GET /vendor/illuminate/database/Console/Factories/FactoryMakeCommand.php HTTP/1.1" 500 0 "-" "Mozilla/5.0 AppleWebKit/537.36 (KHTML, like Gecko; compatible; GPTBot/1.2; +https://openai.com/gptbot)"
20.171.207.28 - - [18/Sep/2025:17:57:45 +0000] "GET /vendor/illuminate/database/Connectors/?ND HTTP/1.1" 200 1175 "-" "Mozilla/5.0 AppleWebKit/537.36 (KHTML, like Gecko; compatible; GPTBot/1.2; +https://openai.com/gptbot)"
4.227.36.50 - - [18/Sep/2025:17:59:45 +0000] "GET /robots.txt HTTP/1.1" 404 1251 "-" "Mozilla/5.0 AppleWebKit/537.36 (KHTML, like Gecko; compatible; GPTBot/1.2; +https://openai.com/gptbot)"
20.171.207.28 - - [18/Sep/2025:18:01:40 +0000] "GET /vendor/illuminate/database/Connectors/?SA HTTP/1.1" 200 1190 "-" "Mozilla/5.0 AppleWebKit/537.36 (KHTML, like Gecko; compatible; GPTBot/1.2; +https://openai.com/gptbot)"
20.171.207.28 - - [18/Sep/2025:18:02:38 +0000] "GET /vendor/illuminate/database/Migrations/?SA HTTP/1.1" 200 1072 "-" "Mozilla/5.0 AppleWebKit/537.36 (KHTML, like Gecko; compatible; GPTBot/1.2; +https://openai.com/gptbot)"
20.171.207.28 - - [18/Sep/2025:18:03:31 +0000] "GET /vendor/illuminate/database/Connectors/error_log HTTP/1.1" 403 1242 "-" "Mozilla/5.0 AppleWebKit/537.36 (KHTML, like Gecko; compatible; GPTBot/1.2; +https://openai.com/gptbot)"
20.171.207.28 - - [18/Sep/2025:18:04:35 +0000] "GET /vendor/illuminate/database/Connectors/SQLiteConnector.php HTTP/1.1" 500 0 "-" "Mozilla/5.0 AppleWebKit/537.36 (KHTML, like Gecko; compatible; GPTBot/1.2; +https://openai.com/gptbot)"
4.227.36.50 - - [18/Sep/2025:18:05:13 +0000] "GET /robots.txt HTTP/1.1" 404 1251 "-" "Mozilla/5.0 AppleWebKit/537.36 (KHTML, like Gecko; compatible; GPTBot/1.2; +https://openai.com/gptbot)"
20.171.207.28 - - [18/Sep/2025:18:10:38 +0000] "GET /vendor/illuminate/database/Connectors/?SD HTTP/1.1" 200 1181 "-" "Mozilla/5.0 AppleWebKit/537.36 (KHTML, like Gecko; compatible; GPTBot/1.2; +https://openai.com/gptbot)"
20.171.207.28 - - [18/Sep/2025:18:11:39 +0000] "GET /vendor/illuminate/database/Connectors/?NA HTTP/1.1" 200 1186 "-" "Mozilla/5.0 AppleWebKit/537.36 (KHTML, like Gecko; compatible; GPTBot/1.2; +https://openai.com/gptbot)"
65.21.208.232 - - [18/Sep/2025:18:12:19 +0000] "GET / HTTP/1.1" 200 1423 "-" "Python/3.11 aiohttp/3.9.2"
20.171.207.28 - - [18/Sep/2025:18:12:34 +0000] "GET /vendor/illuminate/validation/Concerns/?MD HTTP/1.1" 200 801 "-" "Mozilla/5.0 AppleWebKit/537.36 (KHTML, like Gecko; compatible; GPTBot/1.2; +https://openai.com/gptbot)"
20.171.207.28 - - [18/Sep/2025:18:14:14 +0000] "GET /vendor/illuminate/validation/Concerns/?NA HTTP/1.1" 200 788 "-" "Mozilla/5.0 AppleWebKit/537.36 (KHTML, like Gecko; compatible; GPTBot/1.2; +https://openai.com/gptbot)"
20.171.207.28 - - [18/Sep/2025:18:15:01 +0000] "GET /vendor/illuminate/validation/Concerns/?SD HTTP/1.1" 200 798 "-" "Mozilla/5.0 AppleWebKit/537.36 (KHTML, like Gecko; compatible; GPTBot/1.2; +https://openai.com/gptbot)"
20.171.207.28 - - [18/Sep/2025:18:15:42 +0000] "GET /vendor/illuminate/validation/Concerns/FormatsMessages.php HTTP/1.1" 500 0 "-" "Mozilla/5.0 AppleWebKit/537.36 (KHTML, like Gecko; compatible; GPTBot/1.2; +https://openai.com/gptbot)"
20.171.207.28 - - [18/Sep/2025:18:17:25 +0000] "GET /vendor/illuminate/database/Connectors/?MD HTTP/1.1" 200 1179 "-" "Mozilla/5.0 AppleWebKit/537.36 (KHTML, like Gecko; compatible; GPTBot/1.2; +https://openai.com/gptbot)"
4.227.36.50 - - [18/Sep/2025:18:17:34 +0000] "GET /robots.txt HTTP/1.1" 404 1251 "-" "Mozilla/5.0 AppleWebKit/537.36 (KHTML, like Gecko; compatible; GPTBot/1.2; +https://openai.com/gptbot)"
20.171.207.28 - - [18/Sep/2025:18:22:58 +0000] "GET /vendor/illuminate/support/DefaultProviders.php HTTP/1.1" 200 0 "-" "Mozilla/5.0 AppleWebKit/537.36 (KHTML, like Gecko; compatible; GPTBot/1.2; +https://openai.com/gptbot)"
20.171.207.28 - - [18/Sep/2025:18:27:00 +0000] "GET /vendor/spatie/backtrace/composer.json HTTP/1.1" 200 551 "-" "Mozilla/5.0 AppleWebKit/537.36 (KHTML, like Gecko; compatible; GPTBot/1.2; +https://openai.com/gptbot)"
20.171.207.28 - - [18/Sep/2025:18:27:49 +0000] "GET /vendor/illuminate/support/ProcessUtils.php HTTP/1.1" 200 0 "-" "Mozilla/5.0 AppleWebKit/537.36 (KHTML, like Gecko; compatible; GPTBot/1.2; +https://openai.com/gptbot)"
20.171.207.28 - - [18/Sep/2025:18:28:37 +0000] "GET /vendor/illuminate/database/Connectors/SqlServerConnector.php HTTP/1.1" 500 0 "-" "Mozilla/5.0 AppleWebKit/537.36 (KHTML, like Gecko; compatible; GPTBot/1.2; +https://openai.com/gptbot)"
4.227.36.50 - - [18/Sep/2025:18:28:39 +0000] "GET /robots.txt HTTP/1.1" 404 1251 "-" "Mozilla/5.0 AppleWebKit/537.36 (KHTML, like Gecko; compatible; GPTBot/1.2; +https://openai.com/gptbot)"
20.171.207.28 - - [18/Sep/2025:18:29:19 +0000] "GET /vendor/illuminate/translation/CreatesPotentiallyTranslatedStrings.php HTTP/1.1" 200 0 "-" "Mozilla/5.0 AppleWebKit/537.36 (KHTML, like Gecko; compatible; GPTBot/1.2; +https://openai.com/gptbot)"
20.171.207.28 - - [18/Sep/2025:18:30:24 +0000] "GET /vendor/illuminate/contracts/Translation/Translator.php HTTP/1.1" 200 0 "-" "Mozilla/5.0 AppleWebKit/537.36 (KHTML, like Gecko; compatible; GPTBot/1.2; +https://openai.com/gptbot)"
20.171.207.28 - - [18/Sep/2025:18:31:20 +0000] "GET /vendor/illuminate/cache/Events/CacheMissed.php HTTP/1.1" 500 0 "-" "Mozilla/5.0 AppleWebKit/537.36 (KHTML, like Gecko; compatible; GPTBot/1.2; +https://openai.com/gptbot)"
20.171.207.28 - - [18/Sep/2025:18:33:11 +0000] "GET /vendor/zbateson/stream-decorators/src/UUStream.php HTTP/1.1" 500 0 "-" "Mozilla/5.0 AppleWebKit/537.36 (KHTML, like Gecko; compatible; GPTBot/1.2; +https://openai.com/gptbot)"
20.171.207.28 - - [18/Sep/2025:18:34:08 +0000] "GET /vendor/illuminate/database/Events/?MA HTTP/1.1" 200 1539 "-" "Mozilla/5.0 AppleWebKit/537.36 (KHTML, like Gecko; compatible; GPTBot/1.2; +https://openai.com/gptbot)"
4.227.36.50 - - [18/Sep/2025:18:34:16 +0000] "GET /robots.txt HTTP/1.1" 404 1251 "-" "Mozilla/5.0 AppleWebKit/537.36 (KHTML, like Gecko; compatible; GPTBot/1.2; +https://openai.com/gptbot)"
20.171.207.28 - - [18/Sep/2025:18:37:00 +0000] "GET /vendor/io-developer/php-whois/Dockerfile HTTP/1.1" 200 450 "-" "Mozilla/5.0 AppleWebKit/537.36 (KHTML, like Gecko; compatible; GPTBot/1.2; +https://openai.com/gptbot)"
20.171.207.28 - - [18/Sep/2025:18:38:27 +0000] "GET /vendor/illuminate/contracts/Queue/QueueableEntity.php HTTP/1.1" 200 0 "-" "Mozilla/5.0 AppleWebKit/537.36 (KHTML, like Gecko; compatible; GPTBot/1.2; +https://openai.com/gptbot)"
20.171.207.28 - - [18/Sep/2025:18:39:37 +0000] "GET /vendor/spatie/ray/src/Rector/RemoveRayCallRector.php HTTP/1.1" 500 0 "-" "Mozilla/5.0 AppleWebKit/537.36 (KHTML, like Gecko; compatible; GPTBot/1.2; +https://openai.com/gptbot)"
20.171.207.28 - - [18/Sep/2025:18:40:08 +0000] "GET /vendor/illuminate/database/Events/MigrationEvent.php HTTP/1.1" 500 0 "-" "Mozilla/5.0 AppleWebKit/537.36 (KHTML, like Gecko; compatible; GPTBot/1.2; +https://openai.com/gptbot)"
20.171.207.28 - - [18/Sep/2025:18:41:09 +0000] "GET /vendor/illuminate/session/Middleware/StartSession.php HTTP/1.1" 200 0 "-" "Mozilla/5.0 AppleWebKit/537.36 (KHTML, like Gecko; compatible; GPTBot/1.2; +https://openai.com/gptbot)"
4.227.36.50 - - [18/Sep/2025:18:10:38 +0000] "GET /robots.txt HTTP/1.1" 404 1251 "-" "Mozilla/5.0 AppleWebKit/537.36 (KHTML, like Gecko; compatible; GPTBot/1.2; +https://openai.com/gptbot)"
65.21.208.232 - - [18/Sep/2025:18:13:17 +0000] "GET / HTTP/1.1" 200 1412 "-" "Python/3.11 aiohttp/3.9.2"
20.171.207.28 - - [18/Sep/2025:18:13:28 +0000] "GET /vendor/illuminate/validation/Concerns/error_log HTTP/1.1" 403 1242 "-" "Mozilla/5.0 AppleWebKit/537.36 (KHTML, like Gecko; compatible; GPTBot/1.2; +https://openai.com/gptbot)"
20.171.207.28 - - [18/Sep/2025:18:16:18 +0000] "GET /vendor/illuminate/database/Connectors/Connector.php HTTP/1.1" 500 0 "-" "Mozilla/5.0 AppleWebKit/537.36 (KHTML, like Gecko; compatible; GPTBot/1.2; +https://openai.com/gptbot)"
20.171.207.28 - - [18/Sep/2025:18:18:27 +0000] "GET /vendor/illuminate/database/Migrations/?SD HTTP/1.1" 200 1085 "-" "Mozilla/5.0 AppleWebKit/537.36 (KHTML, like Gecko; compatible; GPTBot/1.2; +https://openai.com/gptbot)"
20.171.207.28 - - [18/Sep/2025:18:19:26 +0000] "GET /vendor/illuminate/database/Migrations/?MD HTTP/1.1" 200 1078 "-" "Mozilla/5.0 AppleWebKit/537.36 (KHTML, like Gecko; compatible; GPTBot/1.2; +https://openai.com/gptbot)"
20.171.207.28 - - [18/Sep/2025:18:20:16 +0000] "GET /vendor/illuminate/database/Connectors/SQLiteConnector.php HTTP/1.1" 500 0 "-" "Mozilla/5.0 AppleWebKit/537.36 (KHTML, like Gecko; compatible; GPTBot/1.2; +https://openai.com/gptbot)"
20.171.207.28 - - [18/Sep/2025:18:21:03 +0000] "GET /vendor/illuminate/support/ViewErrorBag.php HTTP/1.1" 200 0 "-" "Mozilla/5.0 AppleWebKit/537.36 (KHTML, like Gecko; compatible; GPTBot/1.2; +https://openai.com/gptbot)"
20.171.207.28 - - [18/Sep/2025:18:22:03 +0000] "GET /vendor/illuminate/support/UriQueryString.php HTTP/1.1" 500 0 "-" "Mozilla/5.0 AppleWebKit/537.36 (KHTML, like Gecko; compatible; GPTBot/1.2; +https://openai.com/gptbot)"
20.171.207.28 - - [18/Sep/2025:18:24:03 +0000] "GET /vendor/illuminate/database/Connectors/Connector.php HTTP/1.1" 500 0 "-" "Mozilla/5.0 AppleWebKit/537.36 (KHTML, like Gecko; compatible; GPTBot/1.2; +https://openai.com/gptbot)"
20.171.207.28 - - [18/Sep/2025:18:24:59 +0000] "GET /vendor/spatie/macroable/composer.json HTTP/1.1" 200 337 "-" "Mozilla/5.0 AppleWebKit/537.36 (KHTML, like Gecko; compatible; GPTBot/1.2; +https://openai.com/gptbot)"
20.171.207.28 - - [18/Sep/2025:18:26:02 +0000] "GET /vendor/illuminate/support/ServiceProvider.php HTTP/1.1" 200 0 "-" "Mozilla/5.0 AppleWebKit/537.36 (KHTML, like Gecko; compatible; GPTBot/1.2; +https://openai.com/gptbot)"
20.171.207.28 - - [18/Sep/2025:18:32:11 +0000] "GET /vendor/spatie/ray/src/Rector/ HTTP/1.1" 200 651 "-" "Mozilla/5.0 AppleWebKit/537.36 (KHTML, like Gecko; compatible; GPTBot/1.2; +https://openai.com/gptbot)"
20.171.207.28 - - [18/Sep/2025:18:35:13 +0000] "GET /vendor/illuminate/collections/MultipleItemsFoundException.php HTTP/1.1" 200 0 "-" "Mozilla/5.0 AppleWebKit/537.36 (KHTML, like Gecko; compatible; GPTBot/1.2; +https://openai.com/gptbot)"
20.171.207.28 - - [18/Sep/2025:18:36:09 +0000] "GET /vendor/illuminate/database/Events/?ND HTTP/1.1" 200 1502 "-" "Mozilla/5.0 AppleWebKit/537.36 (KHTML, like Gecko; compatible; GPTBot/1.2; +https://openai.com/gptbot)"
20.171.207.28 - - [18/Sep/2025:18:37:45 +0000] "GET /vendor/illuminate/database/Events/?SA HTTP/1.1" 200 1526 "-" "Mozilla/5.0 AppleWebKit/537.36 (KHTML, like Gecko; compatible; GPTBot/1.2; +https://openai.com/gptbot)"
20.171.207.28 - - [18/Sep/2025:18:39:04 +0000] "GET /vendor/illuminate/http/Client/HttpClientException.php HTTP/1.1" 200 0 "-" "Mozilla/5.0 AppleWebKit/537.36 (KHTML, like Gecko; compatible; GPTBot/1.2; +https://openai.com/gptbot)"
20.171.207.28 - - [18/Sep/2025:18:42:10 +0000] "GET /vendor/spatie/ray/src/Rector/?ND HTTP/1.1" 200 705 "-" "Mozilla/5.0 AppleWebKit/537.36 (KHTML, like Gecko; compatible; GPTBot/1.2; +https://openai.com/gptbot)"
4.227.36.50 - - [18/Sep/2025:18:42:18 +0000] "GET /robots.txt HTTP/1.1" 404 1251 "-" "Mozilla/5.0 AppleWebKit/537.36 (KHTML, like Gecko; compatible; GPTBot/1.2; +https://openai.com/gptbot)"
65.21.208.232 - - [18/Sep/2025:18:43:05 +0000] "GET / HTTP/1.1" 200 1412 "-" "Python/3.11 aiohttp/3.9.2"
38.248.89.37 - - [18/Sep/2025:18:43:35 +0000] "GET /wp-login.php HTTP/1.1" 404 1251 "-" "Mozilla/5.0"
20.171.207.28 - - [18/Sep/2025:18:45:03 +0000] "GET /vendor/illuminate/database/Events/DatabaseRefreshed.php HTTP/1.1" 500 0 "-" "Mozilla/5.0 AppleWebKit/537.36 (KHTML, like Gecko; compatible; GPTBot/1.2; +https://openai.com/gptbot)"
66.249.70.32 - - [18/Sep/2025:18:48:22 +0000] "GET / HTTP/1.1" 200 1189 "-" "Mozilla/5.0 (compatible; Googlebot/2.1; +http://www.google.com/bot.html)"
66.249.70.32 - - [18/Sep/2025:18:48:23 +0000] "GET / HTTP/1.1" 200 1189 "-" "Mozilla/5.0 (Linux; Android 6.0.1; Nexus 5X Build/MMB29P) AppleWebKit/537.36 (KHTML, like Gecko) Chrome/99.0.4844.84 Mobile Safari/537.36 (compatible; Googlebot/2.1; +http://www.google.com/bot.html)"
66.249.70.32 - - [18/Sep/2025:18:48:24 +0000] "GET /_autoindex/assets/js/tablesort.number.js HTTP/1.1" 200 322 "http://veroserv.com/" "Mozilla/5.0 AppleWebKit/537.36 (KHTML, like Gecko; compatible; Googlebot/2.1; +http://www.google.com/bot.html) Chrome/139.0.7258.127 Safari/537.36"
66.249.70.32 - - [18/Sep/2025:18:48:24 +0000] "GET /_autoindex/assets/js/tablesort.js HTTP/1.1" 200 2137 "http://veroserv.com/" "Mozilla/5.0 AppleWebKit/537.36 (KHTML, like Gecko; compatible; Googlebot/2.1; +http://www.google.com/bot.html) Chrome/139.0.7258.127 Safari/537.36"
66.249.70.32 - - [18/Sep/2025:18:48:24 +0000] "GET /_autoindex/assets/css/autoindex.css HTTP/1.1" 200 1170 "http://veroserv.com/" "Mozilla/5.0 AppleWebKit/537.36 (KHTML, like Gecko; compatible; Googlebot/2.1; +http://www.google.com/bot.html) Chrome/139.0.7258.127 Safari/537.36"
66.249.70.32 - - [18/Sep/2025:18:48:25 +0000] "GET /_autoindex/assets/js/tablesort.js HTTP/1.1" 200 2137 "http://veroserv.com/" "Mozilla/5.0 (Linux; Android 6.0.1; Nexus 5X Build/MMB29P) AppleWebKit/537.36 (KHTML, like Gecko) Chrome/139.0.7258.127 Mobile Safari/537.36 (compatible; Googlebot/2.1; +http://www.google.com/bot.html)"
66.249.70.32 - - [18/Sep/2025:18:48:25 +0000] "GET /_autoindex/assets/icons/folder-fill.svg HTTP/1.1" 200 333 "http://veroserv.com/" "Mozilla/5.0 (Linux; Android 6.0.1; Nexus 5X Build/MMB29P) AppleWebKit/537.36 (KHTML, like Gecko) Chrome/139.0.7258.127 Mobile Safari/537.36 (compatible; Googlebot/2.1; +http://www.google.com/bot.html)"
66.249.70.32 - - [18/Sep/2025:18:48:25 +0000] "GET /_autoindex/assets/icons/folder-fill.svg HTTP/1.1" 200 333 "http://veroserv.com/" "Mozilla/5.0 AppleWebKit/537.36 (KHTML, like Gecko; compatible; Googlebot/2.1; +http://www.google.com/bot.html) Chrome/139.0.7258.127 Safari/537.36"
66.249.70.32 - - [18/Sep/2025:18:48:25 +0000] "GET /_autoindex/assets/js/tablesort.number.js HTTP/1.1" 200 322 "http://veroserv.com/" "Mozilla/5.0 (Linux; Android 6.0.1; Nexus 5X Build/MMB29P) AppleWebKit/537.36 (KHTML, like Gecko) Chrome/139.0.7258.127 Mobile Safari/537.36 (compatible; Googlebot/2.1; +http://www.google.com/bot.html)"
66.249.70.32 - - [18/Sep/2025:18:48:26 +0000] "GET /_autoindex/assets/css/autoindex.css HTTP/1.1" 200 1170 "http://veroserv.com/" "Mozilla/5.0 (Linux; Android 6.0.1; Nexus 5X Build/MMB29P) AppleWebKit/537.36 (KHTML, like Gecko) Chrome/139.0.7258.127 Mobile Safari/537.36 (compatible; Googlebot/2.1; +http://www.google.com/bot.html)"
66.249.70.32 - - [18/Sep/2025:18:48:27 +0000] "GET /_autoindex/assets/icons/file.svg HTTP/1.1" 200 354 "http://veroserv.com/" "Mozilla/5.0 AppleWebKit/537.36 (KHTML, like Gecko; compatible; Googlebot/2.1; +http://www.google.com/bot.html) Chrome/139.0.7258.127 Safari/537.36"
66.249.70.32 - - [18/Sep/2025:18:48:27 +0000] "GET /_autoindex/assets/icons/file.svg HTTP/1.1" 200 354 "http://veroserv.com/" "Mozilla/5.0 (Linux; Android 6.0.1; Nexus 5X Build/MMB29P) AppleWebKit/537.36 (KHTML, like Gecko) Chrome/139.0.7258.127 Mobile Safari/537.36 (compatible; Googlebot/2.1; +http://www.google.com/bot.html)"
65.21.208.232 - - [18/Sep/2025:18:42:17 +0000] "GET / HTTP/1.1" 200 1423 "-" "Python/3.11 aiohttp/3.9.2"
20.171.207.28 - - [18/Sep/2025:18:43:08 +0000] "GET /vendor/illuminate/database/Events/MigrationsEvent.php HTTP/1.1" 500 0 "-" "Mozilla/5.0 AppleWebKit/537.36 (KHTML, like Gecko; compatible; GPTBot/1.2; +https://openai.com/gptbot)"
20.171.207.28 - - [18/Sep/2025:18:43:57 +0000] "GET /vendor/illuminate/database/Events/TransactionBeginning.php HTTP/1.1" 500 0 "-" "Mozilla/5.0 AppleWebKit/537.36 (KHTML, like Gecko; compatible; GPTBot/1.2; +https://openai.com/gptbot)"
20.171.207.28 - - [18/Sep/2025:18:46:06 +0000] "GET /vendor/voku/portable-ascii/CHANGELOG.md HTTP/1.1" 200 6076 "-" "Mozilla/5.0 AppleWebKit/537.36 (KHTML, like Gecko; compatible; GPTBot/1.2; +https://openai.com/gptbot)"
20.171.207.28 - - [18/Sep/2025:18:47:09 +0000] "GET /vendor/illuminate/database/Events/MigrationsStarted.php HTTP/1.1" 500 0 "-" "Mozilla/5.0 AppleWebKit/537.36 (KHTML, like Gecko; compatible; GPTBot/1.2; +https://openai.com/gptbot)"
20.171.207.28 - - [18/Sep/2025:18:48:07 +0000] "GET /vendor/illuminate/database/Events/ConnectionEstablished.php HTTP/1.1" 500 0 "-" "Mozilla/5.0 AppleWebKit/537.36 (KHTML, like Gecko; compatible; GPTBot/1.2; +https://openai.com/gptbot)"
4.227.36.50 - - [18/Sep/2025:18:48:07 +0000] "GET /robots.txt HTTP/1.1" 404 1251 "-" "Mozilla/5.0 AppleWebKit/537.36 (KHTML, like Gecko; compatible; GPTBot/1.2; +https://openai.com/gptbot)"
66.249.70.33 - - [18/Sep/2025:18:48:12 +0000] "GET / HTTP/1.1" 200 1189 "-" "Mozilla/5.0 (Linux; Android 6.0.1; Nexus 5X Build/MMB29P) AppleWebKit/537.36 (KHTML, like Gecko) Chrome/140.0.7339.127 Mobile Safari/537.36 (compatible; Googlebot/2.1; +http://www.google.com/bot.html)"
66.249.70.33 - - [18/Sep/2025:18:48:16 +0000] "GET /_autoindex/assets/js/tablesort.js HTTP/1.1" 200 2137 "http://veroserv.com/" "Mozilla/5.0 (Linux; Android 6.0.1; Nexus 5X Build/MMB29P) AppleWebKit/537.36 (KHTML, like Gecko) Chrome/139.0.7258.127 Mobile Safari/537.36 (compatible; Googlebot/2.1; +http://www.google.com/bot.html)"
66.249.70.32 - - [18/Sep/2025:18:48:16 +0000] "GET /_autoindex/assets/icons/folder-fill.svg HTTP/1.1" 200 333 "http://veroserv.com/" "Mozilla/5.0 (Linux; Android 6.0.1; Nexus 5X Build/MMB29P) AppleWebKit/537.36 (KHTML, like Gecko) Chrome/139.0.7258.127 Mobile Safari/537.36 (compatible; Googlebot/2.1; +http://www.google.com/bot.html)"
66.249.70.33 - - [18/Sep/2025:18:48:16 +0000] "GET /_autoindex/assets/css/autoindex.css HTTP/1.1" 200 1170 "http://veroserv.com/" "Mozilla/5.0 (Linux; Android 6.0.1; Nexus 5X Build/MMB29P) AppleWebKit/537.36 (KHTML, like Gecko) Chrome/139.0.7258.127 Mobile Safari/537.36 (compatible; Googlebot/2.1; +http://www.google.com/bot.html)"
66.249.70.33 - - [18/Sep/2025:18:48:17 +0000] "GET /_autoindex/assets/js/tablesort.number.js HTTP/1.1" 200 322 "http://veroserv.com/" "Mozilla/5.0 (Linux; Android 6.0.1; Nexus 5X Build/MMB29P) AppleWebKit/537.36 (KHTML, like Gecko) Chrome/139.0.7258.127 Mobile Safari/537.36 (compatible; Googlebot/2.1; +http://www.google.com/bot.html)"
66.249.70.33 - - [18/Sep/2025:18:48:19 +0000] "GET /_autoindex/assets/icons/file.svg HTTP/1.1" 200 354 "http://veroserv.com/" "Mozilla/5.0 (Linux; Android 6.0.1; Nexus 5X Build/MMB29P) AppleWebKit/537.36 (KHTML, like Gecko) Chrome/139.0.7258.127 Mobile Safari/537.36 (compatible; Googlebot/2.1; +http://www.google.com/bot.html)"
66.249.70.32 - - [18/Sep/2025:18:48:29 +0000] "GET /favicon.ico HTTP/1.1" 404 1251 "-" "Googlebot-Image/1.0"
20.171.207.28 - - [18/Sep/2025:18:51:13 +0000] "GET /vendor/spatie/ray/src/Rector/?MA HTTP/1.1" 200 711 "-" "Mozilla/5.0 AppleWebKit/537.36 (KHTML, like Gecko; compatible; GPTBot/1.2; +https://openai.com/gptbot)"
20.171.207.28 - - [18/Sep/2025:18:53:10 +0000] "GET /vendor/spatie/ray/src/Rector/?SA HTTP/1.1" 200 709 "-" "Mozilla/5.0 AppleWebKit/537.36 (KHTML, like Gecko; compatible; GPTBot/1.2; +https://openai.com/gptbot)"
20.171.207.28 - - [18/Sep/2025:18:54:14 +0000] "GET /vendor/illuminate/database/Events/TransactionCommitted.php HTTP/1.1" 500 0 "-" "Mozilla/5.0 AppleWebKit/537.36 (KHTML, like Gecko; compatible; GPTBot/1.2; +https://openai.com/gptbot)"
20.171.207.28 - - [18/Sep/2025:18:56:17 +0000] "GET /vendor/illuminate/database/Events/TransactionRolledBack.php HTTP/1.1" 500 0 "-" "Mozilla/5.0 AppleWebKit/537.36 (KHTML, like Gecko; compatible; GPTBot/1.2; +https://openai.com/gptbot)"
20.171.207.28 - - [18/Sep/2025:18:58:19 +0000] "GET /vendor/illuminate/database/Events/?MD HTTP/1.1" 200 1523 "-" "Mozilla/5.0 AppleWebKit/537.36 (KHTML, like Gecko; compatible; GPTBot/1.2; +https://openai.com/gptbot)"
20.171.207.28 - - [18/Sep/2025:18:59:24 +0000] "GET /vendor/illuminate/database/Schema/MySqlSchemaState.php HTTP/1.1" 500 0 "-" "Mozilla/5.0 AppleWebKit/537.36 (KHTML, like Gecko; compatible; GPTBot/1.2; +https://openai.com/gptbot)"
20.171.207.28 - - [18/Sep/2025:19:00:24 +0000] "GET /vendor/setasign/fpdi/src/ HTTP/1.1" 200 1204 "-" "Mozilla/5.0 AppleWebKit/537.36 (KHTML, like Gecko; compatible; GPTBot/1.2; +https://openai.com/gptbot)"
20.171.207.28 - - [18/Sep/2025:19:03:12 +0000] "GET /vendor/myclabs/deep-copy/src/?MA HTTP/1.1" 200 635 "-" "Mozilla/5.0 AppleWebKit/537.36 (KHTML, like Gecko; compatible; GPTBot/1.2; +https://openai.com/gptbot)"
20.171.207.28 - - [18/Sep/2025:19:03:58 +0000] "GET /vendor/spatie/ray/src/Rector/?MD HTTP/1.1" 200 710 "-" "Mozilla/5.0 AppleWebKit/537.36 (KHTML, like Gecko; compatible; GPTBot/1.2; +https://openai.com/gptbot)"
20.171.207.28 - - [18/Sep/2025:19:04:40 +0000] "GET /vendor/myclabs/deep-copy/src/?SA HTTP/1.1" 200 633 "-" "Mozilla/5.0 AppleWebKit/537.36 (KHTML, like Gecko; compatible; GPTBot/1.2; +https://openai.com/gptbot)"
4.227.36.50 - - [18/Sep/2025:19:04:48 +0000] "GET /robots.txt HTTP/1.1" 404 1251 "-" "Mozilla/5.0 AppleWebKit/537.36 (KHTML, like Gecko; compatible; GPTBot/1.2; +https://openai.com/gptbot)"
66.249.70.34 - - [18/Sep/2025:19:10:21 +0000] "GET /clx HTTP/1.1" 200 639 "-" "Mozilla/5.0 (Linux; Android 6.0.1; Nexus 5X Build/MMB29P) AppleWebKit/537.36 (KHTML, like Gecko) Chrome/140.0.7339.127 Mobile Safari/537.36 (compatible; GoogleOther)"
65.21.208.232 - - [18/Sep/2025:19:12:17 +0000] "GET / HTTP/1.1" 200 1423 "-" "Python/3.11 aiohttp/3.9.2"
65.21.208.232 - - [18/Sep/2025:19:13:12 +0000] "GET / HTTP/1.1" 200 1412 "-" "Python/3.11 aiohttp/3.9.2"
20.171.207.28 - - [18/Sep/2025:19:14:41 +0000] "GET /vendor/illuminate/database/Events/TransactionBeginning.php HTTP/1.1" 500 0 "-" "Mozilla/5.0 AppleWebKit/537.36 (KHTML, like Gecko; compatible; GPTBot/1.2; +https://openai.com/gptbot)"
20.171.207.28 - - [18/Sep/2025:19:15:46 +0000] "GET /vendor/illuminate/database/Events/MigrationEvent.php HTTP/1.1" 500 0 "-" "Mozilla/5.0 AppleWebKit/537.36 (KHTML, like Gecko; compatible; GPTBot/1.2; +https://openai.com/gptbot)"
20.171.207.28 - - [18/Sep/2025:19:17:53 +0000] "GET /vendor/illuminate/database/Events/?NA HTTP/1.1" 200 1511 "-" "Mozilla/5.0 AppleWebKit/537.36 (KHTML, like Gecko; compatible; GPTBot/1.2; +https://openai.com/gptbot)"
20.171.207.28 - - [18/Sep/2025:19:19:53 +0000] "GET /vendor/setasign/fpdi/src/FpdfTpl.php HTTP/1.1" 500 0 "-" "Mozilla/5.0 AppleWebKit/537.36 (KHTML, like Gecko; compatible; GPTBot/1.2; +https://openai.com/gptbot)"
20.171.207.28 - - [18/Sep/2025:19:20:55 +0000] "GET /vendor/illuminate/database/Events/MigrationsEvent.php HTTP/1.1" 500 0 "-" "Mozilla/5.0 AppleWebKit/537.36 (KHTML, like Gecko; compatible; GPTBot/1.2; +https://openai.com/gptbot)"
66.249.70.32 - - [18/Sep/2025:19:22:13 +0000] "GET /vendor/ HTTP/1.1" 200 2047 "-" "Mozilla/5.0 (Linux; Android 6.0.1; Nexus 5X Build/MMB29P) AppleWebKit/537.36 (KHTML, like Gecko) Chrome/140.0.7339.127 Mobile Safari/537.36 (compatible; GoogleOther)"
20.171.207.28 - - [18/Sep/2025:18:49:09 +0000] "GET /vendor/spatie/ray/src/Rector/RemoveRayCallRector.php HTTP/1.1" 500 0 "-" "Mozilla/5.0 AppleWebKit/537.36 (KHTML, like Gecko; compatible; GPTBot/1.2; +https://openai.com/gptbot)"
20.171.207.28 - - [18/Sep/2025:18:50:11 +0000] "GET /vendor/illuminate/database/Events/error_log HTTP/1.1" 403 1242 "-" "Mozilla/5.0 AppleWebKit/537.36 (KHTML, like Gecko; compatible; GPTBot/1.2; +https://openai.com/gptbot)"
20.171.207.28 - - [18/Sep/2025:18:52:16 +0000] "GET /vendor/illuminate/database/Events/TransactionCommitting.php HTTP/1.1" 500 0 "-" "Mozilla/5.0 AppleWebKit/537.36 (KHTML, like Gecko; compatible; GPTBot/1.2; +https://openai.com/gptbot)"
4.227.36.50 - - [18/Sep/2025:18:53:19 +0000] "GET /robots.txt HTTP/1.1" 404 1251 "-" "Mozilla/5.0 AppleWebKit/537.36 (KHTML, like Gecko; compatible; GPTBot/1.2; +https://openai.com/gptbot)"
20.171.207.28 - - [18/Sep/2025:18:55:10 +0000] "GET /vendor/spatie/ray/src/Rector/?NA HTTP/1.1" 200 706 "-" "Mozilla/5.0 AppleWebKit/537.36 (KHTML, like Gecko; compatible; GPTBot/1.2; +https://openai.com/gptbot)"
20.171.207.28 - - [18/Sep/2025:18:57:16 +0000] "GET /vendor/spatie/ray/src/Rector/error_log HTTP/1.1" 403 1242 "-" "Mozilla/5.0 AppleWebKit/537.36 (KHTML, like Gecko; compatible; GPTBot/1.2; +https://openai.com/gptbot)"
4.227.36.50 - - [18/Sep/2025:18:58:20 +0000] "GET /robots.txt HTTP/1.1" 404 1251 "-" "Mozilla/5.0 AppleWebKit/537.36 (KHTML, like Gecko; compatible; GPTBot/1.2; +https://openai.com/gptbot)"
20.171.207.28 - - [18/Sep/2025:19:01:28 +0000] "GET /vendor/illuminate/database/Events/?SD HTTP/1.1" 200 1498 "-" "Mozilla/5.0 AppleWebKit/537.36 (KHTML, like Gecko; compatible; GPTBot/1.2; +https://openai.com/gptbot)"
20.171.207.28 - - [18/Sep/2025:19:02:23 +0000] "GET /vendor/spatie/ray/src/Rector/?SD HTTP/1.1" 200 705 "-" "Mozilla/5.0 AppleWebKit/537.36 (KHTML, like Gecko; compatible; GPTBot/1.2; +https://openai.com/gptbot)"
20.171.207.28 - - [18/Sep/2025:19:05:16 +0000] "GET /vendor/myclabs/deep-copy/src/?ND HTTP/1.1" 200 628 "-" "Mozilla/5.0 AppleWebKit/537.36 (KHTML, like Gecko; compatible; GPTBot/1.2; +https://openai.com/gptbot)"
4.227.36.50 - - [18/Sep/2025:19:12:47 +0000] "GET /robots.txt HTTP/1.1" 404 1251 "-" "Mozilla/5.0 AppleWebKit/537.36 (KHTML, like Gecko; compatible; GPTBot/1.2; +https://openai.com/gptbot)"
20.171.207.28 - - [18/Sep/2025:19:15:08 +0000] "GET /vendor/illuminate/database/Events/TransactionRolledBack.php HTTP/1.1" 500 0 "-" "Mozilla/5.0 AppleWebKit/537.36 (KHTML, like Gecko; compatible; GPTBot/1.2; +https://openai.com/gptbot)"
20.171.207.28 - - [18/Sep/2025:19:16:50 +0000] "GET /vendor/illuminate/database/Events/DatabaseRefreshed.php HTTP/1.1" 500 0 "-" "Mozilla/5.0 AppleWebKit/537.36 (KHTML, like Gecko; compatible; GPTBot/1.2; +https://openai.com/gptbot)"
4.227.36.50 - - [18/Sep/2025:19:17:59 +0000] "GET /robots.txt HTTP/1.1" 404 1251 "-" "Mozilla/5.0 AppleWebKit/537.36 (KHTML, like Gecko; compatible; GPTBot/1.2; +https://openai.com/gptbot)"
20.171.207.28 - - [18/Sep/2025:19:18:59 +0000] "GET /vendor/spatie/ray/src/Rector/RemoveRayCallRector.php HTTP/1.1" 500 0 "-" "Mozilla/5.0 AppleWebKit/537.36 (KHTML, like Gecko; compatible; GPTBot/1.2; +https://openai.com/gptbot)"
20.171.207.28 - - [18/Sep/2025:19:21:58 +0000] "GET /vendor/setasign/fpdi/src/?SA HTTP/1.1" 200 1262 "-" "Mozilla/5.0 AppleWebKit/537.36 (KHTML, like Gecko; compatible; GPTBot/1.2; +https://openai.com/gptbot)"
20.171.207.28 - - [18/Sep/2025:19:23:00 +0000] "GET /vendor/illuminate/database/Events/MigrationsStarted.php HTTP/1.1" 500 0 "-" "Mozilla/5.0 AppleWebKit/537.36 (KHTML, like Gecko; compatible; GPTBot/1.2; +https://openai.com/gptbot)"
4.227.36.50 - - [18/Sep/2025:19:23:55 +0000] "GET /robots.txt HTTP/1.1" 404 1251 "-" "Mozilla/5.0 AppleWebKit/537.36 (KHTML, like Gecko; compatible; GPTBot/1.2; +https://openai.com/gptbot)"
66.249.70.32 - - [18/Sep/2025:19:22:19 +0000] "GET /_autoindex/assets/icons/corner-left-up.svg HTTP/1.1" 200 328 "http://veroserv.com/vendor/" "Mozilla/5.0 (Linux; Android 6.0.1; Nexus 5X Build/MMB29P) AppleWebKit/537.36 (KHTML, like Gecko) Chrome/139.0.7258.127 Mobile Safari/537.36 (compatible; Googlebot/2.1; +http://www.google.com/bot.html)"
66.249.70.32 - - [18/Sep/2025:19:22:19 +0000] "GET /_autoindex/assets/icons/file-text.svg HTTP/1.1" 200 394 "http://veroserv.com/vendor/" "Mozilla/5.0 (Linux; Android 6.0.1; Nexus 5X Build/MMB29P) AppleWebKit/537.36 (KHTML, like Gecko) Chrome/139.0.7258.127 Mobile Safari/537.36 (compatible; Googlebot/2.1; +http://www.google.com/bot.html)"
20.171.207.28 - - [18/Sep/2025:19:23:54 +0000] "GET /vendor/setasign/fpdi/src/?MA HTTP/1.1" 200 1275 "-" "Mozilla/5.0 AppleWebKit/537.36 (KHTML, like Gecko; compatible; GPTBot/1.2; +https://openai.com/gptbot)"
20.171.207.28 - - [18/Sep/2025:19:24:57 +0000] "GET /vendor/setasign/fpdi/src/?ND HTTP/1.1" 200 1261 "-" "Mozilla/5.0 AppleWebKit/537.36 (KHTML, like Gecko; compatible; GPTBot/1.2; +https://openai.com/gptbot)"
