66.249.70.33 - - [18/Sep/2025:22:13:24 +0000] "GET /vendor/mpdf/psr-log-aware-trait/ HTTP/1.1" 200 664 "-" "Mozilla/5.0 (Linux; Android 6.0.1; Nexus 5X Build/MMB29P) AppleWebKit/537.36 (KHTML, like Gecko) Chrome/140.0.7339.127 Mobile Safari/537.36 (compatible; GoogleOther)"
20.171.207.28 - - [18/Sep/2025:22:14:12 +0000] "GET /vendor/guzzlehttp/psr7/src/Stream.php HTTP/1.1" 500 0 "-" "Mozilla/5.0 AppleWebKit/537.36 (KHTML, like Gecko; compatible; GPTBot/1.2; +https://openai.com/gptbot)"
20.171.207.28 - - [18/Sep/2025:22:15:16 +0000] "GET /vendor/guzzlehttp/psr7/src/Header.php HTTP/1.1" 200 0 "-" "Mozilla/5.0 AppleWebKit/537.36 (KHTML, like Gecko; compatible; GPTBot/1.2; +https://openai.com/gptbot)"
20.171.207.28 - - [18/Sep/2025:21:54:12 +0000] "GET /vendor/rector/?SA HTTP/1.1" 200 617 "-" "Mozilla/5.0 AppleWebKit/537.36 (KHTML, like Gecko; compatible; GPTBot/1.2; +https://openai.com/gptbot)"
20.171.207.28 - - [18/Sep/2025:21:55:13 +0000] "GET /vendor/setasign/fpdi/src/PdfParser/Filter/FlateException.php HTTP/1.1" 500 0 "-" "Mozilla/5.0 AppleWebKit/537.36 (KHTML, like Gecko; compatible; GPTBot/1.2; +https://openai.com/gptbot)"
20.171.207.28 - - [18/Sep/2025:21:56:03 +0000] "GET /vendor/rector/?ND HTTP/1.1" 200 617 "-" "Mozilla/5.0 AppleWebKit/537.36 (KHTML, like Gecko; compatible; GPTBot/1.2; +https://openai.com/gptbot)"
20.171.207.28 - - [18/Sep/2025:21:57:08 +0000] "GET /vendor/rector/?SD HTTP/1.1" 200 620 "-" "Mozilla/5.0 AppleWebKit/537.36 (KHTML, like Gecko; compatible; GPTBot/1.2; +https://openai.com/gptbot)"
4.227.36.50 - - [18/Sep/2025:21:57:09 +0000] "GET /robots.txt HTTP/1.1" 404 1251 "-" "Mozilla/5.0 AppleWebKit/537.36 (KHTML, like Gecko; compatible; GPTBot/1.2; +https://openai.com/gptbot)"
20.171.207.28 - - [18/Sep/2025:21:58:05 +0000] "GET /ui/theme/default/img/backgrounds/prev-bg-2.png HTTP/1.1" 404 1251 "-" "Mozilla/5.0 AppleWebKit/537.36 (KHTML, like Gecko; compatible; GPTBot/1.2; +https://openai.com/gptbot)"
20.171.207.28 - - [18/Sep/2025:21:58:55 +0000] "GET /vendor/rector/?MD HTTP/1.1" 200 620 "-" "Mozilla/5.0 AppleWebKit/537.36 (KHTML, like Gecko; compatible; GPTBot/1.2; +https://openai.com/gptbot)"
20.171.207.28 - - [18/Sep/2025:22:01:58 +0000] "GET /vendor/guzzlehttp/psr7/src/ HTTP/1.1" 200 1704 "-" "Mozilla/5.0 AppleWebKit/537.36 (KHTML, like Gecko; compatible; GPTBot/1.2; +https://openai.com/gptbot)"
20.171.207.28 - - [18/Sep/2025:22:02:40 +0000] "GET /vendor/erusev/?SD HTTP/1.1" 200 621 "-" "Mozilla/5.0 AppleWebKit/537.36 (KHTML, like Gecko; compatible; GPTBot/1.2; +https://openai.com/gptbot)"
20.171.207.28 - - [18/Sep/2025:22:04:22 +0000] "GET /ui/theme/default/img/backgrounds/prev-bg-4.png HTTP/1.1" 404 1251 "-" "Mozilla/5.0 AppleWebKit/537.36 (KHTML, like Gecko; compatible; GPTBot/1.2; +https://openai.com/gptbot)"
4.227.36.50 - - [18/Sep/2025:22:04:23 +0000] "GET /robots.txt HTTP/1.1" 404 1251 "-" "Mozilla/5.0 AppleWebKit/537.36 (KHTML, like Gecko; compatible; GPTBot/1.2; +https://openai.com/gptbot)"
20.171.207.28 - - [18/Sep/2025:22:04:49 +0000] "GET /vendor/guzzlehttp/psr7/src/Query.php HTTP/1.1" 200 0 "-" "Mozilla/5.0 AppleWebKit/537.36 (KHTML, like Gecko; compatible; GPTBot/1.2; +https://openai.com/gptbot)"
20.171.207.28 - - [18/Sep/2025:22:05:41 +0000] "GET /vendor/guzzlehttp/psr7/src/LimitStream.php HTTP/1.1" 500 0 "-" "Mozilla/5.0 AppleWebKit/537.36 (KHTML, like Gecko; compatible; GPTBot/1.2; +https://openai.com/gptbot)"
20.171.207.28 - - [18/Sep/2025:22:07:46 +0000] "GET /vendor/setasign/fpdi/src/PdfParser/Type/PdfBoolean.php HTTP/1.1" 500 0 "-" "Mozilla/5.0 AppleWebKit/537.36 (KHTML, like Gecko; compatible; GPTBot/1.2; +https://openai.com/gptbot)"
20.171.207.28 - - [18/Sep/2025:22:08:48 +0000] "GET /vendor/guzzlehttp/psr7/src/Utils.php HTTP/1.1" 200 0 "-" "Mozilla/5.0 AppleWebKit/537.36 (KHTML, like Gecko; compatible; GPTBot/1.2; +https://openai.com/gptbot)"
20.171.207.28 - - [18/Sep/2025:22:12:26 +0000] "GET /vendor/setasign/fpdi/src/PdfParser/Type/PdfNumeric.php HTTP/1.1" 500 0 "-" "Mozilla/5.0 AppleWebKit/537.36 (KHTML, like Gecko; compatible; GPTBot/1.2; +https://openai.com/gptbot)"
4.227.36.50 - - [18/Sep/2025:22:16:29 +0000] "GET /robots.txt HTTP/1.1" 404 1251 "-" "Mozilla/5.0 AppleWebKit/537.36 (KHTML, like Gecko; compatible; GPTBot/1.2; +https://openai.com/gptbot)"
66.249.70.32 - - [18/Sep/2025:22:17:03 +0000] "GET /vendor/ezyang/?SA HTTP/1.1" 200 619 "-" "Mozilla/5.0 (Linux; Android 6.0.1; Nexus 5X Build/MMB29P) AppleWebKit/537.36 (KHTML, like Gecko) Chrome/140.0.7339.127 Mobile Safari/537.36 (compatible; GoogleOther)"
20.171.207.28 - - [18/Sep/2025:22:17:18 +0000] "GET /vendor/php-http/?SA HTTP/1.1" 200 656 "-" "Mozilla/5.0 AppleWebKit/537.36 (KHTML, like Gecko; compatible; GPTBot/1.2; +https://openai.com/gptbot)"
20.171.207.28 - - [18/Sep/2025:22:16:20 +0000] "GET /vendor/php-http/?MA HTTP/1.1" 200 656 "-" "Mozilla/5.0 AppleWebKit/537.36 (KHTML, like Gecko; compatible; GPTBot/1.2; +https://openai.com/gptbot)"
20.171.207.28 - - [18/Sep/2025:22:19:56 +0000] "GET /vendor/guzzlehttp/psr7/src/MessageTrait.php HTTP/1.1" 200 0 "-" "Mozilla/5.0 AppleWebKit/537.36 (KHTML, like Gecko; compatible; GPTBot/1.2; +https://openai.com/gptbot)"
66.249.70.32 - - [18/Sep/2025:22:20:23 +0000] "GET /vendor/markbaker/complex/composer.json HTTP/1.1" 200 494 "-" "Mozilla/5.0 (Linux; Android 6.0.1; Nexus 5X Build/MMB29P) AppleWebKit/537.36 (KHTML, like Gecko) Chrome/140.0.7339.127 Mobile Safari/537.36 (compatible; GoogleOther)"
20.171.207.28 - - [18/Sep/2025:22:20:55 +0000] "GET /vendor/php-http/?ND HTTP/1.1" 200 648 "-" "Mozilla/5.0 AppleWebKit/537.36 (KHTML, like Gecko; compatible; GPTBot/1.2; +https://openai.com/gptbot)"
66.249.70.34 - - [18/Sep/2025:22:21:22 +0000] "GET /_autoindex/assets/icons/corner-left-up.svg HTTP/1.1" 200 328 "http://veroserv.com/vendor/ezyang/?SA" "Mozilla/5.0 (Linux; Android 6.0.1; Nexus 5X Build/MMB29P) AppleWebKit/537.36 (KHTML, like Gecko) Chrome/139.0.7258.127 Mobile Safari/537.36 (compatible; Googlebot/2.1; +http://www.google.com/bot.html)"
20.171.207.28 - - [18/Sep/2025:22:21:49 +0000] "GET /vendor/guzzlehttp/psr7/src/FnStream.php HTTP/1.1" 500 0 "-" "Mozilla/5.0 AppleWebKit/537.36 (KHTML, like Gecko; compatible; GPTBot/1.2; +https://openai.com/gptbot)"
20.171.207.28 - - [18/Sep/2025:22:23:38 +0000] "GET /vendor/php-http/discovery/ HTTP/1.1" 200 737 "-" "Mozilla/5.0 AppleWebKit/537.36 (KHTML, like Gecko; compatible; GPTBot/1.2; +https://openai.com/gptbot)"
4.227.36.50 - - [18/Sep/2025:22:23:39 +0000] "GET /robots.txt HTTP/1.1" 404 1251 "-" "Mozilla/5.0 AppleWebKit/537.36 (KHTML, like Gecko; compatible; GPTBot/1.2; +https://openai.com/gptbot)"
20.171.207.28 - - [18/Sep/2025:22:25:35 +0000] "GET /vendor/guzzlehttp/psr7/src/?MA HTTP/1.1" 200 1783 "-" "Mozilla/5.0 AppleWebKit/537.36 (KHTML, like Gecko; compatible; GPTBot/1.2; +https://openai.com/gptbot)"
20.171.207.28 - - [18/Sep/2025:22:26:26 +0000] "GET /vendor/filp/whoops/?ND HTTP/1.1" 200 759 "-" "Mozilla/5.0 AppleWebKit/537.36 (KHTML, like Gecko; compatible; GPTBot/1.2; +https://openai.com/gptbot)"
20.171.207.28 - - [18/Sep/2025:22:27:12 +0000] "GET /vendor/guzzlehttp/psr7/src/MimeType.php HTTP/1.1" 200 0 "-" "Mozilla/5.0 AppleWebKit/537.36 (KHTML, like Gecko; compatible; GPTBot/1.2; +https://openai.com/gptbot)"
20.171.207.28 - - [18/Sep/2025:22:27:53 +0000] "GET /vendor/php-http/?MD HTTP/1.1" 200 654 "-" "Mozilla/5.0 AppleWebKit/537.36 (KHTML, like Gecko; compatible; GPTBot/1.2; +https://openai.com/gptbot)"
66.249.70.34 - - [18/Sep/2025:22:28:32 +0000] "GET /vendor/phpstan/ HTTP/1.1" 200 634 "-" "Mozilla/5.0 (Linux; Android 6.0.1; Nexus 5X Build/MMB29P) AppleWebKit/537.36 (KHTML, like Gecko) Chrome/140.0.7339.127 Mobile Safari/537.36 (compatible; GoogleOther)"
4.227.36.50 - - [18/Sep/2025:22:29:04 +0000] "GET /robots.txt HTTP/1.1" 404 1251 "-" "Mozilla/5.0 AppleWebKit/537.36 (KHTML, like Gecko; compatible; GPTBot/1.2; +https://openai.com/gptbot)"
20.171.207.28 - - [18/Sep/2025:22:29:33 +0000] "GET /vendor/guzzlehttp/psr7/src/Message.php HTTP/1.1" 200 0 "-" "Mozilla/5.0 AppleWebKit/537.36 (KHTML, like Gecko; compatible; GPTBot/1.2; +https://openai.com/gptbot)"
20.171.207.28 - - [18/Sep/2025:22:30:00 +0000] "GET /vendor/filp/whoops/?MA HTTP/1.1" 200 769 "-" "Mozilla/5.0 AppleWebKit/537.36 (KHTML, like Gecko; compatible; GPTBot/1.2; +https://openai.com/gptbot)"
20.171.207.28 - - [18/Sep/2025:22:31:06 +0000] "GET /vendor/guzzlehttp/psr7/src/LimitStream.php HTTP/1.1" 500 0 "-" "Mozilla/5.0 AppleWebKit/537.36 (KHTML, like Gecko; compatible; GPTBot/1.2; +https://openai.com/gptbot)"
20.171.207.28 - - [18/Sep/2025:22:32:05 +0000] "GET /vendor/guzzlehttp/psr7/src/?ND HTTP/1.1" 200 1756 "-" "Mozilla/5.0 AppleWebKit/537.36 (KHTML, like Gecko; compatible; GPTBot/1.2; +https://openai.com/gptbot)"
20.171.207.28 - - [18/Sep/2025:22:18:06 +0000] "GET /vendor/guzzlehttp/psr7/src/Request.php HTTP/1.1" 500 0 "-" "Mozilla/5.0 AppleWebKit/537.36 (KHTML, like Gecko; compatible; GPTBot/1.2; +https://openai.com/gptbot)"
20.171.207.28 - - [18/Sep/2025:22:18:51 +0000] "GET /vendor/filp/whoops/SECURITY.md HTTP/1.1" 200 304 "-" "Mozilla/5.0 AppleWebKit/537.36 (KHTML, like Gecko; compatible; GPTBot/1.2; +https://openai.com/gptbot)"
20.171.207.28 - - [18/Sep/2025:22:22:35 +0000] "GET /vendor/guzzlehttp/psr7/src/Response.php HTTP/1.1" 500 0 "-" "Mozilla/5.0 AppleWebKit/537.36 (KHTML, like Gecko; compatible; GPTBot/1.2; +https://openai.com/gptbot)"
66.249.70.33 - - [18/Sep/2025:22:23:32 +0000] "GET /vendor/phpoffice/ HTTP/1.1" 200 620 "-" "Mozilla/5.0 (Linux; Android 6.0.1; Nexus 5X Build/MMB29P) AppleWebKit/537.36 (KHTML, like Gecko) Chrome/140.0.7339.127 Mobile Safari/537.36 (compatible; GoogleOther)"
20.171.207.28 - - [18/Sep/2025:22:24:40 +0000] "GET /vendor/php-http/?SD HTTP/1.1" 200 649 "-" "Mozilla/5.0 AppleWebKit/537.36 (KHTML, like Gecko; compatible; GPTBot/1.2; +https://openai.com/gptbot)"
20.171.207.28 - - [18/Sep/2025:22:28:31 +0000] "GET /vendor/php-http/?NA HTTP/1.1" 200 652 "-" "Mozilla/5.0 AppleWebKit/537.36 (KHTML, like Gecko; compatible; GPTBot/1.2; +https://openai.com/gptbot)"
20.171.207.28 - - [18/Sep/2025:22:29:03 +0000] "GET /vendor/filp/whoops/?SA HTTP/1.1" 200 765 "-" "Mozilla/5.0 AppleWebKit/537.36 (KHTML, like Gecko; compatible; GPTBot/1.2; +https://openai.com/gptbot)"
20.171.207.28 - - [18/Sep/2025:22:30:26 +0000] "GET /vendor/guzzlehttp/psr7/src/?SA HTTP/1.1" 200 1741 "-" "Mozilla/5.0 AppleWebKit/537.36 (KHTML, like Gecko; compatible; GPTBot/1.2; +https://openai.com/gptbot)"
20.171.207.28 - - [18/Sep/2025:22:30:47 +0000] "GET /vendor/guzzlehttp/psr7/src/FnStream.php HTTP/1.1" 500 0 "-" "Mozilla/5.0 AppleWebKit/537.36 (KHTML, like Gecko; compatible; GPTBot/1.2; +https://openai.com/gptbot)"
20.171.207.28 - - [18/Sep/2025:22:34:03 +0000] "GET /vendor/php-http/discovery/src/ HTTP/1.1" 200 1272 "-" "Mozilla/5.0 AppleWebKit/537.36 (KHTML, like Gecko; compatible; GPTBot/1.2; +https://openai.com/gptbot)"
66.249.70.32 - - [18/Sep/2025:22:34:33 +0000] "GET /_autoindex/assets/icons/folder-fill.svg HTTP/1.1" 200 333 "http://veroserv.com/vendor/php-http/" "Mozilla/5.0 (Linux; Android 6.0.1; Nexus 5X Build/MMB29P) AppleWebKit/537.36 (KHTML, like Gecko) Chrome/139.0.7258.127 Mobile Safari/537.36 (compatible; Googlebot/2.1; +http://www.google.com/bot.html)"
66.249.70.32 - - [18/Sep/2025:22:34:34 +0000] "GET /_autoindex/assets/js/tablesort.js HTTP/1.1" 200 2137 "http://veroserv.com/vendor/php-http/" "Mozilla/5.0 (Linux; Android 6.0.1; Nexus 5X Build/MMB29P) AppleWebKit/537.36 (KHTML, like Gecko) Chrome/139.0.7258.127 Mobile Safari/537.36 (compatible; Googlebot/2.1; +http://www.google.com/bot.html)"
66.249.70.32 - - [18/Sep/2025:22:34:35 +0000] "GET /_autoindex/assets/js/tablesort.number.js HTTP/1.1" 200 322 "http://veroserv.com/vendor/php-http/" "Mozilla/5.0 (Linux; Android 6.0.1; Nexus 5X Build/MMB29P) AppleWebKit/537.36 (KHTML, like Gecko) Chrome/139.0.7258.127 Mobile Safari/537.36 (compatible; Googlebot/2.1; +http://www.google.com/bot.html)"
66.249.70.32 - - [18/Sep/2025:22:34:36 +0000] "GET /_autoindex/assets/css/autoindex.css HTTP/1.1" 200 1170 "http://veroserv.com/vendor/php-http/" "Mozilla/5.0 (Linux; Android 6.0.1; Nexus 5X Build/MMB29P) AppleWebKit/537.36 (KHTML, like Gecko) Chrome/139.0.7258.127 Mobile Safari/537.36 (compatible; Googlebot/2.1; +http://www.google.com/bot.html)"
20.171.207.28 - - [18/Sep/2025:22:35:07 +0000] "GET /vendor/guzzlehttp/psr7/src/Stream.php HTTP/1.1" 500 0 "-" "Mozilla/5.0 AppleWebKit/537.36 (KHTML, like Gecko; compatible; GPTBot/1.2; +https://openai.com/gptbot)"
34.132.15.242 - - [18/Sep/2025:22:36:28 +0000] "HEAD /wp HTTP/1.1" 404 0 "-" "Mozilla/5.0 (Macintosh; Intel Mac OS X 13_6) AppleWebKit/537.36 (KHTML, like Gecko) Chrome/122.0.6280.88 Safari/537.36"
20.171.207.28 - - [18/Sep/2025:22:33:05 +0000] "GET /vendor/guzzlehttp/psr7/src/MultipartStream.php HTTP/1.1" 500 0 "-" "Mozilla/5.0 AppleWebKit/537.36 (KHTML, like Gecko; compatible; GPTBot/1.2; +https://openai.com/gptbot)"
4.227.36.50 - - [18/Sep/2025:22:34:12 +0000] "GET /robots.txt HTTP/1.1" 404 1251 "-" "Mozilla/5.0 AppleWebKit/537.36 (KHTML, like Gecko; compatible; GPTBot/1.2; +https://openai.com/gptbot)"
66.249.70.34 - - [18/Sep/2025:22:34:21 +0000] "GET /vendor/php-http/ HTTP/1.1" 200 648 "-" "Mozilla/5.0 (Linux; Android 6.0.1; Nexus 5X Build/MMB29P) AppleWebKit/537.36 (KHTML, like Gecko) Chrome/140.0.7339.127 Mobile Safari/537.36 (compatible; GoogleOther)"
66.249.70.33 - - [18/Sep/2025:22:34:34 +0000] "GET /_autoindex/assets/icons/corner-left-up.svg HTTP/1.1" 200 328 "http://veroserv.com/vendor/php-http/" "Mozilla/5.0 (Linux; Android 6.0.1; Nexus 5X Build/MMB29P) AppleWebKit/537.36 (KHTML, like Gecko) Chrome/139.0.7258.127 Mobile Safari/537.36 (compatible; Googlebot/2.1; +http://www.google.com/bot.html)"
20.171.207.28 - - [18/Sep/2025:22:39:24 +0000] "GET /vendor/guzzlehttp/psr7/src/Request.php HTTP/1.1" 500 0 "-" "Mozilla/5.0 AppleWebKit/537.36 (KHTML, like Gecko; compatible; GPTBot/1.2; +https://openai.com/gptbot)"
20.171.207.28 - - [18/Sep/2025:22:39:27 +0000] "GET /vendor/guzzlehttp/psr7/src/UploadedFile.php HTTP/1.1" 500 0 "-" "Mozilla/5.0 AppleWebKit/537.36 (KHTML, like Gecko; compatible; GPTBot/1.2; +https://openai.com/gptbot)"
20.171.207.28 - - [18/Sep/2025:22:40:29 +0000] "GET /vendor/guzzlehttp/psr7/src/error_log HTTP/1.1" 403 1242 "-" "Mozilla/5.0 AppleWebKit/537.36 (KHTML, like Gecko; compatible; GPTBot/1.2; +https://openai.com/gptbot)"
20.171.207.28 - - [18/Sep/2025:22:41:35 +0000] "GET /vendor/filp/whoops/?NA HTTP/1.1" 200 765 "-" "Mozilla/5.0 AppleWebKit/537.36 (KHTML, like Gecko; compatible; GPTBot/1.2; +https://openai.com/gptbot)"
4.227.36.50 - - [18/Sep/2025:22:41:35 +0000] "GET /robots.txt HTTP/1.1" 404 1251 "-" "Mozilla/5.0 AppleWebKit/537.36 (KHTML, like Gecko; compatible; GPTBot/1.2; +https://openai.com/gptbot)"
20.171.207.28 - - [18/Sep/2025:22:42:36 +0000] "GET /vendor/php-http/discovery/src/Strategy/ HTTP/1.1" 200 778 "-" "Mozilla/5.0 AppleWebKit/537.36 (KHTML, like Gecko; compatible; GPTBot/1.2; +https://openai.com/gptbot)"
20.171.207.28 - - [18/Sep/2025:22:43:33 +0000] "GET /vendor/filp/whoops/?MD HTTP/1.1" 200 767 "-" "Mozilla/5.0 AppleWebKit/537.36 (KHTML, like Gecko; compatible; GPTBot/1.2; +https://openai.com/gptbot)"
20.171.207.28 - - [18/Sep/2025:22:44:25 +0000] "GET /vendor/php-http/discovery/src/Composer/ HTTP/1.1" 200 645 "-" "Mozilla/5.0 AppleWebKit/537.36 (KHTML, like Gecko; compatible; GPTBot/1.2; +https://openai.com/gptbot)"
20.171.207.28 - - [18/Sep/2025:22:45:54 +0000] "GET /vendor/php-http/discovery/src/?SA HTTP/1.1" 200 1263 "-" "Mozilla/5.0 AppleWebKit/537.36 (KHTML, like Gecko; compatible; GPTBot/1.2; +https://openai.com/gptbot)"
66.249.70.34 - - [18/Sep/2025:22:45:55 +0000] "GET /vendor/markbaker/complex/classes/ HTTP/1.1" 200 622 "-" "Mozilla/5.0 (Linux; Android 6.0.1; Nexus 5X Build/MMB29P) AppleWebKit/537.36 (KHTML, like Gecko) Chrome/140.0.7339.127 Mobile Safari/537.36 (compatible; GoogleOther)"
20.171.207.28 - - [18/Sep/2025:22:47:00 +0000] "GET /vendor/php-http/discovery/src/?ND HTTP/1.1" 200 1269 "-" "Mozilla/5.0 AppleWebKit/537.36 (KHTML, like Gecko; compatible; GPTBot/1.2; +https://openai.com/gptbot)"
20.171.207.28 - - [18/Sep/2025:22:47:55 +0000] "GET /vendor/guzzlehttp/psr7/src/FnStream.php HTTP/1.1" 500 0 "-" "Mozilla/5.0 AppleWebKit/537.36 (KHTML, like Gecko; compatible; GPTBot/1.2; +https://openai.com/gptbot)"
66.249.70.32 - - [18/Sep/2025:22:48:03 +0000] "GET /vendor/mpdf/?SD HTTP/1.1" 200 664 "-" "Mozilla/5.0 (Linux; Android 6.0.1; Nexus 5X Build/MMB29P) AppleWebKit/537.36 (KHTML, like Gecko) Chrome/140.0.7339.127 Mobile Safari/537.36 (compatible; GoogleOther)"
34.132.15.242 - - [18/Sep/2025:22:36:28 +0000] "HEAD /bk HTTP/1.1" 404 0 "-" "Mozilla/5.0 (Windows NT 11.0; Win64; x64) AppleWebKit/537.36 (KHTML, like Gecko) Chrome/124.0.6367.62 Safari/537.36"
34.132.15.242 - - [18/Sep/2025:22:36:28 +0000] "HEAD / HTTP/1.1" 200 0 "-" "Mozilla/5.0 (Windows NT 6.1; Win64; x64; rv:115.0) Gecko/20100101 Firefox/115.0"
34.132.15.242 - - [18/Sep/2025:22:36:28 +0000] "HEAD /wordpress HTTP/1.1" 404 0 "-" "Mozilla/5.0 (Macintosh; Intel Mac OS X 14_3) AppleWebKit/537.36 (KHTML, like Gecko) Chrome/125.0.6422.60 Safari/537.36 Edg/125.0.2535.51"
34.132.15.242 - - [18/Sep/2025:22:36:28 +0000] "HEAD /bc HTTP/1.1" 404 0 "-" "Mozilla/5.0 (Macintosh; Intel Mac OS X 13_6) AppleWebKit/537.36 (KHTML, like Gecko) Chrome/122.0.6280.88 Safari/537.36"
34.132.15.242 - - [18/Sep/2025:22:36:28 +0000] "HEAD /old HTTP/1.1" 404 0 "-" "Mozilla/5.0 (Windows NT 10.0; Win64; x64; rv:123.0) Gecko/20100101 Firefox/123.0"
34.132.15.242 - - [18/Sep/2025:22:36:28 +0000] "HEAD /new HTTP/1.1" 404 0 "-" "Mozilla/5.0 (X11; Linux x86_64) AppleWebKit/537.36 (KHTML, like Gecko) Chrome/121.0.6167.85 Safari/537.36"
34.132.15.242 - - [18/Sep/2025:22:36:29 +0000] "HEAD /main HTTP/1.1" 404 0 "-" "Mozilla/5.0 (iPad; CPU OS 17_0 like Mac OS X) AppleWebKit/605.1.15 (KHTML, like Gecko) CriOS/123.0.6312.52 Mobile/15E148 Safari/604.1"
34.132.15.242 - - [18/Sep/2025:22:36:29 +0000] "HEAD /home HTTP/1.1" 404 0 "-" "Mozilla/5.0 (Windows NT 10.0; Win64; x64) AppleWebKit/537.36 (KHTML, like Gecko) Chrome/120.0.6099.200 YaBrowser/24.1.0.0 Safari/537.36"
34.132.15.242 - - [18/Sep/2025:22:36:29 +0000] "HEAD /backup HTTP/1.1" 404 0 "-" "Mozilla/5.0 (Windows NT 10.0; Win64; x64) AppleWebKit/537.36 (KHTML, like Gecko) Chrome/121.0.6167.140 Safari/537.36 Vivaldi/6.4.3160.47"
65.21.208.232 - - [18/Sep/2025:22:42:22 +0000] "GET / HTTP/1.1" 200 1423 "-" "Python/3.11 aiohttp/3.9.2"
65.21.208.232 - - [18/Sep/2025:22:43:16 +0000] "GET / HTTP/1.1" 200 1412 "-" "Python/3.11 aiohttp/3.9.2"
20.171.207.28 - - [18/Sep/2025:22:45:12 +0000] "GET /vendor/guzzlehttp/psr7/src/LimitStream.php HTTP/1.1" 500 0 "-" "Mozilla/5.0 AppleWebKit/537.36 (KHTML, like Gecko; compatible; GPTBot/1.2; +https://openai.com/gptbot)"
66.249.70.34 - - [18/Sep/2025:22:46:02 +0000] "GET /vendor/markbaker/complex/examples/ HTTP/1.1" 200 689 "-" "Mozilla/5.0 (Linux; Android 6.0.1; Nexus 5X Build/MMB29P) AppleWebKit/537.36 (KHTML, like Gecko) Chrome/140.0.7339.127 Mobile Safari/537.36 (compatible; GoogleOther)"
4.227.36.50 - - [18/Sep/2025:22:49:54 +0000] "GET /robots.txt HTTP/1.1" 404 1251 "-" "Mozilla/5.0 AppleWebKit/537.36 (KHTML, like Gecko; compatible; GPTBot/1.2; +https://openai.com/gptbot)"
20.171.207.28 - - [18/Sep/2025:22:53:47 +0000] "GET /vendor/php-http/discovery/src/Strategy/CommonClassesStrategy.php HTTP/1.1" 500 0 "-" "Mozilla/5.0 AppleWebKit/537.36 (KHTML, like Gecko; compatible; GPTBot/1.2; +https://openai.com/gptbot)"
20.171.207.28 - - [18/Sep/2025:22:54:53 +0000] "GET /vendor/php-http/discovery/src/?MD HTTP/1.1" 200 1353 "-" "Mozilla/5.0 AppleWebKit/537.36 (KHTML, like Gecko; compatible; GPTBot/1.2; +https://openai.com/gptbot)"
4.227.36.50 - - [18/Sep/2025:22:54:58 +0000] "GET /robots.txt HTTP/1.1" 404 1251 "-" "Mozilla/5.0 AppleWebKit/537.36 (KHTML, like Gecko; compatible; GPTBot/1.2; +https://openai.com/gptbot)"
20.171.207.28 - - [18/Sep/2025:22:56:52 +0000] "GET /vendor/guzzlehttp/psr7/src/?NA HTTP/1.1" 200 1753 "-" "Mozilla/5.0 AppleWebKit/537.36 (KHTML, like Gecko; compatible; GPTBot/1.2; +https://openai.com/gptbot)"
66.249.70.32 - - [18/Sep/2025:22:58:44 +0000] "GET /vendor/io-developer/ HTTP/1.1" 200 618 "-" "Mozilla/5.0 (Linux; Android 6.0.1; Nexus 5X Build/MMB29P) AppleWebKit/537.36 (KHTML, like Gecko) Chrome/140.0.7339.127 Mobile Safari/537.36 (compatible; GoogleOther)"
20.171.207.28 - - [18/Sep/2025:22:59:36 +0000] "GET /vendor/guzzlehttp/psr7/src/?SD HTTP/1.1" 200 1744 "-" "Mozilla/5.0 AppleWebKit/537.36 (KHTML, like Gecko; compatible; GPTBot/1.2; +https://openai.com/gptbot)"
20.171.207.28 - - [18/Sep/2025:22:48:46 +0000] "GET /vendor/php-http/discovery/src/NotFoundException.php HTTP/1.1" 500 0 "-" "Mozilla/5.0 AppleWebKit/537.36 (KHTML, like Gecko; compatible; GPTBot/1.2; +https://openai.com/gptbot)"
20.171.207.28 - - [18/Sep/2025:22:49:51 +0000] "GET /vendor/php-http/discovery/src/?MA HTTP/1.1" 200 1336 "-" "Mozilla/5.0 AppleWebKit/537.36 (KHTML, like Gecko; compatible; GPTBot/1.2; +https://openai.com/gptbot)"
20.171.207.28 - - [18/Sep/2025:22:50:56 +0000] "GET /vendor/filp/whoops/?SD HTTP/1.1" 200 771 "-" "Mozilla/5.0 AppleWebKit/537.36 (KHTML, like Gecko; compatible; GPTBot/1.2; +https://openai.com/gptbot)"
20.171.207.28 - - [18/Sep/2025:22:51:51 +0000] "GET /vendor/php-http/discovery/src/Psr18ClientDiscovery.php HTTP/1.1" 500 0 "-" "Mozilla/5.0 AppleWebKit/537.36 (KHTML, like Gecko; compatible; GPTBot/1.2; +https://openai.com/gptbot)"
66.249.70.32 - - [18/Sep/2025:22:52:26 +0000] "GET /vendor/nesbot/ HTTP/1.1" 200 609 "-" "Mozilla/5.0 (Linux; Android 6.0.1; Nexus 5X Build/MMB29P) AppleWebKit/537.36 (KHTML, like Gecko) Chrome/140.0.7339.127 Mobile Safari/537.36 (compatible; GoogleOther)"
20.171.207.28 - - [18/Sep/2025:22:52:42 +0000] "GET /vendor/php-http/discovery/src/NotFoundException.php HTTP/1.1" 500 0 "-" "Mozilla/5.0 AppleWebKit/537.36 (KHTML, like Gecko; compatible; GPTBot/1.2; +https://openai.com/gptbot)"
20.171.207.28 - - [18/Sep/2025:22:55:56 +0000] "GET /vendor/guzzlehttp/psr7/src/?MD HTTP/1.1" 200 1788 "-" "Mozilla/5.0 AppleWebKit/537.36 (KHTML, like Gecko; compatible; GPTBot/1.2; +https://openai.com/gptbot)"
20.171.207.28 - - [18/Sep/2025:22:57:43 +0000] "GET /vendor/php-http/discovery/src/Strategy/CommonPsr17ClassesStrategy.php HTTP/1.1" 500 0 "-" "Mozilla/5.0 AppleWebKit/537.36 (KHTML, like Gecko; compatible; GPTBot/1.2; +https://openai.com/gptbot)"
20.171.207.28 - - [18/Sep/2025:22:58:31 +0000] "GET /vendor/php-http/discovery/src/?NA HTTP/1.1" 200 1339 "-" "Mozilla/5.0 AppleWebKit/537.36 (KHTML, like Gecko; compatible; GPTBot/1.2; +https://openai.com/gptbot)"
4.227.36.50 - - [18/Sep/2025:23:02:21 +0000] "GET /robots.txt HTTP/1.1" 404 1251 "-" "Mozilla/5.0 AppleWebKit/537.36 (KHTML, like Gecko; compatible; GPTBot/1.2; +https://openai.com/gptbot)"
20.171.207.28 - - [18/Sep/2025:23:03:19 +0000] "GET /vendor/php-http/discovery/src/Composer/Plugin.php HTTP/1.1" 500 0 "-" "Mozilla/5.0 AppleWebKit/537.36 (KHTML, like Gecko; compatible; GPTBot/1.2; +https://openai.com/gptbot)"
20.171.207.28 - - [18/Sep/2025:23:07:21 +0000] "GET /vendor/php-http/discovery/src/NotFoundException.php HTTP/1.1" 500 0 "-" "Mozilla/5.0 AppleWebKit/537.36 (KHTML, like Gecko; compatible; GPTBot/1.2; +https://openai.com/gptbot)"
66.249.70.32 - - [18/Sep/2025:23:09:07 +0000] "GET /vendor/mpdf/psr-http-message-shim/?MA HTTP/1.1" 200 686 "-" "Mozilla/5.0 (Linux; Android 6.0.1; Nexus 5X Build/MMB29P) AppleWebKit/537.36 (KHTML, like Gecko) Chrome/140.0.7339.127 Mobile Safari/537.36 (compatible; GoogleOther)"
20.171.207.28 - - [18/Sep/2025:23:09:25 +0000] "GET /vendor/guzzlehttp/psr7/src/Request.php HTTP/1.1" 500 0 "-" "Mozilla/5.0 AppleWebKit/537.36 (KHTML, like Gecko; compatible; GPTBot/1.2; +https://openai.com/gptbot)"
20.171.207.28 - - [18/Sep/2025:23:10:30 +0000] "GET /vendor/guzzlehttp/psr7/src/LimitStream.php HTTP/1.1" 500 0 "-" "Mozilla/5.0 AppleWebKit/537.36 (KHTML, like Gecko; compatible; GPTBot/1.2; +https://openai.com/gptbot)"
20.171.207.28 - - [18/Sep/2025:23:11:36 +0000] "GET /vendor/guzzlehttp/psr7/src/MultipartStream.php HTTP/1.1" 500 0 "-" "Mozilla/5.0 AppleWebKit/537.36 (KHTML, like Gecko; compatible; GPTBot/1.2; +https://openai.com/gptbot)"
65.21.208.232 - - [18/Sep/2025:23:12:21 +0000] "GET / HTTP/1.1" 200 1423 "-" "Python/3.11 aiohttp/3.9.2"
20.171.207.28 - - [18/Sep/2025:23:12:42 +0000] "GET /vendor/guzzlehttp/psr7/src/FnStream.php HTTP/1.1" 500 0 "-" "Mozilla/5.0 AppleWebKit/537.36 (KHTML, like Gecko; compatible; GPTBot/1.2; +https://openai.com/gptbot)"
65.21.208.232 - - [18/Sep/2025:23:13:13 +0000] "GET / HTTP/1.1" 200 1412 "-" "Python/3.11 aiohttp/3.9.2"
20.171.207.28 - - [18/Sep/2025:23:00:30 +0000] "GET /vendor/php-http/discovery/src/Strategy/PuliBetaStrategy.php HTTP/1.1" 500 0 "-" "Mozilla/5.0 AppleWebKit/537.36 (KHTML, like Gecko; compatible; GPTBot/1.2; +https://openai.com/gptbot)"
20.171.207.28 - - [18/Sep/2025:23:01:19 +0000] "GET /vendor/php-http/discovery/src/?SD HTTP/1.1" 200 1340 "-" "Mozilla/5.0 AppleWebKit/537.36 (KHTML, like Gecko; compatible; GPTBot/1.2; +https://openai.com/gptbot)"
20.171.207.28 - - [18/Sep/2025:23:02:20 +0000] "GET /vendor/guzzlehttp/psr7/src/Exception/ HTTP/1.1" 200 659 "-" "Mozilla/5.0 AppleWebKit/537.36 (KHTML, like Gecko; compatible; GPTBot/1.2; +https://openai.com/gptbot)"
66.249.70.32 - - [18/Sep/2025:23:03:37 +0000] "GET /vendor/fakerphp/ HTTP/1.1" 200 617 "-" "Mozilla/5.0 (Linux; Android 6.0.1; Nexus 5X Build/MMB29P) AppleWebKit/537.36 (KHTML, like Gecko) Chrome/140.0.7339.127 Mobile Safari/537.36 (compatible; GoogleOther)"
20.171.207.28 - - [18/Sep/2025:23:04:10 +0000] "GET /vendor/guzzlehttp/psr7/src/UploadedFile.php HTTP/1.1" 500 0 "-" "Mozilla/5.0 AppleWebKit/537.36 (KHTML, like Gecko; compatible; GPTBot/1.2; +https://openai.com/gptbot)"
20.171.207.28 - - [18/Sep/2025:23:05:14 +0000] "GET /vendor/guzzlehttp/psr7/src/Stream.php HTTP/1.1" 500 0 "-" "Mozilla/5.0 AppleWebKit/537.36 (KHTML, like Gecko; compatible; GPTBot/1.2; +https://openai.com/gptbot)"
20.171.207.28 - - [18/Sep/2025:23:06:17 +0000] "GET /vendor/guzzlehttp/psr7/src/HttpFactory.php HTTP/1.1" 500 0 "-" "Mozilla/5.0 AppleWebKit/537.36 (KHTML, like Gecko; compatible; GPTBot/1.2; +https://openai.com/gptbot)"
20.171.207.28 - - [18/Sep/2025:23:08:22 +0000] "GET /vendor/php-http/discovery/src/Psr18ClientDiscovery.php HTTP/1.1" 500 0 "-" "Mozilla/5.0 AppleWebKit/537.36 (KHTML, like Gecko; compatible; GPTBot/1.2; +https://openai.com/gptbot)"
20.171.207.28 - - [18/Sep/2025:23:13:43 +0000] "GET /vendor/guzzlehttp/psr7/src/Response.php HTTP/1.1" 500 0 "-" "Mozilla/5.0 AppleWebKit/537.36 (KHTML, like Gecko; compatible; GPTBot/1.2; +https://openai.com/gptbot)"
20.171.207.28 - - [18/Sep/2025:23:15:47 +0000] "GET /vendor/php-http/discovery/?ND HTTP/1.1" 200 742 "-" "Mozilla/5.0 AppleWebKit/537.36 (KHTML, like Gecko; compatible; GPTBot/1.2; +https://openai.com/gptbot)"
66.249.70.34 - - [18/Sep/2025:23:16:16 +0000] "GET /vendor/markbaker/complex/license.md HTTP/1.1" 200 1109 "-" "Mozilla/5.0 (Linux; Android 6.0.1; Nexus 5X Build/MMB29P) AppleWebKit/537.36 (KHTML, like Gecko) Chrome/140.0.7339.127 Mobile Safari/537.36 (compatible; GoogleOther)"
20.171.207.28 - - [18/Sep/2025:23:16:42 +0000] "GET /vendor/php-http/discovery/?SA HTTP/1.1" 200 749 "-" "Mozilla/5.0 AppleWebKit/537.36 (KHTML, like Gecko; compatible; GPTBot/1.2; +https://openai.com/gptbot)"
20.171.207.28 - - [18/Sep/2025:23:18:56 +0000] "GET /vendor/guzzlehttp/psr7/src/Exception/?SA HTTP/1.1" 200 664 "-" "Mozilla/5.0 AppleWebKit/537.36 (KHTML, like Gecko; compatible; GPTBot/1.2; +https://openai.com/gptbot)"
20.171.207.28 - - [18/Sep/2025:23:20:56 +0000] "GET /vendor/php-http/multipart-stream-builder/ HTTP/1.1" 200 758 "-" "Mozilla/5.0 AppleWebKit/537.36 (KHTML, like Gecko; compatible; GPTBot/1.2; +https://openai.com/gptbot)"
20.171.207.28 - - [18/Sep/2025:23:22:33 +0000] "GET /vendor/guzzlehttp/psr7/src/Exception/?MA HTTP/1.1" 200 662 "-" "Mozilla/5.0 AppleWebKit/537.36 (KHTML, like Gecko; compatible; GPTBot/1.2; +https://openai.com/gptbot)"
20.171.207.28 - - [18/Sep/2025:23:23:11 +0000] "GET /vendor/guzzlehttp/psr7/src/StreamDecoratorTrait.php HTTP/1.1" 200 0 "-" "Mozilla/5.0 AppleWebKit/537.36 (KHTML, like Gecko; compatible; GPTBot/1.2; +https://openai.com/gptbot)"
20.171.207.28 - - [18/Sep/2025:23:23:49 +0000] "GET /vendor/php-http/multipart-stream-builder/CHANGELOG.md HTTP/1.1" 200 1967 "-" "Mozilla/5.0 AppleWebKit/537.36 (KHTML, like Gecko; compatible; GPTBot/1.2; +https://openai.com/gptbot)"
4.227.36.50 - - [18/Sep/2025:23:13:46 +0000] "GET /robots.txt HTTP/1.1" 404 1251 "-" "Mozilla/5.0 AppleWebKit/537.36 (KHTML, like Gecko; compatible; GPTBot/1.2; +https://openai.com/gptbot)"
20.171.207.28 - - [18/Sep/2025:23:14:46 +0000] "GET /vendor/php-http/discovery/composer.json HTTP/1.1" 200 733 "-" "Mozilla/5.0 AppleWebKit/537.36 (KHTML, like Gecko; compatible; GPTBot/1.2; +https://openai.com/gptbot)"
66.249.70.32 - - [18/Sep/2025:23:15:30 +0000] "GET /vendor/mpdf/psr-http-message-shim/?ND HTTP/1.1" 200 679 "-" "Mozilla/5.0 (Linux; Android 6.0.1; Nexus 5X Build/MMB29P) AppleWebKit/537.36 (KHTML, like Gecko) Chrome/140.0.7339.127 Mobile Safari/537.36 (compatible; GoogleOther)"
20.171.207.28 - - [18/Sep/2025:23:17:31 +0000] "GET /vendor/php-http/discovery/CHANGELOG.md HTTP/1.1" 200 10392 "-" "Mozilla/5.0 AppleWebKit/537.36 (KHTML, like Gecko; compatible; GPTBot/1.2; +https://openai.com/gptbot)"
20.171.207.28 - - [18/Sep/2025:23:18:16 +0000] "GET /vendor/php-http/discovery/src/UriFactoryDiscovery.php HTTP/1.1" 500 0 "-" "Mozilla/5.0 AppleWebKit/537.36 (KHTML, like Gecko; compatible; GPTBot/1.2; +https://openai.com/gptbot)"
66.249.70.32 - - [18/Sep/2025:23:18:26 +0000] "GET /vendor/mpdf/?NA HTTP/1.1" 200 659 "-" "Mozilla/5.0 (Linux; Android 6.0.1; Nexus 5X Build/MMB29P) AppleWebKit/537.36 (KHTML, like Gecko) Chrome/140.0.7339.127 Mobile Safari/537.36 (compatible; GoogleOther)"
4.227.36.50 - - [18/Sep/2025:23:18:57 +0000] "GET /robots.txt HTTP/1.1" 404 1251 "-" "Mozilla/5.0 AppleWebKit/537.36 (KHTML, like Gecko; compatible; GPTBot/1.2; +https://openai.com/gptbot)"
20.171.207.28 - - [18/Sep/2025:23:20:01 +0000] "GET /vendor/php-http/discovery/?MA HTTP/1.1" 200 754 "-" "Mozilla/5.0 AppleWebKit/537.36 (KHTML, like Gecko; compatible; GPTBot/1.2; +https://openai.com/gptbot)"
20.171.207.28 - - [18/Sep/2025:23:21:48 +0000] "GET /vendor/guzzlehttp/psr7/src/Exception/?ND HTTP/1.1" 200 658 "-" "Mozilla/5.0 AppleWebKit/537.36 (KHTML, like Gecko; compatible; GPTBot/1.2; +https://openai.com/gptbot)"
20.171.207.28 - - [18/Sep/2025:23:24:24 +0000] "GET /vendor/guzzlehttp/psr7/src/Exception/MalformedUriException.php HTTP/1.1" 200 0 "-" "Mozilla/5.0 AppleWebKit/537.36 (KHTML, like Gecko; compatible; GPTBot/1.2; +https://openai.com/gptbot)"
20.171.207.28 - - [18/Sep/2025:23:24:55 +0000] "GET /vendor/guzzlehttp/psr7/src/Exception/?NA HTTP/1.1" 200 659 "-" "Mozilla/5.0 AppleWebKit/537.36 (KHTML, like Gecko; compatible; GPTBot/1.2; +https://openai.com/gptbot)"
20.171.207.28 - - [18/Sep/2025:23:25:22 +0000] "GET /vendor/php-http/multipart-stream-builder/src/ HTTP/1.1" 200 790 "-" "Mozilla/5.0 AppleWebKit/537.36 (KHTML, like Gecko; compatible; GPTBot/1.2; +https://openai.com/gptbot)"
4.227.36.50 - - [18/Sep/2025:23:25:29 +0000] "GET /robots.txt HTTP/1.1" 404 1251 "-" "Mozilla/5.0 AppleWebKit/537.36 (KHTML, like Gecko; compatible; GPTBot/1.2; +https://openai.com/gptbot)"
20.171.207.28 - - [18/Sep/2025:23:25:45 +0000] "GET /vendor/guzzlehttp/psr7/src/InflateStream.php HTTP/1.1" 500 0 "-" "Mozilla/5.0 AppleWebKit/537.36 (KHTML, like Gecko; compatible; GPTBot/1.2; +https://openai.com/gptbot)"
20.171.207.28 - - [18/Sep/2025:23:26:07 +0000] "GET /vendor/php-http/multipart-stream-builder/composer.json HTTP/1.1" 200 447 "-" "Mozilla/5.0 AppleWebKit/537.36 (KHTML, like Gecko; compatible; GPTBot/1.2; +https://openai.com/gptbot)"
20.171.207.28 - - [18/Sep/2025:23:27:10 +0000] "GET /vendor/php-http/discovery/?NA HTTP/1.1" 200 749 "-" "Mozilla/5.0 AppleWebKit/537.36 (KHTML, like Gecko; compatible; GPTBot/1.2; +https://openai.com/gptbot)"
20.171.207.28 - - [18/Sep/2025:23:29:50 +0000] "GET /vendor/guzzlehttp/psr7/src/Exception/?SD HTTP/1.1" 200 663 "-" "Mozilla/5.0 AppleWebKit/537.36 (KHTML, like Gecko; compatible; GPTBot/1.2; +https://openai.com/gptbot)"
20.171.207.28 - - [18/Sep/2025:23:30:29 +0000] "GET /vendor/php-http/multipart-stream-builder/?ND HTTP/1.1" 200 751 "-" "Mozilla/5.0 AppleWebKit/537.36 (KHTML, like Gecko; compatible; GPTBot/1.2; +https://openai.com/gptbot)"
66.249.70.32 - - [18/Sep/2025:23:26:28 +0000] "GET /vendor/mpdf/?MD HTTP/1.1" 200 663 "-" "Mozilla/5.0 (Linux; Android 6.0.1; Nexus 5X Build/MMB29P) AppleWebKit/537.36 (KHTML, like Gecko) Chrome/140.0.7339.127 Mobile Safari/537.36 (compatible; GoogleOther)"
20.171.207.28 - - [18/Sep/2025:23:28:09 +0000] "GET /vendor/php-http/discovery/?SD HTTP/1.1" 200 753 "-" "Mozilla/5.0 AppleWebKit/537.36 (KHTML, like Gecko; compatible; GPTBot/1.2; +https://openai.com/gptbot)"
104.210.140.143 - - [18/Sep/2025:23:28:29 +0000] "GET /robots.txt HTTP/1.1" 404 1251 "-" "Mozilla/5.0 (Macintosh; Intel Mac OS X 10_15_7) AppleWebKit/537.36 (KHTML, like Gecko) Chrome/131.0.0.0 Safari/537.36; compatible; OAI-SearchBot/1.0; +https://openai.com/searchbot"
20.171.207.28 - - [18/Sep/2025:23:29:01 +0000] "GET /vendor/guzzlehttp/psr7/src/UriNormalizer.php HTTP/1.1" 200 0 "-" "Mozilla/5.0 AppleWebKit/537.36 (KHTML, like Gecko; compatible; GPTBot/1.2; +https://openai.com/gptbot)"
20.171.207.28 - - [18/Sep/2025:23:31:06 +0000] "GET /vendor/php-http/multipart-stream-builder/src/MultipartStreamBuilder.php HTTP/1.1" 200 0 "-" "Mozilla/5.0 AppleWebKit/537.36 (KHTML, like Gecko; compatible; GPTBot/1.2; +https://openai.com/gptbot)"
20.171.207.28 - - [18/Sep/2025:23:31:38 +0000] "GET /vendor/guzzlehttp/psr7/src/Exception/?MD HTTP/1.1" 200 662 "-" "Mozilla/5.0 AppleWebKit/537.36 (KHTML, like Gecko; compatible; GPTBot/1.2; +https://openai.com/gptbot)"
20.171.207.28 - - [18/Sep/2025:23:32:35 +0000] "GET /vendor/php-http/multipart-stream-builder/?SA HTTP/1.1" 200 758 "-" "Mozilla/5.0 AppleWebKit/537.36 (KHTML, like Gecko; compatible; GPTBot/1.2; +https://openai.com/gptbot)"
20.171.207.28 - - [18/Sep/2025:23:34:35 +0000] "GET /vendor/php-http/multipart-stream-builder/src/ApacheMimetypeHelper.php HTTP/1.1" 500 0 "-" "Mozilla/5.0 AppleWebKit/537.36 (KHTML, like Gecko; compatible; GPTBot/1.2; +https://openai.com/gptbot)"
20.171.207.28 - - [18/Sep/2025:23:36:26 +0000] "GET /vendor/php-http/multipart-stream-builder/?MA HTTP/1.1" 200 760 "-" "Mozilla/5.0 AppleWebKit/537.36 (KHTML, like Gecko; compatible; GPTBot/1.2; +https://openai.com/gptbot)"
4.227.36.50 - - [18/Sep/2025:23:36:32 +0000] "GET /robots.txt HTTP/1.1" 404 1251 "-" "Mozilla/5.0 AppleWebKit/537.36 (KHTML, like Gecko; compatible; GPTBot/1.2; +https://openai.com/gptbot)"
20.171.207.28 - - [18/Sep/2025:23:37:28 +0000] "GET /vendor/php-http/multipart-stream-builder/src/CustomMimetypeHelper.php HTTP/1.1" 500 0 "-" "Mozilla/5.0 AppleWebKit/537.36 (KHTML, like Gecko; compatible; GPTBot/1.2; +https://openai.com/gptbot)"
20.171.207.28 - - [18/Sep/2025:23:41:20 +0000] "GET /vendor/guzzlehttp/psr7/src/BufferStream.php HTTP/1.1" 500 0 "-" "Mozilla/5.0 AppleWebKit/537.36 (KHTML, like Gecko; compatible; GPTBot/1.2; +https://openai.com/gptbot)"
20.171.207.28 - - [18/Sep/2025:23:42:21 +0000] "GET /vendor/php-http/multipart-stream-builder/?SD HTTP/1.1" 200 763 "-" "Mozilla/5.0 AppleWebKit/537.36 (KHTML, like Gecko; compatible; GPTBot/1.2; +https://openai.com/gptbot)"
65.21.208.232 - - [18/Sep/2025:23:42:22 +0000] "GET / HTTP/1.1" 200 1482 "-" "Python/3.11 aiohttp/3.9.2"
65.21.208.232 - - [18/Sep/2025:23:43:18 +0000] "GET / HTTP/1.1" 200 1471 "-" "Python/3.11 aiohttp/3.9.2"
66.249.70.32 - - [18/Sep/2025:23:43:36 +0000] "GET /vendor/ifsnop/ HTTP/1.1" 200 617 "-" "Mozilla/5.0 (Linux; Android 6.0.1; Nexus 5X Build/MMB29P) AppleWebKit/537.36 (KHTML, like Gecko) Chrome/140.0.7339.127 Mobile Safari/537.36 (compatible; GoogleOther)"
66.249.70.32 - - [18/Sep/2025:23:43:39 +0000] "GET /admin/ HTTP/1.1" 302 0 "-" "Mozilla/5.0 (Linux; Android 6.0.1; Nexus 5X Build/MMB29P) AppleWebKit/537.36 (KHTML, like Gecko) Chrome/140.0.7339.127 Mobile Safari/537.36 (compatible; GoogleOther)"
66.249.70.33 - - [18/Sep/2025:23:44:04 +0000] "GET /_autoindex/assets/icons/file-text.svg HTTP/1.1" 200 394 "http://veroserv.com/?ng=login/where/" "Mozilla/5.0 (Linux; Android 6.0.1; Nexus 5X Build/MMB29P) AppleWebKit/537.36 (KHTML, like Gecko) Chrome/139.0.7258.127 Mobile Safari/537.36 (compatible; Googlebot/2.1; +http://www.google.com/bot.html)"
4.227.36.50 - - [18/Sep/2025:23:30:30 +0000] "GET /robots.txt HTTP/1.1" 404 1251 "-" "Mozilla/5.0 AppleWebKit/537.36 (KHTML, like Gecko; compatible; GPTBot/1.2; +https://openai.com/gptbot)"
20.171.207.28 - - [18/Sep/2025:23:32:08 +0000] "GET /vendor/guzzlehttp/psr7/src/ServerRequest.php HTTP/1.1" 500 0 "-" "Mozilla/5.0 AppleWebKit/537.36 (KHTML, like Gecko; compatible; GPTBot/1.2; +https://openai.com/gptbot)"
20.171.207.28 - - [18/Sep/2025:23:33:37 +0000] "GET /vendor/php-http/discovery/?MD HTTP/1.1" 200 753 "-" "Mozilla/5.0 AppleWebKit/537.36 (KHTML, like Gecko; compatible; GPTBot/1.2; +https://openai.com/gptbot)"
20.171.207.28 - - [18/Sep/2025:23:35:25 +0000] "GET /vendor/php-http/multipart-stream-builder/src/error_log HTTP/1.1" 403 1242 "-" "Mozilla/5.0 AppleWebKit/537.36 (KHTML, like Gecko; compatible; GPTBot/1.2; +https://openai.com/gptbot)"
20.171.207.28 - - [18/Sep/2025:23:38:26 +0000] "GET /vendor/php-http/multipart-stream-builder/LICENSE HTTP/1.1" 200 1077 "-" "Mozilla/5.0 AppleWebKit/537.36 (KHTML, like Gecko; compatible; GPTBot/1.2; +https://openai.com/gptbot)"
20.171.207.28 - - [18/Sep/2025:23:39:30 +0000] "GET /vendor/php-http/multipart-stream-builder/?NA HTTP/1.1" 200 758 "-" "Mozilla/5.0 AppleWebKit/537.36 (KHTML, like Gecko; compatible; GPTBot/1.2; +https://openai.com/gptbot)"
20.171.207.28 - - [18/Sep/2025:23:40:27 +0000] "GET /vendor/php-http/discovery/src/StreamFactoryDiscovery.php HTTP/1.1" 500 0 "-" "Mozilla/5.0 AppleWebKit/537.36 (KHTML, like Gecko; compatible; GPTBot/1.2; +https://openai.com/gptbot)"
20.171.207.28 - - [18/Sep/2025:23:43:22 +0000] "GET /vendor/guzzlehttp/psr7/src/NoSeekStream.php HTTP/1.1" 500 0 "-" "Mozilla/5.0 AppleWebKit/537.36 (KHTML, like Gecko; compatible; GPTBot/1.2; +https://openai.com/gptbot)"
66.249.70.33 - - [18/Sep/2025:23:43:54 +0000] "GET /?ng=login/where/ HTTP/1.1" 200 1245 "-" "Mozilla/5.0 (Linux; Android 6.0.1; Nexus 5X Build/MMB29P) AppleWebKit/537.36 (KHTML, like Gecko) Chrome/140.0.7339.127 Mobile Safari/537.36 (compatible; GoogleOther)"
20.171.207.28 - - [18/Sep/2025:23:45:17 +0000] "GET /vendor/guzzlehttp/psr7/src/DroppingStream.php HTTP/1.1" 500 0 "-" "Mozilla/5.0 AppleWebKit/537.36 (KHTML, like Gecko; compatible; GPTBot/1.2; +https://openai.com/gptbot)"
20.171.207.28 - - [18/Sep/2025:23:46:14 +0000] "GET /vendor/php-http/discovery/src/Exception/ HTTP/1.1" 200 1081 "-" "Mozilla/5.0 AppleWebKit/537.36 (KHTML, like Gecko; compatible; GPTBot/1.2; +https://openai.com/gptbot)"
20.171.207.28 - - [18/Sep/2025:23:47:19 +0000] "GET /vendor/guzzlehttp/psr7/src/UriComparator.php HTTP/1.1" 200 0 "-" "Mozilla/5.0 AppleWebKit/537.36 (KHTML, like Gecko; compatible; GPTBot/1.2; +https://openai.com/gptbot)"
20.171.207.28 - - [18/Sep/2025:23:48:16 +0000] "GET /vendor/php-http/multipart-stream-builder/?MD HTTP/1.1" 200 758 "-" "Mozilla/5.0 AppleWebKit/537.36 (KHTML, like Gecko; compatible; GPTBot/1.2; +https://openai.com/gptbot)"
20.171.207.28 - - [18/Sep/2025:23:49:52 +0000] "GET /vendor/php-http/discovery/src/Composer/Plugin.php HTTP/1.1" 500 0 "-" "Mozilla/5.0 AppleWebKit/537.36 (KHTML, like Gecko; compatible; GPTBot/1.2; +https://openai.com/gptbot)"
4.227.36.50 - - [18/Sep/2025:23:49:53 +0000] "GET /robots.txt HTTP/1.1" 404 1251 "-" "Mozilla/5.0 AppleWebKit/537.36 (KHTML, like Gecko; compatible; GPTBot/1.2; +https://openai.com/gptbot)"
20.171.207.28 - - [18/Sep/2025:23:50:34 +0000] "GET /vendor/php-http/discovery/src/Composer/?MD HTTP/1.1" 200 699 "-" "Mozilla/5.0 AppleWebKit/537.36 (KHTML, like Gecko; compatible; GPTBot/1.2; +https://openai.com/gptbot)"
4.227.36.50 - - [18/Sep/2025:23:59:01 +0000] "GET /robots.txt HTTP/1.1" 404 1251 "-" "Mozilla/5.0 AppleWebKit/537.36 (KHTML, like Gecko; compatible; GPTBot/1.2; +https://openai.com/gptbot)"
20.171.207.28 - - [18/Sep/2025:23:59:29 +0000] "GET /vendor/php-http/discovery/src/Exception/PuliUnavailableException.php HTTP/1.1" 500 0 "-" "Mozilla/5.0 AppleWebKit/537.36 (KHTML, like Gecko; compatible; GPTBot/1.2; +https://openai.com/gptbot)"
20.171.207.28 - - [19/Sep/2025:00:00:24 +0000] "GET /vendor/php-http/discovery/src/Exception/?SA HTTP/1.1" 200 1135 "-" "Mozilla/5.0 AppleWebKit/537.36 (KHTML, like Gecko; compatible; GPTBot/1.2; +https://openai.com/gptbot)"
20.171.207.28 - - [19/Sep/2025:00:01:30 +0000] "GET /vendor/php-http/discovery/src/Strategy/?MA HTTP/1.1" 200 1115 "-" "Mozilla/5.0 AppleWebKit/537.36 (KHTML, like Gecko; compatible; GPTBot/1.2; +https://openai.com/gptbot)"
20.171.207.28 - - [19/Sep/2025:00:03:18 +0000] "GET /vendor/php-http/discovery/src/Exception/?ND HTTP/1.1" 200 1133 "-" "Mozilla/5.0 AppleWebKit/537.36 (KHTML, like Gecko; compatible; GPTBot/1.2; +https://openai.com/gptbot)"
66.249.70.34 - - [19/Sep/2025:00:06:34 +0000] "GET /vendor/ezyang/htmlpurifier/ HTTP/1.1" 200 772 "-" "Mozilla/5.0 (Linux; Android 6.0.1; Nexus 5X Build/MMB29P) AppleWebKit/537.36 (KHTML, like Gecko) Chrome/140.0.7339.127 Mobile Safari/537.36 (compatible; GoogleOther)"
20.171.207.28 - - [18/Sep/2025:23:44:18 +0000] "GET /vendor/php-http/discovery/src/Composer/?MA HTTP/1.1" 200 702 "-" "Mozilla/5.0 AppleWebKit/537.36 (KHTML, like Gecko; compatible; GPTBot/1.2; +https://openai.com/gptbot)"
4.227.36.50 - - [18/Sep/2025:23:44:26 +0000] "GET /robots.txt HTTP/1.1" 404 1251 "-" "Mozilla/5.0 AppleWebKit/537.36 (KHTML, like Gecko; compatible; GPTBot/1.2; +https://openai.com/gptbot)"
20.171.207.28 - - [18/Sep/2025:23:49:08 +0000] "GET /vendor/guzzlehttp/psr7/src/StreamWrapper.php HTTP/1.1" 200 0 "-" "Mozilla/5.0 AppleWebKit/537.36 (KHTML, like Gecko; compatible; GPTBot/1.2; +https://openai.com/gptbot)"
66.249.70.32 - - [18/Sep/2025:23:49:38 +0000] "GET /vendor/bin/ HTTP/1.1" 200 1067 "-" "Mozilla/5.0 (Linux; Android 6.0.1; Nexus 5X Build/MMB29P) AppleWebKit/537.36 (KHTML, like Gecko) Chrome/140.0.7339.127 Mobile Safari/537.36 (compatible; GoogleOther)"
20.171.207.28 - - [18/Sep/2025:23:58:27 +0000] "GET /vendor/php-http/discovery/src/Exception/StrategyUnavailableException.php HTTP/1.1" 500 0 "-" "Mozilla/5.0 AppleWebKit/537.36 (KHTML, like Gecko; compatible; GPTBot/1.2; +https://openai.com/gptbot)"
20.171.207.28 - - [18/Sep/2025:23:58:47 +0000] "GET /vendor/php-http/discovery/src/Composer/?SA HTTP/1.1" 200 699 "-" "Mozilla/5.0 AppleWebKit/537.36 (KHTML, like Gecko; compatible; GPTBot/1.2; +https://openai.com/gptbot)"
20.171.207.28 - - [19/Sep/2025:00:02:25 +0000] "GET /vendor/php-http/discovery/src/Strategy/?SA HTTP/1.1" 200 1104 "-" "Mozilla/5.0 AppleWebKit/537.36 (KHTML, like Gecko; compatible; GPTBot/1.2; +https://openai.com/gptbot)"
20.171.207.28 - - [19/Sep/2025:00:04:04 +0000] "GET /vendor/php-http/discovery/src/Composer/?ND HTTP/1.1" 200 699 "-" "Mozilla/5.0 AppleWebKit/537.36 (KHTML, like Gecko; compatible; GPTBot/1.2; +https://openai.com/gptbot)"
20.171.207.28 - - [19/Sep/2025:00:04:45 +0000] "GET /vendor/php-http/discovery/src/Strategy/CommonClassesStrategy.php HTTP/1.1" 500 0 "-" "Mozilla/5.0 AppleWebKit/537.36 (KHTML, like Gecko; compatible; GPTBot/1.2; +https://openai.com/gptbot)"
20.171.207.28 - - [19/Sep/2025:00:05:23 +0000] "GET /vendor/php-http/discovery/src/Composer/Plugin.php HTTP/1.1" 500 0 "-" "Mozilla/5.0 AppleWebKit/537.36 (KHTML, like Gecko; compatible; GPTBot/1.2; +https://openai.com/gptbot)"
20.171.207.28 - - [19/Sep/2025:00:06:26 +0000] "GET /vendor/php-http/discovery/src/Exception/DiscoveryFailedException.php HTTP/1.1" 500 0 "-" "Mozilla/5.0 AppleWebKit/537.36 (KHTML, like Gecko; compatible; GPTBot/1.2; +https://openai.com/gptbot)"
20.171.207.28 - - [19/Sep/2025:00:07:32 +0000] "GET /vendor/php-http/discovery/src/Exception/?MA HTTP/1.1" 200 1136 "-" "Mozilla/5.0 AppleWebKit/537.36 (KHTML, like Gecko; compatible; GPTBot/1.2; +https://openai.com/gptbot)"
20.171.207.28 - - [19/Sep/2025:00:08:34 +0000] "GET /vendor/php-http/discovery/src/Exception/StrategyUnavailableException.php HTTP/1.1" 500 0 "-" "Mozilla/5.0 AppleWebKit/537.36 (KHTML, like Gecko; compatible; GPTBot/1.2; +https://openai.com/gptbot)"
20.171.207.28 - - [19/Sep/2025:00:11:31 +0000] "GET /vendor/php-http/discovery/src/Exception/NoCandidateFoundException.php HTTP/1.1" 500 0 "-" "Mozilla/5.0 AppleWebKit/537.36 (KHTML, like Gecko; compatible; GPTBot/1.2; +https://openai.com/gptbot)"
65.21.208.232 - - [19/Sep/2025:00:12:24 +0000] "GET / HTTP/1.1" 200 1482 "-" "Python/3.11 aiohttp/3.9.2"
20.171.207.28 - - [19/Sep/2025:00:13:26 +0000] "GET /vendor/php-http/discovery/src/Strategy/CommonClassesStrategy.php HTTP/1.1" 500 0 "-" "Mozilla/5.0 AppleWebKit/537.36 (KHTML, like Gecko; compatible; GPTBot/1.2; +https://openai.com/gptbot)"
20.171.207.28 - - [19/Sep/2025:00:14:29 +0000] "GET /vendor/php-http/discovery/src/Composer/Plugin.php HTTP/1.1" 500 0 "-" "Mozilla/5.0 AppleWebKit/537.36 (KHTML, like Gecko; compatible; GPTBot/1.2; +https://openai.com/gptbot)"
20.171.207.28 - - [19/Sep/2025:00:15:32 +0000] "GET /vendor/php-http/discovery/src/Exception/DiscoveryFailedException.php HTTP/1.1" 500 0 "-" "Mozilla/5.0 AppleWebKit/537.36 (KHTML, like Gecko; compatible; GPTBot/1.2; +https://openai.com/gptbot)"
4.227.36.50 - - [19/Sep/2025:00:16:36 +0000] "GET /robots.txt HTTP/1.1" 404 1251 "-" "Mozilla/5.0 AppleWebKit/537.36 (KHTML, like Gecko; compatible; GPTBot/1.2; +https://openai.com/gptbot)"
20.171.207.28 - - [19/Sep/2025:00:20:11 +0000] "GET /vendor/php-http/discovery/src/Strategy/?MD HTTP/1.1" 200 1113 "-" "Mozilla/5.0 AppleWebKit/537.36 (KHTML, like Gecko; compatible; GPTBot/1.2; +https://openai.com/gptbot)"
20.171.207.28 - - [19/Sep/2025:00:21:13 +0000] "GET /vendor/php-http/discovery/src/Strategy/PuliBetaStrategy.php HTTP/1.1" 500 0 "-" "Mozilla/5.0 AppleWebKit/537.36 (KHTML, like Gecko; compatible; GPTBot/1.2; +https://openai.com/gptbot)"
20.171.207.28 - - [19/Sep/2025:00:22:08 +0000] "GET /vendor/php-http/discovery/src/Exception/?NA HTTP/1.1" 200 1135 "-" "Mozilla/5.0 AppleWebKit/537.36 (KHTML, like Gecko; compatible; GPTBot/1.2; +https://openai.com/gptbot)"
4.227.36.50 - - [19/Sep/2025:00:22:08 +0000] "GET /robots.txt HTTP/1.1" 404 1251 "-" "Mozilla/5.0 AppleWebKit/537.36 (KHTML, like Gecko; compatible; GPTBot/1.2; +https://openai.com/gptbot)"
20.171.207.28 - - [19/Sep/2025:00:23:08 +0000] "GET /vendor/php-http/discovery/src/Strategy/CommonPsr17ClassesStrategy.php HTTP/1.1" 500 0 "-" "Mozilla/5.0 AppleWebKit/537.36 (KHTML, like Gecko; compatible; GPTBot/1.2; +https://openai.com/gptbot)"
20.171.207.28 - - [19/Sep/2025:00:24:03 +0000] "GET /vendor/php-http/discovery/src/Strategy/CommonClassesStrategy.php HTTP/1.1" 500 0 "-" "Mozilla/5.0 AppleWebKit/537.36 (KHTML, like Gecko; compatible; GPTBot/1.2; +https://openai.com/gptbot)"
20.171.207.28 - - [19/Sep/2025:00:25:09 +0000] "GET /vendor/php-http/discovery/src/Exception/DiscoveryFailedException.php HTTP/1.1" 500 0 "-" "Mozilla/5.0 AppleWebKit/537.36 (KHTML, like Gecko; compatible; GPTBot/1.2; +https://openai.com/gptbot)"
20.171.207.28 - - [19/Sep/2025:00:26:13 +0000] "GET /vendor/php-http/discovery/src/Exception/PuliUnavailableException.php HTTP/1.1" 500 0 "-" "Mozilla/5.0 AppleWebKit/537.36 (KHTML, like Gecko; compatible; GPTBot/1.2; +https://openai.com/gptbot)"
20.171.207.28 - - [19/Sep/2025:00:27:13 +0000] "GET /vendor/php-http/discovery/src/Composer/?NA HTTP/1.1" 200 693 "-" "Mozilla/5.0 AppleWebKit/537.36 (KHTML, like Gecko; compatible; GPTBot/1.2; +https://openai.com/gptbot)"
4.227.36.50 - - [19/Sep/2025:00:27:14 +0000] "GET /robots.txt HTTP/1.1" 404 1251 "-" "Mozilla/5.0 AppleWebKit/537.36 (KHTML, like Gecko; compatible; GPTBot/1.2; +https://openai.com/gptbot)"
4.227.36.50 - - [19/Sep/2025:00:07:33 +0000] "GET /robots.txt HTTP/1.1" 404 1251 "-" "Mozilla/5.0 AppleWebKit/537.36 (KHTML, like Gecko; compatible; GPTBot/1.2; +https://openai.com/gptbot)"
20.171.207.28 - - [19/Sep/2025:00:09:29 +0000] "GET /vendor/php-http/discovery/src/Strategy/?ND HTTP/1.1" 200 1107 "-" "Mozilla/5.0 AppleWebKit/537.36 (KHTML, like Gecko; compatible; GPTBot/1.2; +https://openai.com/gptbot)"
20.171.207.28 - - [19/Sep/2025:00:10:34 +0000] "GET /vendor/php-http/discovery/src/Composer/?SD HTTP/1.1" 200 699 "-" "Mozilla/5.0 AppleWebKit/537.36 (KHTML, like Gecko; compatible; GPTBot/1.2; +https://openai.com/gptbot)"
185.39.19.97 - - [19/Sep/2025:00:10:38 +0000] "GET / HTTP/1.0" 200 5405 "http://veroserv.com/" "Mozilla/5.0 (Windows NT 10.0; Win64; x64) AppleWebKit/537.36 (KHTML, like Gecko) Chrome/131.0.0.0 Safari/537.36"
20.171.207.28 - - [19/Sep/2025:00:12:23 +0000] "GET /vendor/php-http/discovery/src/Exception/PuliUnavailableException.php HTTP/1.1" 500 0 "-" "Mozilla/5.0 AppleWebKit/537.36 (KHTML, like Gecko; compatible; GPTBot/1.2; +https://openai.com/gptbot)"
65.21.208.232 - - [19/Sep/2025:00:13:32 +0000] "GET / HTTP/1.1" 200 1471 "-" "Python/3.11 aiohttp/3.9.2"
20.171.207.28 - - [19/Sep/2025:00:16:35 +0000] "GET /vendor/php-http/discovery/src/Exception/?MD HTTP/1.1" 200 1143 "-" "Mozilla/5.0 AppleWebKit/537.36 (KHTML, like Gecko; compatible; GPTBot/1.2; +https://openai.com/gptbot)"
20.171.207.28 - - [19/Sep/2025:00:17:35 +0000] "GET /vendor/php-http/discovery/src/Exception/?SD HTTP/1.1" 200 1137 "-" "Mozilla/5.0 AppleWebKit/537.36 (KHTML, like Gecko; compatible; GPTBot/1.2; +https://openai.com/gptbot)"
