216.73.216.44 - - [19/Sep/2025:07:09:52 +0000] "GET /vendor/nesbot/carbon/lazy/Carbon HTTP/1.1" 301 795 "-" "Mozilla/5.0 AppleWebKit/537.36 (KHTML, like Gecko; compatible; ClaudeBot/1.0; +claudebot@anthropic.com)"
216.73.216.44 - - [19/Sep/2025:07:09:52 +0000] "GET /vendor/nesbot/carbon/lazy/Carbon/ HTTP/1.1" 200 783 "http://veroserv.com/vendor/nesbot/carbon/lazy/Carbon" "Mozilla/5.0 AppleWebKit/537.36 (KHTML, like Gecko; compatible; ClaudeBot/1.0; +claudebot@anthropic.com)"
216.73.216.44 - - [19/Sep/2025:07:10:26 +0000] "GET /vendor/jms/metadata/src/Cache HTTP/1.1" 301 795 "-" "Mozilla/5.0 AppleWebKit/537.36 (KHTML, like Gecko; compatible; ClaudeBot/1.0; +claudebot@anthropic.com)"
216.73.216.44 - - [19/Sep/2025:07:10:27 +0000] "GET /vendor/jms/metadata/src/Cache/ HTTP/1.1" 200 752 "http://veroserv.com/vendor/jms/metadata/src/Cache" "Mozilla/5.0 AppleWebKit/537.36 (KHTML, like Gecko; compatible; ClaudeBot/1.0; +claudebot@anthropic.com)"
20.171.207.28 - - [19/Sep/2025:07:11:19 +0000] "GET /vendor/jms/metadata/src/NullMetadata.php HTTP/1.1" 500 0 "-" "Mozilla/5.0 AppleWebKit/537.36 (KHTML, like Gecko; compatible; GPTBot/1.2; +https://openai.com/gptbot)"
216.73.216.44 - - [19/Sep/2025:07:11:59 +0000] "GET /vendor/nesbot/carbon/src/Carbon HTTP/1.1" 301 795 "-" "Mozilla/5.0 AppleWebKit/537.36 (KHTML, like Gecko; compatible; ClaudeBot/1.0; +claudebot@anthropic.com)"
216.73.216.44 - - [19/Sep/2025:07:11:59 +0000] "GET /vendor/nesbot/carbon/src/Carbon/ HTTP/1.1" 200 1619 "http://veroserv.com/vendor/nesbot/carbon/src/Carbon" "Mozilla/5.0 AppleWebKit/537.36 (KHTML, like Gecko; compatible; ClaudeBot/1.0; +claudebot@anthropic.com)"
216.73.216.44 - - [19/Sep/2025:07:11:59 +0000] "GET /vendor/ramsey/uuid/src/Fields HTTP/1.1" 301 795 "-" "Mozilla/5.0 AppleWebKit/537.36 (KHTML, like Gecko; compatible; ClaudeBot/1.0; +claudebot@anthropic.com)"
216.73.216.44 - - [19/Sep/2025:07:11:59 +0000] "GET /vendor/ramsey/uuid/src/Fields/ HTTP/1.1" 200 684 "http://veroserv.com/vendor/ramsey/uuid/src/Fields" "Mozilla/5.0 AppleWebKit/537.36 (KHTML, like Gecko; compatible; ClaudeBot/1.0; +claudebot@anthropic.com)"
216.73.216.44 - - [19/Sep/2025:07:12:00 +0000] "GET /vendor/ramsey/uuid/src/Builder HTTP/1.1" 301 795 "-" "Mozilla/5.0 AppleWebKit/537.36 (KHTML, like Gecko; compatible; ClaudeBot/1.0; +claudebot@anthropic.com)"
216.73.216.44 - - [19/Sep/2025:07:12:00 +0000] "GET /vendor/ramsey/uuid/src/Builder/ HTTP/1.1" 200 763 "http://veroserv.com/vendor/ramsey/uuid/src/Builder" "Mozilla/5.0 AppleWebKit/537.36 (KHTML, like Gecko; compatible; ClaudeBot/1.0; +claudebot@anthropic.com)"
216.73.216.44 - - [19/Sep/2025:07:12:00 +0000] "GET /vendor/ramsey/uuid/src/Rfc4122 HTTP/1.1" 301 795 "-" "Mozilla/5.0 AppleWebKit/537.36 (KHTML, like Gecko; compatible; ClaudeBot/1.0; +claudebot@anthropic.com)"
216.73.216.44 - - [19/Sep/2025:07:11:30 +0000] "GET /vendor/illuminate/collections/Traits/error_log HTTP/1.1" 403 1242 "-" "Mozilla/5.0 AppleWebKit/537.36 (KHTML, like Gecko; compatible; ClaudeBot/1.0; +claudebot@anthropic.com)"
216.73.216.44 - - [19/Sep/2025:07:11:31 +0000] "GET /vendor/nesbot/carbon/bin/carbon.bat HTTP/1.1" 200 93 "-" "Mozilla/5.0 AppleWebKit/537.36 (KHTML, like Gecko; compatible; ClaudeBot/1.0; +claudebot@anthropic.com)"
216.73.216.44 - - [19/Sep/2025:07:11:31 +0000] "GET /vendor/laminas/laminas-diactoros/src/Response HTTP/1.1" 301 795 "-" "Mozilla/5.0 AppleWebKit/537.36 (KHTML, like Gecko; compatible; ClaudeBot/1.0; +claudebot@anthropic.com)"
216.73.216.44 - - [19/Sep/2025:07:11:31 +0000] "GET /vendor/laminas/laminas-diactoros/src/Response/ HTTP/1.1" 200 1153 "http://veroserv.com/vendor/laminas/laminas-diactoros/src/Response" "Mozilla/5.0 AppleWebKit/537.36 (KHTML, like Gecko; compatible; ClaudeBot/1.0; +claudebot@anthropic.com)"
216.73.216.44 - - [19/Sep/2025:07:11:31 +0000] "GET /vendor/laminas/laminas-diactoros/src/Uri.php HTTP/1.1" 500 0 "-" "Mozilla/5.0 AppleWebKit/537.36 (KHTML, like Gecko; compatible; ClaudeBot/1.0; +claudebot@anthropic.com)"
162.62.213.187 - - [19/Sep/2025:07:11:53 +0000] "GET /wpc.php?path=%2Fhome%2Fsmartonegroup%2Fpublic_html%2Fveroserv%2Fvendor%2Fbrick HTTP/1.1" 200 1375 "-" "Mozilla/5.0 (iPhone; CPU iPhone OS 13_2_3 like Mac OS X) AppleWebKit/605.1.15 (KHTML, like Gecko) Version/13.0.3 Mobile/15E148 Safari/604.1"
216.73.216.44 - - [19/Sep/2025:07:12:01 +0000] "GET /vendor/ramsey/uuid/src/Lazy HTTP/1.1" 301 795 "-" "Mozilla/5.0 AppleWebKit/537.36 (KHTML, like Gecko; compatible; ClaudeBot/1.0; +claudebot@anthropic.com)"
216.73.216.44 - - [19/Sep/2025:07:12:01 +0000] "GET /vendor/ramsey/uuid/src/Lazy/ HTTP/1.1" 200 655 "http://veroserv.com/vendor/ramsey/uuid/src/Lazy" "Mozilla/5.0 AppleWebKit/537.36 (KHTML, like Gecko; compatible; ClaudeBot/1.0; +claudebot@anthropic.com)"
20.171.207.28 - - [19/Sep/2025:07:12:04 +0000] "GET /vendor/psr/?SA HTTP/1.1" 200 1015 "-" "Mozilla/5.0 AppleWebKit/537.36 (KHTML, like Gecko; compatible; GPTBot/1.2; +https://openai.com/gptbot)"
216.73.216.44 - - [19/Sep/2025:07:12:48 +0000] "GET /vendor/laminas/laminas-diactoros/src/Request.php HTTP/1.1" 500 0 "-" "Mozilla/5.0 AppleWebKit/537.36 (KHTML, like Gecko; compatible; ClaudeBot/1.0; +claudebot@anthropic.com)"
216.73.216.44 - - [19/Sep/2025:07:12:48 +0000] "GET /vendor/jms/metadata/src/MethodMetadata.php HTTP/1.1" 500 0 "-" "Mozilla/5.0 AppleWebKit/537.36 (KHTML, like Gecko; compatible; ClaudeBot/1.0; +claudebot@anthropic.com)"
216.73.216.44 - - [19/Sep/2025:07:12:49 +0000] "GET /vendor/vonage/nexmo-bridge/src/Autoloader.php HTTP/1.1" 200 0 "-" "Mozilla/5.0 AppleWebKit/537.36 (KHTML, like Gecko; compatible; ClaudeBot/1.0; +claudebot@anthropic.com)"
216.73.216.44 - - [19/Sep/2025:07:12:49 +0000] "GET /vendor/ramsey/uuid/src/Math HTTP/1.1" 301 795 "-" "Mozilla/5.0 AppleWebKit/537.36 (KHTML, like Gecko; compatible; ClaudeBot/1.0; +claudebot@anthropic.com)"
216.73.216.44 - - [19/Sep/2025:07:12:50 +0000] "GET /vendor/ramsey/uuid/src/Math/ HTTP/1.1" 200 716 "http://veroserv.com/vendor/ramsey/uuid/src/Math" "Mozilla/5.0 AppleWebKit/537.36 (KHTML, like Gecko; compatible; ClaudeBot/1.0; +claudebot@anthropic.com)"
216.73.216.44 - - [19/Sep/2025:07:12:50 +0000] "GET /vendor/ramsey/uuid/src/Codec HTTP/1.1" 301 795 "-" "Mozilla/5.0 AppleWebKit/537.36 (KHTML, like Gecko; compatible; ClaudeBot/1.0; +claudebot@anthropic.com)"
216.73.216.44 - - [19/Sep/2025:07:12:52 +0000] "GET /vendor/ramsey/uuid/src/Codec/ HTTP/1.1" 200 1067 "http://veroserv.com/vendor/ramsey/uuid/src/Codec" "Mozilla/5.0 AppleWebKit/537.36 (KHTML, like Gecko; compatible; ClaudeBot/1.0; +claudebot@anthropic.com)"
20.171.207.28 - - [19/Sep/2025:07:14:04 +0000] "GET /vendor/psr/log/src/ HTTP/1.1" 200 1096 "-" "Mozilla/5.0 AppleWebKit/537.36 (KHTML, like Gecko; compatible; GPTBot/1.2; +https://openai.com/gptbot)"
216.73.216.44 - - [19/Sep/2025:07:14:46 +0000] "GET /vendor/jms/metadata/src/MetadataFactoryInterface.php HTTP/1.1" 200 0 "-" "Mozilla/5.0 AppleWebKit/537.36 (KHTML, like Gecko; compatible; ClaudeBot/1.0; +claudebot@anthropic.com)"
216.73.216.44 - - [19/Sep/2025:07:14:47 +0000] "GET /vendor/ramsey/uuid/src/Validator HTTP/1.1" 301 795 "-" "Mozilla/5.0 AppleWebKit/537.36 (KHTML, like Gecko; compatible; ClaudeBot/1.0; +claudebot@anthropic.com)"
216.73.216.44 - - [19/Sep/2025:07:14:48 +0000] "GET /vendor/laminas/laminas-diactoros/src/RequestFactory.php HTTP/1.1" 500 0 "-" "Mozilla/5.0 AppleWebKit/537.36 (KHTML, like Gecko; compatible; ClaudeBot/1.0; +claudebot@anthropic.com)"
216.73.216.44 - - [19/Sep/2025:07:14:49 +0000] "GET /vendor/ramsey/uuid/src/UuidInterface.php HTTP/1.1" 500 0 "-" "Mozilla/5.0 AppleWebKit/537.36 (KHTML, like Gecko; compatible; ClaudeBot/1.0; +claudebot@anthropic.com)"
216.73.216.44 - - [19/Sep/2025:07:14:49 +0000] "GET /vendor/jms/metadata/src/SerializationHelper.php HTTP/1.1" 200 0 "-" "Mozilla/5.0 AppleWebKit/537.36 (KHTML, like Gecko; compatible; ClaudeBot/1.0; +claudebot@anthropic.com)"
216.73.216.44 - - [19/Sep/2025:07:14:49 +0000] "GET /vendor/ramsey/uuid/src/Validator/ HTTP/1.1" 200 676 "http://veroserv.com/vendor/ramsey/uuid/src/Validator" "Mozilla/5.0 AppleWebKit/537.36 (KHTML, like Gecko; compatible; ClaudeBot/1.0; +claudebot@anthropic.com)"
216.73.216.44 - - [19/Sep/2025:07:14:50 +0000] "GET /vendor/ramsey/uuid/src/Generator HTTP/1.1" 301 795 "-" "Mozilla/5.0 AppleWebKit/537.36 (KHTML, like Gecko; compatible; ClaudeBot/1.0; +claudebot@anthropic.com)"
216.73.216.44 - - [19/Sep/2025:07:14:50 +0000] "GET /vendor/ramsey/uuid/src/Generator/ HTTP/1.1" 200 1311 "http://veroserv.com/vendor/ramsey/uuid/src/Generator" "Mozilla/5.0 AppleWebKit/537.36 (KHTML, like Gecko; compatible; ClaudeBot/1.0; +claudebot@anthropic.com)"
20.171.207.28 - - [19/Sep/2025:07:14:53 +0000] "GET /vendor/psr/container/ HTTP/1.1" 200 712 "-" "Mozilla/5.0 AppleWebKit/537.36 (KHTML, like Gecko; compatible; GPTBot/1.2; +https://openai.com/gptbot)"
20.171.207.28 - - [19/Sep/2025:07:15:37 +0000] "GET /vendor/psr/?SD HTTP/1.1" 200 1020 "-" "Mozilla/5.0 AppleWebKit/537.36 (KHTML, like Gecko; compatible; GPTBot/1.2; +https://openai.com/gptbot)"
216.73.216.44 - - [19/Sep/2025:07:16:30 +0000] "GET /vendor/laminas/laminas-diactoros/src/Request HTTP/1.1" 301 795 "-" "Mozilla/5.0 AppleWebKit/537.36 (KHTML, like Gecko; compatible; ClaudeBot/1.0; +claudebot@anthropic.com)"
216.73.216.44 - - [19/Sep/2025:07:16:32 +0000] "GET /vendor/laminas/laminas-diactoros/src/Request/ HTTP/1.1" 200 676 "http://veroserv.com/vendor/laminas/laminas-diactoros/src/Request" "Mozilla/5.0 AppleWebKit/537.36 (KHTML, like Gecko; compatible; ClaudeBot/1.0; +claudebot@anthropic.com)"
216.73.216.44 - - [19/Sep/2025:07:16:32 +0000] "GET /vendor/laminas/laminas-diactoros/src/ResponseFactory.php HTTP/1.1" 500 0 "-" "Mozilla/5.0 AppleWebKit/537.36 (KHTML, like Gecko; compatible; ClaudeBot/1.0; +claudebot@anthropic.com)"
216.73.216.44 - - [19/Sep/2025:07:16:32 +0000] "GET /vendor/ramsey/uuid/src/Exception HTTP/1.1" 301 795 "-" "Mozilla/5.0 AppleWebKit/537.36 (KHTML, like Gecko; compatible; ClaudeBot/1.0; +claudebot@anthropic.com)"
216.73.216.44 - - [19/Sep/2025:07:16:32 +0000] "GET /vendor/ramsey/uuid/src/Exception/ HTTP/1.1" 200 1246 "http://veroserv.com/vendor/ramsey/uuid/src/Exception" "Mozilla/5.0 AppleWebKit/537.36 (KHTML, like Gecko; compatible; ClaudeBot/1.0; +claudebot@anthropic.com)"
216.73.216.44 - - [19/Sep/2025:07:16:33 +0000] "GET /vendor/laminas/laminas-diactoros/src/CallbackStream.php HTTP/1.1" 500 0 "-" "Mozilla/5.0 AppleWebKit/537.36 (KHTML, like Gecko; compatible; ClaudeBot/1.0; +claudebot@anthropic.com)"
216.73.216.44 - - [19/Sep/2025:07:16:33 +0000] "GET /vendor/illuminate/collections/Traits/EnumeratesValues.php HTTP/1.1" 500 0 "-" "Mozilla/5.0 AppleWebKit/537.36 (KHTML, like Gecko; compatible; ClaudeBot/1.0; +claudebot@anthropic.com)"
216.73.216.44 - - [19/Sep/2025:07:12:01 +0000] "GET /vendor/ramsey/uuid/src/Rfc4122/ HTTP/1.1" 200 1346 "http://veroserv.com/vendor/ramsey/uuid/src/Rfc4122" "Mozilla/5.0 AppleWebKit/537.36 (KHTML, like Gecko; compatible; ClaudeBot/1.0; +claudebot@anthropic.com)"
4.227.36.50 - - [19/Sep/2025:07:12:05 +0000] "GET /robots.txt HTTP/1.1" 404 1251 "-" "Mozilla/5.0 AppleWebKit/537.36 (KHTML, like Gecko; compatible; GPTBot/1.2; +https://openai.com/gptbot)"
65.21.208.232 - - [19/Sep/2025:07:12:25 +0000] "GET / HTTP/1.1" 200 1482 "-" "Python/3.11 aiohttp/3.9.2"
20.171.207.28 - - [19/Sep/2025:07:13:08 +0000] "GET /vendor/psr/clock/LICENSE HTTP/1.1" 200 1080 "-" "Mozilla/5.0 AppleWebKit/537.36 (KHTML, like Gecko; compatible; GPTBot/1.2; +https://openai.com/gptbot)"
65.21.208.232 - - [19/Sep/2025:07:13:18 +0000] "GET / HTTP/1.1" 200 1471 "-" "Python/3.11 aiohttp/3.9.2"
66.249.70.32 - - [19/Sep/2025:07:13:59 +0000] "GET /vendor/mpdf/mpdf/src/Barcode/ HTTP/1.1" 200 1255 "-" "Mozilla/5.0 (Linux; Android 6.0.1; Nexus 5X Build/MMB29P) AppleWebKit/537.36 (KHTML, like Gecko) Chrome/140.0.7339.127 Mobile Safari/537.36 (compatible; GoogleOther)"
216.73.216.44 - - [19/Sep/2025:07:14:02 +0000] "GET /vendor/ramsey/uuid/src/Provider HTTP/1.1" 301 795 "-" "Mozilla/5.0 AppleWebKit/537.36 (KHTML, like Gecko; compatible; ClaudeBot/1.0; +claudebot@anthropic.com)"
216.73.216.44 - - [19/Sep/2025:07:14:02 +0000] "GET /vendor/ramsey/uuid/src/Provider/ HTTP/1.1" 200 1050 "http://veroserv.com/vendor/ramsey/uuid/src/Provider" "Mozilla/5.0 AppleWebKit/537.36 (KHTML, like Gecko; compatible; ClaudeBot/1.0; +claudebot@anthropic.com)"
216.73.216.44 - - [19/Sep/2025:07:14:02 +0000] "GET /vendor/jms/metadata/src/PropertyMetadata.php HTTP/1.1" 500 0 "-" "Mozilla/5.0 AppleWebKit/537.36 (KHTML, like Gecko; compatible; ClaudeBot/1.0; +claudebot@anthropic.com)"
216.73.216.44 - - [19/Sep/2025:07:14:03 +0000] "GET /vendor/jms/metadata/src/error_log HTTP/1.1" 403 1242 "-" "Mozilla/5.0 AppleWebKit/537.36 (KHTML, like Gecko; compatible; ClaudeBot/1.0; +claudebot@anthropic.com)"
216.73.216.44 - - [19/Sep/2025:07:14:04 +0000] "GET /vendor/vonage/nexmo-bridge/src/error_log HTTP/1.1" 403 1242 "-" "Mozilla/5.0 AppleWebKit/537.36 (KHTML, like Gecko; compatible; ClaudeBot/1.0; +claudebot@anthropic.com)"
216.73.216.44 - - [19/Sep/2025:07:14:04 +0000] "GET /vendor/ramsey/uuid/src/DegradedUuid.php HTTP/1.1" 500 0 "-" "Mozilla/5.0 AppleWebKit/537.36 (KHTML, like Gecko; compatible; ClaudeBot/1.0; +claudebot@anthropic.com)"
20.171.207.28 - - [19/Sep/2025:07:16:17 +0000] "GET /vendor/jms/serializer/src/GraphNavigator/Factory/SerializationGraphNavigatorFactory.php HTTP/1.1" 500 0 "-" "Mozilla/5.0 AppleWebKit/537.36 (KHTML, like Gecko; compatible; GPTBot/1.2; +https://openai.com/gptbot)"
66.249.70.33 - - [19/Sep/2025:07:16:41 +0000] "GET /vendor/markbaker/complex/classes/src/?ND HTTP/1.1" 200 712 "-" "Mozilla/5.0 (Linux; Android 6.0.1; Nexus 5X Build/MMB29P) AppleWebKit/537.36 (KHTML, like Gecko) Chrome/140.0.7339.127 Mobile Safari/537.36 (compatible; GoogleOther)"
20.171.207.28 - - [19/Sep/2025:07:16:55 +0000] "GET /vendor/psr/clock/?MA HTTP/1.1" 200 734 "-" "Mozilla/5.0 AppleWebKit/537.36 (KHTML, like Gecko; compatible; GPTBot/1.2; +https://openai.com/gptbot)"
20.171.207.28 - - [19/Sep/2025:07:18:01 +0000] "GET /vendor/psr/clock/?ND HTTP/1.1" 200 723 "-" "Mozilla/5.0 AppleWebKit/537.36 (KHTML, like Gecko; compatible; GPTBot/1.2; +https://openai.com/gptbot)"
216.73.216.44 - - [19/Sep/2025:07:17:00 +0000] "GET /vendor/laminas/laminas-diactoros/src/Response.php HTTP/1.1" 500 0 "-" "Mozilla/5.0 AppleWebKit/537.36 (KHTML, like Gecko; compatible; ClaudeBot/1.0; +claudebot@anthropic.com)"
216.73.216.44 - - [19/Sep/2025:07:17:00 +0000] "GET /vendor/jms/metadata/src/NullMetadata.php HTTP/1.1" 500 0 "-" "Mozilla/5.0 AppleWebKit/537.36 (KHTML, like Gecko; compatible; ClaudeBot/1.0; +claudebot@anthropic.com)"
216.73.216.44 - - [19/Sep/2025:07:17:01 +0000] "GET /vendor/laminas/laminas-diactoros/src/Exception HTTP/1.1" 301 795 "-" "Mozilla/5.0 AppleWebKit/537.36 (KHTML, like Gecko; compatible; ClaudeBot/1.0; +claudebot@anthropic.com)"
216.73.216.44 - - [19/Sep/2025:07:17:01 +0000] "GET /vendor/laminas/laminas-diactoros/src/Exception/ HTTP/1.1" 200 1354 "http://veroserv.com/vendor/laminas/laminas-diactoros/src/Exception" "Mozilla/5.0 AppleWebKit/537.36 (KHTML, like Gecko; compatible; ClaudeBot/1.0; +claudebot@anthropic.com)"
216.73.216.44 - - [19/Sep/2025:07:17:01 +0000] "GET /vendor/ramsey/uuid/src/Converter HTTP/1.1" 301 795 "-" "Mozilla/5.0 AppleWebKit/537.36 (KHTML, like Gecko; compatible; ClaudeBot/1.0; +claudebot@anthropic.com)"
216.73.216.44 - - [19/Sep/2025:07:17:01 +0000] "GET /vendor/ramsey/uuid/src/Converter/ HTTP/1.1" 200 725 "http://veroserv.com/vendor/ramsey/uuid/src/Converter" "Mozilla/5.0 AppleWebKit/537.36 (KHTML, like Gecko; compatible; ClaudeBot/1.0; +claudebot@anthropic.com)"
216.73.216.44 - - [19/Sep/2025:07:17:02 +0000] "GET /vendor/ramsey/uuid/src/Type HTTP/1.1" 301 795 "-" "Mozilla/5.0 AppleWebKit/537.36 (KHTML, like Gecko; compatible; ClaudeBot/1.0; +claudebot@anthropic.com)"
216.73.216.44 - - [19/Sep/2025:07:17:02 +0000] "GET /vendor/ramsey/uuid/src/Type/ HTTP/1.1" 200 1044 "http://veroserv.com/vendor/ramsey/uuid/src/Type" "Mozilla/5.0 AppleWebKit/537.36 (KHTML, like Gecko; compatible; ClaudeBot/1.0; +claudebot@anthropic.com)"
20.171.207.28 - - [19/Sep/2025:07:18:55 +0000] "GET /vendor/jms/serializer/src/Metadata/Driver/AnnotationDriver.php HTTP/1.1" 500 0 "-" "Mozilla/5.0 AppleWebKit/537.36 (KHTML, like Gecko; compatible; GPTBot/1.2; +https://openai.com/gptbot)"
20.171.207.28 - - [19/Sep/2025:07:19:48 +0000] "GET /vendor/jms/serializer/src/GraphNavigator/Factory/DeserializationGraphNavigatorFactory.php HTTP/1.1" 500 0 "-" "Mozilla/5.0 AppleWebKit/537.36 (KHTML, like Gecko; compatible; GPTBot/1.2; +https://openai.com/gptbot)"
20.171.207.28 - - [19/Sep/2025:07:20:53 +0000] "GET /vendor/jms/serializer/src/Construction/UnserializeObjectConstructor.php HTTP/1.1" 500 0 "-" "Mozilla/5.0 AppleWebKit/537.36 (KHTML, like Gecko; compatible; GPTBot/1.2; +https://openai.com/gptbot)"
66.249.70.34 - - [19/Sep/2025:07:21:21 +0000] "GET /vendor/mpdf/mpdf/src/Config/ HTTP/1.1" 200 674 "-" "Mozilla/5.0 (Linux; Android 6.0.1; Nexus 5X Build/MMB29P) AppleWebKit/537.36 (KHTML, like Gecko) Chrome/140.0.7339.127 Mobile Safari/537.36 (compatible; GoogleOther)"
20.171.207.28 - - [19/Sep/2025:07:21:59 +0000] "GET /vendor/psr/clock/?SA HTTP/1.1" 200 733 "-" "Mozilla/5.0 AppleWebKit/537.36 (KHTML, like Gecko; compatible; GPTBot/1.2; +https://openai.com/gptbot)"
66.249.70.34 - - [19/Sep/2025:07:23:26 +0000] "GET /vendor/markbaker/complex/classes/src/Operations.php HTTP/1.1" 200 0 "-" "Mozilla/5.0 (Linux; Android 6.0.1; Nexus 5X Build/MMB29P) AppleWebKit/537.36 (KHTML, like Gecko) Chrome/140.0.7339.127 Mobile Safari/537.36 (compatible; GoogleOther)"
20.171.207.28 - - [19/Sep/2025:07:23:57 +0000] "GET /vendor/psr/log/src/?SA HTTP/1.1" 200 1096 "-" "Mozilla/5.0 AppleWebKit/537.36 (KHTML, like Gecko; compatible; GPTBot/1.2; +https://openai.com/gptbot)"
66.249.70.33 - - [19/Sep/2025:07:24:11 +0000] "GET /vendor/chillerlan/php-settings-container/ HTTP/1.1" 200 747 "-" "Mozilla/5.0 (Linux; Android 6.0.1; Nexus 5X Build/MMB29P) AppleWebKit/537.36 (KHTML, like Gecko) Chrome/140.0.7339.127 Mobile Safari/537.36 (compatible; GoogleOther)"
20.171.207.28 - - [19/Sep/2025:07:26:57 +0000] "GET /vendor/psr/log/src/?MA HTTP/1.1" 200 1106 "-" "Mozilla/5.0 AppleWebKit/537.36 (KHTML, like Gecko; compatible; GPTBot/1.2; +https://openai.com/gptbot)"
4.227.36.50 - - [19/Sep/2025:07:22:00 +0000] "GET /robots.txt HTTP/1.1" 404 1251 "-" "Mozilla/5.0 AppleWebKit/537.36 (KHTML, like Gecko; compatible; GPTBot/1.2; +https://openai.com/gptbot)"
66.249.70.33 - - [19/Sep/2025:07:22:16 +0000] "GET /vendor/laravel/?SA HTTP/1.1" 200 641 "-" "Mozilla/5.0 (Linux; Android 6.0.1; Nexus 5X Build/MMB29P) AppleWebKit/537.36 (KHTML, like Gecko) Chrome/140.0.7339.127 Mobile Safari/537.36 (compatible; GoogleOther)"
20.171.207.28 - - [19/Sep/2025:07:23:02 +0000] "GET /vendor/psr/log/src/?ND HTTP/1.1" 200 1108 "-" "Mozilla/5.0 AppleWebKit/537.36 (KHTML, like Gecko; compatible; GPTBot/1.2; +https://openai.com/gptbot)"
20.171.207.28 - - [19/Sep/2025:07:24:48 +0000] "GET /vendor/psr/container/?ND HTTP/1.1" 200 708 "-" "Mozilla/5.0 AppleWebKit/537.36 (KHTML, like Gecko; compatible; GPTBot/1.2; +https://openai.com/gptbot)"
20.171.207.28 - - [19/Sep/2025:07:25:36 +0000] "GET /vendor/psr/container/?MA HTTP/1.1" 200 723 "-" "Mozilla/5.0 AppleWebKit/537.36 (KHTML, like Gecko; compatible; GPTBot/1.2; +https://openai.com/gptbot)"
20.171.207.28 - - [19/Sep/2025:07:26:19 +0000] "GET /vendor/psr/container/?SA HTTP/1.1" 200 716 "-" "Mozilla/5.0 AppleWebKit/537.36 (KHTML, like Gecko; compatible; GPTBot/1.2; +https://openai.com/gptbot)"
20.171.207.28 - - [19/Sep/2025:07:27:29 +0000] "GET /vendor/psr/log/src/AbstractLogger.php HTTP/1.1" 500 0 "-" "Mozilla/5.0 AppleWebKit/537.36 (KHTML, like Gecko; compatible; GPTBot/1.2; +https://openai.com/gptbot)"
20.171.207.28 - - [19/Sep/2025:07:27:59 +0000] "GET /vendor/psr/log/src/LoggerAwareTrait.php HTTP/1.1" 200 0 "-" "Mozilla/5.0 AppleWebKit/537.36 (KHTML, like Gecko; compatible; GPTBot/1.2; +https://openai.com/gptbot)"
66.249.70.32 - - [19/Sep/2025:07:28:59 +0000] "GET /vendor/chillerlan/php-qrcode/?MA HTTP/1.1" 200 713 "-" "Mozilla/5.0 (Linux; Android 6.0.1; Nexus 5X Build/MMB29P) AppleWebKit/537.36 (KHTML, like Gecko) Chrome/140.0.7339.127 Mobile Safari/537.36 (compatible; GoogleOther)"
20.171.207.28 - - [19/Sep/2025:07:29:01 +0000] "GET /vendor/psr/log/src/NullLogger.php HTTP/1.1" 500 0 "-" "Mozilla/5.0 AppleWebKit/537.36 (KHTML, like Gecko; compatible; GPTBot/1.2; +https://openai.com/gptbot)"
66.249.70.34 - - [19/Sep/2025:07:29:25 +0000] "GET /vendor/chillerlan/php-qrcode/LICENSE HTTP/1.1" 200 1097 "-" "Mozilla/5.0 (Linux; Android 6.0.1; Nexus 5X Build/MMB29P) AppleWebKit/537.36 (KHTML, like Gecko) Chrome/140.0.7339.127 Mobile Safari/537.36 (compatible; GoogleOther)"
20.171.207.28 - - [19/Sep/2025:07:29:58 +0000] "GET /vendor/psr/log/src/LoggerAwareInterface.php HTTP/1.1" 200 0 "-" "Mozilla/5.0 AppleWebKit/537.36 (KHTML, like Gecko; compatible; GPTBot/1.2; +https://openai.com/gptbot)"
185.177.72.47 - - [19/Sep/2025:07:30:34 +0000] "GET / HTTP/1.1" 200 1471 "-" "Mozilla/5.0 (Windows NT 10.0; Win64; x64) AppleWebKit/537.36 (KHTML, like Gecko) Chrome/58.0.3029.110 Safari/537.3"
185.177.72.47 - - [19/Sep/2025:07:30:40 +0000] "GET /_autoindex/assets/js/tablesort.js HTTP/1.1" 200 2321 "-" "python-httpx/0.28.1"
185.177.72.47 - - [19/Sep/2025:07:30:40 +0000] "GET /phpinfo.php HTTP/1.1" 404 1251 "-" "Mozilla/5.0 (Windows NT 10.0; Win64; x64) AppleWebKit/537.36 (KHTML, like Gecko) Chrome/58.0.3029.110 Safari/537.3"
185.177.72.47 - - [19/Sep/2025:07:30:41 +0000] "GET /info.php HTTP/1.1" 404 1251 "-" "Mozilla/5.0 (Windows NT 10.0; Win64; x64) AppleWebKit/537.36 (KHTML, like Gecko) Chrome/58.0.3029.110 Safari/537.3"
185.177.72.47 - - [19/Sep/2025:07:30:46 +0000] "GET /php_info.php HTTP/1.1" 404 1251 "-" "Mozilla/5.0 (Windows NT 10.0; Win64; x64) AppleWebKit/537.36 (KHTML, like Gecko) Chrome/58.0.3029.110 Safari/537.3"
185.177.72.47 - - [19/Sep/2025:07:30:46 +0000] "GET /test.php HTTP/1.1" 404 1251 "-" "Mozilla/5.0 (Windows NT 10.0; Win64; x64) AppleWebKit/537.36 (KHTML, like Gecko) Chrome/58.0.3029.110 Safari/537.3"
185.177.72.47 - - [19/Sep/2025:07:30:46 +0000] "GET /_profiler/phpinfo HTTP/1.1" 404 1251 "-" "Mozilla/5.0 (Windows NT 10.0; Win64; x64) AppleWebKit/537.36 (KHTML, like Gecko) Chrome/58.0.3029.110 Safari/537.3"
185.177.72.47 - - [19/Sep/2025:07:30:47 +0000] "GET /.env HTTP/1.1" 404 1251 "-" "Mozilla/5.0 (Windows NT 10.0; Win64; x64) AppleWebKit/537.36 (KHTML, like Gecko) Chrome/58.0.3029.110 Safari/537.3"
185.177.72.47 - - [19/Sep/2025:07:30:47 +0000] "GET /config/.env HTTP/1.1" 404 1251 "-" "Mozilla/5.0 (Windows NT 10.0; Win64; x64) AppleWebKit/537.36 (KHTML, like Gecko) Chrome/58.0.3029.110 Safari/537.3"
185.177.72.47 - - [19/Sep/2025:07:30:52 +0000] "GET /.env.local HTTP/1.1" 404 1251 "-" "Mozilla/5.0 (Windows NT 10.0; Win64; x64) AppleWebKit/537.36 (KHTML, like Gecko) Chrome/58.0.3029.110 Safari/537.3"
185.177.72.47 - - [19/Sep/2025:07:30:53 +0000] "GET / HTTP/1.1" 200 1471 "-" "Mozilla/5.0 (Windows NT 10.0; Win64; x64) AppleWebKit/537.36 (KHTML, like Gecko) Chrome/58.0.3029.110 Safari/537.3"
20.171.207.28 - - [19/Sep/2025:07:31:03 +0000] "GET /vendor/psr/log/src/LoggerTrait.php HTTP/1.1" 200 0 "-" "Mozilla/5.0 AppleWebKit/537.36 (KHTML, like Gecko; compatible; GPTBot/1.2; +https://openai.com/gptbot)"
185.177.72.47 - - [19/Sep/2025:07:31:09 +0000] "GET /index.php HTTP/1.1" 404 1251 "-" "Mozilla/5.0 (Windows NT 10.0; Win64; x64) AppleWebKit/537.36 (KHTML, like Gecko) Chrome/58.0.3029.110 Safari/537.3"
66.249.70.32 - - [19/Sep/2025:07:32:01 +0000] "GET /vendor/chillerlan/php-qrcode/composer.json HTTP/1.1" 200 646 "-" "Mozilla/5.0 (Linux; Android 6.0.1; Nexus 5X Build/MMB29P) AppleWebKit/537.36 (KHTML, like Gecko) Chrome/140.0.7339.127 Mobile Safari/537.36 (compatible; GoogleOther)"
66.249.70.32 - - [19/Sep/2025:07:28:49 +0000] "GET /vendor/mpdf/mpdf/src/PageBox.php HTTP/1.1" 200 0 "-" "Mozilla/5.0 (Linux; Android 6.0.1; Nexus 5X Build/MMB29P) AppleWebKit/537.36 (KHTML, like Gecko) Chrome/140.0.7339.127 Mobile Safari/537.36 (compatible; GoogleOther)"
66.249.70.32 - - [19/Sep/2025:07:29:52 +0000] "GET /vendor/twilio/sdk/Dockerfile-dev HTTP/1.1" 200 376 "-" "Mozilla/5.0 (Linux; Android 6.0.1; Nexus 5X Build/MMB29P) AppleWebKit/537.36 (KHTML, like Gecko) Chrome/140.0.7339.127 Mobile Safari/537.36 (compatible; GoogleOther)"
4.227.36.50 - - [19/Sep/2025:07:29:59 +0000] "GET /robots.txt HTTP/1.1" 404 1251 "-" "Mozilla/5.0 AppleWebKit/537.36 (KHTML, like Gecko; compatible; GPTBot/1.2; +https://openai.com/gptbot)"
185.177.72.47 - - [19/Sep/2025:07:30:35 +0000] "GET /_autoindex/assets/js/tablesort.number.js HTTP/1.1" 200 362 "-" "python-httpx/0.28.1"
66.249.70.33 - - [19/Sep/2025:07:30:36 +0000] "GET /vendor/mpdf/mpdf/src/Css/ HTTP/1.1" 200 683 "-" "Mozilla/5.0 (Linux; Android 6.0.1; Nexus 5X Build/MMB29P) AppleWebKit/537.36 (KHTML, like Gecko) Chrome/140.0.7339.127 Mobile Safari/537.36 (compatible; GoogleOther)"
185.177.72.47 - - [19/Sep/2025:07:30:46 +0000] "GET /phpinfo HTTP/1.1" 404 1251 "-" "Mozilla/5.0 (Windows NT 10.0; Win64; x64) AppleWebKit/537.36 (KHTML, like Gecko) Chrome/58.0.3029.110 Safari/537.3"
185.177.72.47 - - [19/Sep/2025:07:30:47 +0000] "GET /.env.production HTTP/1.1" 404 1251 "-" "Mozilla/5.0 (Windows NT 10.0; Win64; x64) AppleWebKit/537.36 (KHTML, like Gecko) Chrome/58.0.3029.110 Safari/537.3"
185.177.72.47 - - [19/Sep/2025:07:30:52 +0000] "GET /api/shared/config/config.env HTTP/1.1" 404 1251 "-" "Mozilla/5.0 (Windows NT 10.0; Win64; x64) AppleWebKit/537.36 (KHTML, like Gecko) Chrome/58.0.3029.110 Safari/537.3"
185.177.72.47 - - [19/Sep/2025:07:30:53 +0000] "GET /api/.env HTTP/1.1" 404 1251 "-" "Mozilla/5.0 (Windows NT 10.0; Win64; x64) AppleWebKit/537.36 (KHTML, like Gecko) Chrome/58.0.3029.110 Safari/537.3"
185.177.72.47 - - [19/Sep/2025:07:30:53 +0000] "GET /register/ HTTP/1.1" 404 1251 "-" "Mozilla/5.0 (Windows NT 10.0; Win64; x64) AppleWebKit/537.36 (KHTML, like Gecko) Chrome/58.0.3029.110 Safari/537.3"
185.177.72.47 - - [19/Sep/2025:07:31:09 +0000] "GET /contact/ HTTP/1.1" 404 1251 "-" "Mozilla/5.0 (Windows NT 10.0; Win64; x64) AppleWebKit/537.36 (KHTML, like Gecko) Chrome/58.0.3029.110 Safari/537.3"
185.177.72.47 - - [19/Sep/2025:07:31:09 +0000] "GET /.AWS_/credentials HTTP/1.1" 404 1251 "-" "Mozilla/5.0 (Windows NT 10.0; Win64; x64) AppleWebKit/537.36 (KHTML, like Gecko) Chrome/58.0.3029.110 Safari/537.3"
185.177.72.47 - - [19/Sep/2025:07:31:09 +0000] "GET /karma.conf.json HTTP/1.1" 404 1251 "-" "Mozilla/5.0 (Windows NT 10.0; Win64; x64) AppleWebKit/537.36 (KHTML, like Gecko) Chrome/58.0.3029.110 Safari/537.3"
185.177.72.47 - - [19/Sep/2025:07:31:09 +0000] "GET /.aws/credentials HTTP/1.1" 404 1251 "-" "Mozilla/5.0 (Windows NT 10.0; Win64; x64) AppleWebKit/537.36 (KHTML, like Gecko) Chrome/58.0.3029.110 Safari/537.3"
20.171.207.28 - - [19/Sep/2025:07:31:59 +0000] "GET /vendor/psr/log/src/?MD HTTP/1.1" 200 1151 "-" "Mozilla/5.0 AppleWebKit/537.36 (KHTML, like Gecko; compatible; GPTBot/1.2; +https://openai.com/gptbot)"
20.171.207.28 - - [19/Sep/2025:07:32:50 +0000] "GET /vendor/psr/clock/?SD HTTP/1.1" 200 728 "-" "Mozilla/5.0 AppleWebKit/537.36 (KHTML, like Gecko; compatible; GPTBot/1.2; +https://openai.com/gptbot)"
20.171.207.28 - - [19/Sep/2025:07:36:49 +0000] "GET /vendor/psr/log/src/?NA HTTP/1.1" 200 1150 "-" "Mozilla/5.0 AppleWebKit/537.36 (KHTML, like Gecko; compatible; GPTBot/1.2; +https://openai.com/gptbot)"
66.249.70.34 - - [19/Sep/2025:07:37:53 +0000] "GET /vendor/chillerlan/php-qrcode/?ND HTTP/1.1" 200 702 "-" "Mozilla/5.0 (Linux; Android 6.0.1; Nexus 5X Build/MMB29P) AppleWebKit/537.36 (KHTML, like Gecko) Chrome/140.0.7339.127 Mobile Safari/537.36 (compatible; GoogleOther)"
66.249.70.32 - - [19/Sep/2025:07:32:57 +0000] "GET /vendor/mpdf/mpdf/src/HTMLParserMode.php HTTP/1.1" 200 0 "-" "Mozilla/5.0 (Linux; Android 6.0.1; Nexus 5X Build/MMB29P) AppleWebKit/537.36 (KHTML, like Gecko) Chrome/140.0.7339.127 Mobile Safari/537.36 (compatible; GoogleOther)"
20.171.207.28 - - [19/Sep/2025:07:33:34 +0000] "GET /vendor/psr/log/src/?SD HTTP/1.1" 200 1150 "-" "Mozilla/5.0 AppleWebKit/537.36 (KHTML, like Gecko; compatible; GPTBot/1.2; +https://openai.com/gptbot)"
66.249.70.33 - - [19/Sep/2025:07:33:40 +0000] "GET /vendor/chillerlan/php-qrcode/src/ HTTP/1.1" 200 1129 "-" "Mozilla/5.0 (Linux; Android 6.0.1; Nexus 5X Build/MMB29P) AppleWebKit/537.36 (KHTML, like Gecko) Chrome/140.0.7339.127 Mobile Safari/537.36 (compatible; GoogleOther)"
20.171.207.28 - - [19/Sep/2025:07:34:15 +0000] "GET /vendor/psr/container/?NA HTTP/1.1" 200 712 "-" "Mozilla/5.0 AppleWebKit/537.36 (KHTML, like Gecko; compatible; GPTBot/1.2; +https://openai.com/gptbot)"
66.249.70.33 - - [19/Sep/2025:07:34:51 +0000] "GET /vendor/sabre/event/ HTTP/1.1" 200 690 "-" "Mozilla/5.0 (Linux; Android 6.0.1; Nexus 5X Build/MMB29P) AppleWebKit/537.36 (KHTML, like Gecko) Chrome/140.0.7339.127 Mobile Safari/537.36 (compatible; GoogleOther)"
20.171.207.28 - - [19/Sep/2025:07:34:53 +0000] "GET /vendor/psr/clock/?MD HTTP/1.1" 200 732 "-" "Mozilla/5.0 AppleWebKit/537.36 (KHTML, like Gecko; compatible; GPTBot/1.2; +https://openai.com/gptbot)"
20.171.207.28 - - [19/Sep/2025:07:35:28 +0000] "GET /vendor/psr/container/?MD HTTP/1.1" 200 722 "-" "Mozilla/5.0 AppleWebKit/537.36 (KHTML, like Gecko; compatible; GPTBot/1.2; +https://openai.com/gptbot)"
20.171.207.28 - - [19/Sep/2025:07:35:58 +0000] "GET /vendor/psr/clock/?NA HTTP/1.1" 200 728 "-" "Mozilla/5.0 AppleWebKit/537.36 (KHTML, like Gecko; compatible; GPTBot/1.2; +https://openai.com/gptbot)"
66.249.70.34 - - [19/Sep/2025:07:36:19 +0000] "GET /vendor/laravel/serializable-closure/ HTTP/1.1" 200 702 "-" "Mozilla/5.0 (Linux; Android 6.0.1; Nexus 5X Build/MMB29P) AppleWebKit/537.36 (KHTML, like Gecko) Chrome/140.0.7339.127 Mobile Safari/537.36 (compatible; GoogleOther)"
20.171.207.28 - - [19/Sep/2025:07:36:24 +0000] "GET /vendor/psr/container/?SD HTTP/1.1" 200 715 "-" "Mozilla/5.0 AppleWebKit/537.36 (KHTML, like Gecko; compatible; GPTBot/1.2; +https://openai.com/gptbot)"
66.249.70.33 - - [19/Sep/2025:07:36:41 +0000] "GET /vendor/mpdf/mpdf/src/TableOfContents.php HTTP/1.1" 200 0 "-" "Mozilla/5.0 (Linux; Android 6.0.1; Nexus 5X Build/MMB29P) AppleWebKit/537.36 (KHTML, like Gecko) Chrome/140.0.7339.127 Mobile Safari/537.36 (compatible; GoogleOther)"
66.249.70.32 - - [19/Sep/2025:07:36:51 +0000] "GET /vendor/jms/?MA HTTP/1.1" 200 632 "-" "Mozilla/5.0 (Linux; Android 6.0.1; Nexus 5X Build/MMB29P) AppleWebKit/537.36 (KHTML, like Gecko) Chrome/140.0.7339.127 Mobile Safari/537.36 (compatible; GoogleOther)"
20.171.207.28 - - [19/Sep/2025:07:37:10 +0000] "GET /vendor/endroid/qr-code/LICENSE HTTP/1.1" 200 1064 "-" "Mozilla/5.0 AppleWebKit/537.36 (KHTML, like Gecko; compatible; GPTBot/1.2; +https://openai.com/gptbot)"
4.227.36.50 - - [19/Sep/2025:07:37:11 +0000] "GET /robots.txt HTTP/1.1" 404 1251 "-" "Mozilla/5.0 AppleWebKit/537.36 (KHTML, like Gecko; compatible; GPTBot/1.2; +https://openai.com/gptbot)"
20.171.207.28 - - [19/Sep/2025:07:37:29 +0000] "GET /vendor/psr/container/LICENSE HTTP/1.1" 200 1145 "-" "Mozilla/5.0 AppleWebKit/537.36 (KHTML, like Gecko; compatible; GPTBot/1.2; +https://openai.com/gptbot)"
20.171.207.28 - - [19/Sep/2025:07:37:46 +0000] "GET /vendor/psr/log/src/AbstractLogger.php HTTP/1.1" 500 0 "-" "Mozilla/5.0 AppleWebKit/537.36 (KHTML, like Gecko; compatible; GPTBot/1.2; +https://openai.com/gptbot)"
20.171.207.28 - - [19/Sep/2025:07:38:02 +0000] "GET /vendor/psr/log/src/NullLogger.php HTTP/1.1" 500 0 "-" "Mozilla/5.0 AppleWebKit/537.36 (KHTML, like Gecko; compatible; GPTBot/1.2; +https://openai.com/gptbot)"
66.249.70.33 - - [19/Sep/2025:07:38:04 +0000] "GET /vendor/doctrine/instantiator/ HTTP/1.1" 200 1057 "-" "Mozilla/5.0 (Linux; Android 6.0.1; Nexus 5X Build/MMB29P) AppleWebKit/537.36 (KHTML, like Gecko) Chrome/140.0.7339.127 Mobile Safari/537.36 (compatible; GoogleOther)"
66.249.70.33 - - [19/Sep/2025:07:40:33 +0000] "GET /vendor/mpdf/mpdf/src/?SA HTTP/1.1" 200 2100 "-" "Mozilla/5.0 (Linux; Android 6.0.1; Nexus 5X Build/MMB29P) AppleWebKit/537.36 (KHTML, like Gecko) Chrome/140.0.7339.127 Mobile Safari/537.36 (compatible; GoogleOther)"
66.249.70.32 - - [19/Sep/2025:07:41:52 +0000] "GET /vendor/laminas/laminas-diactoros/ HTTP/1.1" 200 749 "-" "Mozilla/5.0 (Linux; Android 6.0.1; Nexus 5X Build/MMB29P) AppleWebKit/537.36 (KHTML, like Gecko) Chrome/140.0.7339.127 Mobile Safari/537.36 (compatible; GoogleOther)"
65.21.208.232 - - [19/Sep/2025:07:42:24 +0000] "GET / HTTP/1.1" 200 1482 "-" "Python/3.11 aiohttp/3.9.2"
147.185.132.159 - - [19/Sep/2025:07:42:30 +0000] "GET / HTTP/1.1" 200 5409 "-" "Hello from Palo Alto Networks, find out more about our scans in https://docs-cortex.paloaltonetworks.com/r/1/Cortex-Xpanse/Scanning-activity"
20.171.207.28 - - [19/Sep/2025:07:42:34 +0000] "GET /vendor/psr/log/src/error_log HTTP/1.1" 403 1242 "-" "Mozilla/5.0 AppleWebKit/537.36 (KHTML, like Gecko; compatible; GPTBot/1.2; +https://openai.com/gptbot)"
65.21.208.232 - - [19/Sep/2025:07:43:18 +0000] "GET / HTTP/1.1" 200 1471 "-" "Python/3.11 aiohttp/3.9.2"
20.171.207.28 - - [19/Sep/2025:07:43:21 +0000] "GET /vendor/psr/event-dispatcher/src/?ND HTTP/1.1" 200 712 "-" "Mozilla/5.0 AppleWebKit/537.36 (KHTML, like Gecko; compatible; GPTBot/1.2; +https://openai.com/gptbot)"
20.171.207.28 - - [19/Sep/2025:07:44:05 +0000] "GET /vendor/endroid/qr-code/src/Encoding/ HTTP/1.1" 200 668 "-" "Mozilla/5.0 AppleWebKit/537.36 (KHTML, like Gecko; compatible; GPTBot/1.2; +https://openai.com/gptbot)"
4.227.36.50 - - [19/Sep/2025:07:44:05 +0000] "GET /robots.txt HTTP/1.1" 404 1251 "-" "Mozilla/5.0 AppleWebKit/537.36 (KHTML, like Gecko; compatible; GPTBot/1.2; +https://openai.com/gptbot)"
20.171.207.28 - - [19/Sep/2025:07:38:51 +0000] "GET /vendor/psr/log/src/InvalidArgumentException.php HTTP/1.1" 200 0 "-" "Mozilla/5.0 AppleWebKit/537.36 (KHTML, like Gecko; compatible; GPTBot/1.2; +https://openai.com/gptbot)"
20.171.207.28 - - [19/Sep/2025:07:39:52 +0000] "GET /vendor/jms/serializer/src/Metadata/error_log HTTP/1.1" 403 1242 "-" "Mozilla/5.0 AppleWebKit/537.36 (KHTML, like Gecko; compatible; GPTBot/1.2; +https://openai.com/gptbot)"
20.171.207.28 - - [19/Sep/2025:07:40:49 +0000] "GET /vendor/jms/metadata/src/?MA HTTP/1.1" 200 1297 "-" "Mozilla/5.0 AppleWebKit/537.36 (KHTML, like Gecko; compatible; GPTBot/1.2; +https://openai.com/gptbot)"
20.171.207.28 - - [19/Sep/2025:07:41:43 +0000] "GET /vendor/jms/metadata/src/?SA HTTP/1.1" 200 1278 "-" "Mozilla/5.0 AppleWebKit/537.36 (KHTML, like Gecko; compatible; GPTBot/1.2; +https://openai.com/gptbot)"
66.249.70.33 - - [19/Sep/2025:07:42:25 +0000] "GET /vendor/markbaker/matrix/classes/ HTTP/1.1" 200 623 "-" "Mozilla/5.0 (Linux; Android 6.0.1; Nexus 5X Build/MMB29P) AppleWebKit/537.36 (KHTML, like Gecko) Chrome/140.0.7339.127 Mobile Safari/537.36 (compatible; GoogleOther)"
66.249.70.32 - - [19/Sep/2025:07:44:32 +0000] "GET /vendor/mpdf/mpdf/src/Ucdn.php HTTP/1.1" 200 0 "-" "Mozilla/5.0 (Linux; Android 6.0.1; Nexus 5X Build/MMB29P) AppleWebKit/537.36 (KHTML, like Gecko) Chrome/140.0.7339.127 Mobile Safari/537.36 (compatible; GoogleOther)"
20.171.207.28 - - [19/Sep/2025:07:44:46 +0000] "GET /vendor/jms/metadata/src/?ND HTTP/1.1" 200 1280 "-" "Mozilla/5.0 AppleWebKit/537.36 (KHTML, like Gecko; compatible; GPTBot/1.2; +https://openai.com/gptbot)"
20.171.207.28 - - [19/Sep/2025:07:45:59 +0000] "GET /vendor/jms/metadata/src/MethodMetadata.php HTTP/1.1" 500 0 "-" "Mozilla/5.0 AppleWebKit/537.36 (KHTML, like Gecko; compatible; GPTBot/1.2; +https://openai.com/gptbot)"
66.249.70.32 - - [19/Sep/2025:07:46:49 +0000] "GET /vendor/ifsnop/mysqldump-php/src/ HTTP/1.1" 200 627 "-" "Mozilla/5.0 (Linux; Android 6.0.1; Nexus 5X Build/MMB29P) AppleWebKit/537.36 (KHTML, like Gecko) Chrome/140.0.7339.127 Mobile Safari/537.36 (compatible; GoogleOther)"
20.171.207.28 - - [19/Sep/2025:07:48:27 +0000] "GET /vendor/jms/metadata/src/PropertyMetadata.php HTTP/1.1" 500 0 "-" "Mozilla/5.0 AppleWebKit/537.36 (KHTML, like Gecko; compatible; GPTBot/1.2; +https://openai.com/gptbot)"
66.249.70.34 - - [19/Sep/2025:07:49:11 +0000] "GET /vendor/mpdf/mpdf/src/AssetFetcher.php HTTP/1.1" 500 0 "-" "Mozilla/5.0 (Linux; Android 6.0.1; Nexus 5X Build/MMB29P) AppleWebKit/537.36 (KHTML, like Gecko) Chrome/140.0.7339.127 Mobile Safari/537.36 (compatible; GoogleOther)"
66.249.70.34 - - [19/Sep/2025:07:52:25 +0000] "GET /vendor/mpdf/mpdf/data/collations/Mohawk_Canada.php HTTP/1.1" 200 0 "-" "Mozilla/5.0 (Linux; Android 6.0.1; Nexus 5X Build/MMB29P) AppleWebKit/537.36 (KHTML, like Gecko) Chrome/140.0.7339.127 Mobile Safari/537.36 (compatible; GoogleOther)"
66.249.70.32 - - [19/Sep/2025:07:52:56 +0000] "GET /vendor/autoload.php HTTP/1.1" 200 0 "-" "Mozilla/5.0 (Linux; Android 6.0.1; Nexus 5X Build/MMB29P) AppleWebKit/537.36 (KHTML, like Gecko) Chrome/140.0.7339.127 Mobile Safari/537.36 (compatible; GoogleOther)"
66.249.70.33 - - [19/Sep/2025:07:53:27 +0000] "GET /vendor/psr/http-client/ HTTP/1.1" 200 725 "-" "Mozilla/5.0 (Linux; Android 6.0.1; Nexus 5X Build/MMB29P) AppleWebKit/537.36 (KHTML, like Gecko) Chrome/140.0.7339.127 Mobile Safari/537.36 (compatible; GoogleOther)"
20.171.207.28 - - [19/Sep/2025:07:54:15 +0000] "GET /vendor/jms/metadata/src/NullMetadata.php HTTP/1.1" 500 0 "-" "Mozilla/5.0 AppleWebKit/537.36 (KHTML, like Gecko; compatible; GPTBot/1.2; +https://openai.com/gptbot)"
20.171.207.28 - - [19/Sep/2025:07:56:24 +0000] "GET /vendor/jms/metadata/?ND HTTP/1.1" 200 1092 "-" "Mozilla/5.0 AppleWebKit/537.36 (KHTML, like Gecko; compatible; GPTBot/1.2; +https://openai.com/gptbot)"
20.171.207.28 - - [19/Sep/2025:07:57:20 +0000] "GET /vendor/jms/metadata/src/?MD HTTP/1.1" 200 1290 "-" "Mozilla/5.0 AppleWebKit/537.36 (KHTML, like Gecko; compatible; GPTBot/1.2; +https://openai.com/gptbot)"
66.249.70.34 - - [19/Sep/2025:07:58:49 +0000] "GET /vendor/mpdf/mpdf/src/Http/ HTTP/1.1" 200 739 "-" "Mozilla/5.0 (Linux; Android 6.0.1; Nexus 5X Build/MMB29P) AppleWebKit/537.36 (KHTML, like Gecko) Chrome/140.0.7339.127 Mobile Safari/537.36 (compatible; GoogleOther)"
20.171.207.28 - - [19/Sep/2025:07:59:40 +0000] "GET /vendor/jms/metadata/src/?NA HTTP/1.1" 200 1298 "-" "Mozilla/5.0 AppleWebKit/537.36 (KHTML, like Gecko; compatible; GPTBot/1.2; +https://openai.com/gptbot)"
66.249.70.34 - - [19/Sep/2025:07:59:54 +0000] "GET /vendor/mpdf/mpdf/data/collations/Estonian_Estonia.php HTTP/1.1" 200 0 "-" "Mozilla/5.0 (Linux; Android 6.0.1; Nexus 5X Build/MMB29P) AppleWebKit/537.36 (KHTML, like Gecko) Chrome/140.0.7339.127 Mobile Safari/537.36 (compatible; GoogleOther)"
20.171.207.28 - - [19/Sep/2025:08:00:16 +0000] "GET /vendor/jms/metadata/src/?SD HTTP/1.1" 200 1294 "-" "Mozilla/5.0 AppleWebKit/537.36 (KHTML, like Gecko; compatible; GPTBot/1.2; +https://openai.com/gptbot)"
66.249.70.32 - - [19/Sep/2025:07:44:43 +0000] "GET /vendor/mpdf/mpdf/data/collations/Serbian_%28Latin%29_Serbia.php HTTP/1.1" 200 0 "-" "Mozilla/5.0 (Linux; Android 6.0.1; Nexus 5X Build/MMB29P) AppleWebKit/537.36 (KHTML, like Gecko) Chrome/140.0.7339.127 Mobile Safari/537.36 (compatible; GoogleOther)"
20.171.207.28 - - [19/Sep/2025:07:45:23 +0000] "GET /vendor/jms/serializer/src/Metadata/Driver/DocBlockDriver/DocBlockTypeResolver.php HTTP/1.1" 200 0 "-" "Mozilla/5.0 AppleWebKit/537.36 (KHTML, like Gecko; compatible; GPTBot/1.2; +https://openai.com/gptbot)"
20.171.207.28 - - [19/Sep/2025:07:46:27 +0000] "GET /vendor/jms/serializer/?SA HTTP/1.1" 200 1238 "-" "Mozilla/5.0 AppleWebKit/537.36 (KHTML, like Gecko; compatible; GPTBot/1.2; +https://openai.com/gptbot)"
20.171.207.28 - - [19/Sep/2025:07:47:28 +0000] "GET /vendor/endroid/qr-code/src/Encoding/Encoding.php HTTP/1.1" 500 0 "-" "Mozilla/5.0 AppleWebKit/537.36 (KHTML, like Gecko; compatible; GPTBot/1.2; +https://openai.com/gptbot)"
20.171.207.28 - - [19/Sep/2025:07:49:32 +0000] "GET /vendor/jms/metadata/src/ClassMetadata.php HTTP/1.1" 500 0 "-" "Mozilla/5.0 AppleWebKit/537.36 (KHTML, like Gecko; compatible; GPTBot/1.2; +https://openai.com/gptbot)"
20.171.207.28 - - [19/Sep/2025:07:50:37 +0000] "GET /vendor/jms/serializer/?MA HTTP/1.1" 200 1246 "-" "Mozilla/5.0 AppleWebKit/537.36 (KHTML, like Gecko; compatible; GPTBot/1.2; +https://openai.com/gptbot)"
4.227.36.50 - - [19/Sep/2025:07:50:39 +0000] "GET /robots.txt HTTP/1.1" 404 1251 "-" "Mozilla/5.0 AppleWebKit/537.36 (KHTML, like Gecko; compatible; GPTBot/1.2; +https://openai.com/gptbot)"
20.171.207.28 - - [19/Sep/2025:07:51:39 +0000] "GET /vendor/endroid/qr-code/src/Exception/ HTTP/1.1" 200 652 "-" "Mozilla/5.0 AppleWebKit/537.36 (KHTML, like Gecko; compatible; GPTBot/1.2; +https://openai.com/gptbot)"
20.171.207.28 - - [19/Sep/2025:07:52:36 +0000] "GET /vendor/jms/serializer/?ND HTTP/1.1" 200 1234 "-" "Mozilla/5.0 AppleWebKit/537.36 (KHTML, like Gecko; compatible; GPTBot/1.2; +https://openai.com/gptbot)"
66.249.70.33 - - [19/Sep/2025:07:52:43 +0000] "GET /vendor/mpdf/mpdf/src/SizeConverter.php HTTP/1.1" 500 0 "-" "Mozilla/5.0 (Linux; Android 6.0.1; Nexus 5X Build/MMB29P) AppleWebKit/537.36 (KHTML, like Gecko) Chrome/140.0.7339.127 Mobile Safari/537.36 (compatible; GoogleOther)"
20.171.207.28 - - [19/Sep/2025:07:53:29 +0000] "GET /vendor/jms/metadata/src/MergeableClassMetadata.php HTTP/1.1" 500 0 "-" "Mozilla/5.0 AppleWebKit/537.36 (KHTML, like Gecko; compatible; GPTBot/1.2; +https://openai.com/gptbot)"
20.171.207.28 - - [19/Sep/2025:07:55:20 +0000] "GET /vendor/jms/serializer/?MD HTTP/1.1" 200 1243 "-" "Mozilla/5.0 AppleWebKit/537.36 (KHTML, like Gecko; compatible; GPTBot/1.2; +https://openai.com/gptbot)"
4.227.36.50 - - [19/Sep/2025:07:56:24 +0000] "GET /robots.txt HTTP/1.1" 404 1251 "-" "Mozilla/5.0 AppleWebKit/537.36 (KHTML, like Gecko; compatible; GPTBot/1.2; +https://openai.com/gptbot)"
20.171.207.28 - - [19/Sep/2025:07:58:10 +0000] "GET /vendor/jms/metadata/?SA HTTP/1.1" 200 1093 "-" "Mozilla/5.0 AppleWebKit/537.36 (KHTML, like Gecko; compatible; GPTBot/1.2; +https://openai.com/gptbot)"
20.171.207.28 - - [19/Sep/2025:07:58:57 +0000] "GET /vendor/jms/serializer/?NA HTTP/1.1" 200 1228 "-" "Mozilla/5.0 AppleWebKit/537.36 (KHTML, like Gecko; compatible; GPTBot/1.2; +https://openai.com/gptbot)"
20.171.207.28 - - [19/Sep/2025:08:00:48 +0000] "GET /vendor/jms/metadata/?MA HTTP/1.1" 200 1101 "-" "Mozilla/5.0 AppleWebKit/537.36 (KHTML, like Gecko; compatible; GPTBot/1.2; +https://openai.com/gptbot)"
20.171.207.28 - - [19/Sep/2025:08:01:20 +0000] "GET /vendor/endroid/qr-code/src/Exception/ValidationException.php HTTP/1.1" 200 0 "-" "Mozilla/5.0 AppleWebKit/537.36 (KHTML, like Gecko; compatible; GPTBot/1.2; +https://openai.com/gptbot)"
20.171.207.28 - - [19/Sep/2025:08:02:09 +0000] "GET /vendor/jms/serializer/src/ContextFactory/DeserializationContextFactoryInterface.php HTTP/1.1" 200 0 "-" "Mozilla/5.0 AppleWebKit/537.36 (KHTML, like Gecko; compatible; GPTBot/1.2; +https://openai.com/gptbot)"
20.171.207.28 - - [19/Sep/2025:08:02:30 +0000] "GET /vendor/jms/metadata/src/MethodMetadata.php HTTP/1.1" 500 0 "-" "Mozilla/5.0 AppleWebKit/537.36 (KHTML, like Gecko; compatible; GPTBot/1.2; +https://openai.com/gptbot)"
66.249.70.32 - - [19/Sep/2025:08:00:25 +0000] "GET /vendor/mpdf/mpdf/src/Gif/ HTTP/1.1" 200 1034 "-" "Mozilla/5.0 (Linux; Android 6.0.1; Nexus 5X Build/MMB29P) AppleWebKit/537.36 (KHTML, like Gecko) Chrome/140.0.7339.127 Mobile Safari/537.36 (compatible; GoogleOther)"
20.171.207.28 - - [19/Sep/2025:08:01:46 +0000] "GET /vendor/jms/serializer/?SD HTTP/1.1" 200 1237 "-" "Mozilla/5.0 AppleWebKit/537.36 (KHTML, like Gecko; compatible; GPTBot/1.2; +https://openai.com/gptbot)"
4.227.36.50 - - [19/Sep/2025:08:02:10 +0000] "GET /robots.txt HTTP/1.1" 404 1251 "-" "Mozilla/5.0 AppleWebKit/537.36 (KHTML, like Gecko; compatible; GPTBot/1.2; +https://openai.com/gptbot)"
66.249.70.34 - - [19/Sep/2025:08:02:35 +0000] "GET /vendor/mpdf/mpdf/data/collations/Indonesian_Indonesia.php HTTP/1.1" 200 0 "-" "Mozilla/5.0 (Linux; Android 6.0.1; Nexus 5X Build/MMB29P) AppleWebKit/537.36 (KHTML, like Gecko) Chrome/140.0.7339.127 Mobile Safari/537.36 (compatible; GoogleOther)"