20.171.207.28 - - [19/Sep/2025:02:29:41 +0000] "GET /vendor/endroid/ HTTP/1.1" 200 616 "-" "Mozilla/5.0 AppleWebKit/537.36 (KHTML, like Gecko; compatible; GPTBot/1.2; +https://openai.com/gptbot)"
4.227.36.50 - - [19/Sep/2025:02:29:47 +0000] "GET /robots.txt HTTP/1.1" 404 1251 "-" "Mozilla/5.0 AppleWebKit/537.36 (KHTML, like Gecko; compatible; GPTBot/1.2; +https://openai.com/gptbot)"
20.171.207.28 - - [19/Sep/2025:02:33:21 +0000] "GET /vendor/illuminate/database/?MA HTTP/1.1" 200 2159 "-" "Mozilla/5.0 AppleWebKit/537.36 (KHTML, like Gecko; compatible; GPTBot/1.2; +https://openai.com/gptbot)"
66.249.70.34 - - [19/Sep/2025:02:34:04 +0000] "GET /vendor/io-developer/?MA HTTP/1.1" 200 623 "-" "Mozilla/5.0 (Linux; Android 6.0.1; Nexus 5X Build/MMB29P) AppleWebKit/537.36 (KHTML, like Gecko) Chrome/140.0.7339.127 Mobile Safari/537.36 (compatible; GoogleOther)"
112.65.212.118 - - [19/Sep/2025:02:34:19 +0000] "GET /portfolio/%d9%85%d9%83%d8%a8%d8%b1%d8%a7%d8%aa-%d8%b5%d9%88%d8%aa-%d9%81%d8%b6%d9%8a%d8%a9-%d8%ae%d8%a7%d8%b5%d8%a9/ads HTTP/1.1" 404 1251 "-" "Mozilla/5.0 (iPhone; CPU iPhone OS 16_0 like Mac OS X) AppleWebKit/605.1.15 (KHTML, like Gecko) Version/18.0 Mobile/15E148 Safari/604.1"
20.171.207.28 - - [19/Sep/2025:02:35:40 +0000] "GET /vendor/fakerphp/faker/?ND HTTP/1.1" 200 771 "-" "Mozilla/5.0 AppleWebKit/537.36 (KHTML, like Gecko; compatible; GPTBot/1.2; +https://openai.com/gptbot)"
20.171.207.28 - - [19/Sep/2025:02:36:55 +0000] "GET /vendor/illuminate/database/?ND HTTP/1.1" 200 2129 "-" "Mozilla/5.0 AppleWebKit/537.36 (KHTML, like Gecko; compatible; GPTBot/1.2; +https://openai.com/gptbot)"
20.171.207.28 - - [19/Sep/2025:02:37:33 +0000] "GET /vendor/bin/phpstan HTTP/1.1" 200 3327 "-" "Mozilla/5.0 AppleWebKit/537.36 (KHTML, like Gecko; compatible; GPTBot/1.2; +https://openai.com/gptbot)"
20.171.207.28 - - [19/Sep/2025:02:37:48 +0000] "GET /vendor/illuminate/database/MySqlConnection.php HTTP/1.1" 500 0 "-" "Mozilla/5.0 AppleWebKit/537.36 (KHTML, like Gecko; compatible; GPTBot/1.2; +https://openai.com/gptbot)"
20.171.207.28 - - [19/Sep/2025:02:39:47 +0000] "GET /vendor/fakerphp/faker/?SD HTTP/1.1" 200 783 "-" "Mozilla/5.0 AppleWebKit/537.36 (KHTML, like Gecko; compatible; GPTBot/1.2; +https://openai.com/gptbot)"
20.171.207.28 - - [19/Sep/2025:02:40:44 +0000] "GET /vendor/fakerphp/faker/?NA HTTP/1.1" 200 774 "-" "Mozilla/5.0 AppleWebKit/537.36 (KHTML, like Gecko; compatible; GPTBot/1.2; +https://openai.com/gptbot)"
20.171.207.28 - - [19/Sep/2025:02:41:38 +0000] "GET /vendor/fakerphp/faker/?MD HTTP/1.1" 200 781 "-" "Mozilla/5.0 AppleWebKit/537.36 (KHTML, like Gecko; compatible; GPTBot/1.2; +https://openai.com/gptbot)"
20.171.207.28 - - [19/Sep/2025:02:42:22 +0000] "GET /vendor/illuminate/database/ConfigurationUrlParser.php HTTP/1.1" 500 0 "-" "Mozilla/5.0 AppleWebKit/537.36 (KHTML, like Gecko; compatible; GPTBot/1.2; +https://openai.com/gptbot)"
65.21.208.232 - - [19/Sep/2025:02:42:23 +0000] "GET / HTTP/1.1" 200 1482 "-" "Python/3.11 aiohttp/3.9.2"
20.171.207.28 - - [19/Sep/2025:02:43:03 +0000] "GET /vendor/illuminate/database/error_log HTTP/1.1" 403 1242 "-" "Mozilla/5.0 AppleWebKit/537.36 (KHTML, like Gecko; compatible; GPTBot/1.2; +https://openai.com/gptbot)"
65.21.208.232 - - [19/Sep/2025:02:43:20 +0000] "GET / HTTP/1.1" 200 1471 "-" "Python/3.11 aiohttp/3.9.2"
66.249.70.33 - - [19/Sep/2025:02:43:23 +0000] "GET /vendor/psr/http-message/ HTTP/1.1" 200 741 "-" "Mozilla/5.0 (Linux; Android 6.0.1; Nexus 5X Build/MMB29P) AppleWebKit/537.36 (KHTML, like Gecko) Chrome/140.0.7339.127 Mobile Safari/537.36 (compatible; GoogleOther)"
20.171.207.28 - - [19/Sep/2025:02:44:04 +0000] "GET /vendor/bin/yaml-lint HTTP/1.1" 200 3366 "-" "Mozilla/5.0 AppleWebKit/537.36 (KHTML, like Gecko; compatible; GPTBot/1.2; +https://openai.com/gptbot)"
20.171.207.28 - - [19/Sep/2025:02:30:44 +0000] "GET /vendor/bin/ HTTP/1.1" 200 1070 "-" "Mozilla/5.0 AppleWebKit/537.36 (KHTML, like Gecko; compatible; GPTBot/1.2; +https://openai.com/gptbot)"
20.171.207.28 - - [19/Sep/2025:02:31:43 +0000] "GET /vendor/dragonmantank/cron-expression/?MD HTTP/1.1" 200 750 "-" "Mozilla/5.0 AppleWebKit/537.36 (KHTML, like Gecko; compatible; GPTBot/1.2; +https://openai.com/gptbot)"
20.171.207.28 - - [19/Sep/2025:02:32:35 +0000] "GET /vendor/jms/ HTTP/1.1" 200 635 "-" "Mozilla/5.0 AppleWebKit/537.36 (KHTML, like Gecko; compatible; GPTBot/1.2; +https://openai.com/gptbot)"
20.171.207.28 - - [19/Sep/2025:02:34:01 +0000] "GET /vendor/fakerphp/faker/?SA HTTP/1.1" 200 783 "-" "Mozilla/5.0 AppleWebKit/537.36 (KHTML, like Gecko; compatible; GPTBot/1.2; +https://openai.com/gptbot)"
20.171.207.28 - - [19/Sep/2025:02:34:38 +0000] "GET /vendor/fakerphp/faker/CHANGELOG.md HTTP/1.1" 200 8839 "-" "Mozilla/5.0 AppleWebKit/537.36 (KHTML, like Gecko; compatible; GPTBot/1.2; +https://openai.com/gptbot)"
140.206.235.116 - - [19/Sep/2025:02:35:05 +0000] "GET /portfolio/%d9%85%d9%83%d8%a8%d8%b1%d8%a7%d8%aa-%d8%b5%d9%88%d8%aa-%d9%81%d8%b6%d9%8a%d8%a9-%d8%ae%d8%a7%d8%b5%d8%a9/ads HTTP/1.1" 404 1251 "-" "Mozilla/5.0 (Windows NT 10.0; Win64; x64) AppleWebKit/537.36 (KHTML, like Gecko) Chrome/130.0.0.0 Safari/537.36"
20.171.207.28 - - [19/Sep/2025:02:35:11 +0000] "GET /vendor/psr/event-dispatcher/ HTTP/1.1" 200 699 "-" "Mozilla/5.0 AppleWebKit/537.36 (KHTML, like Gecko; compatible; GPTBot/1.2; +https://openai.com/gptbot)"
4.227.36.50 - - [19/Sep/2025:02:35:13 +0000] "GET /robots.txt HTTP/1.1" 404 1251 "-" "Mozilla/5.0 AppleWebKit/537.36 (KHTML, like Gecko; compatible; GPTBot/1.2; +https://openai.com/gptbot)"
20.171.207.28 - - [19/Sep/2025:02:36:09 +0000] "GET /vendor/fakerphp/faker/LICENSE HTTP/1.1" 200 1186 "-" "Mozilla/5.0 AppleWebKit/537.36 (KHTML, like Gecko; compatible; GPTBot/1.2; +https://openai.com/gptbot)"
20.171.207.28 - - [19/Sep/2025:02:36:33 +0000] "GET /vendor/psr/http-client/ HTTP/1.1" 200 728 "-" "Mozilla/5.0 AppleWebKit/537.36 (KHTML, like Gecko; compatible; GPTBot/1.2; +https://openai.com/gptbot)"
20.171.207.28 - - [19/Sep/2025:02:37:15 +0000] "GET /vendor/fakerphp/faker/?MA HTTP/1.1" 200 783 "-" "Mozilla/5.0 AppleWebKit/537.36 (KHTML, like Gecko; compatible; GPTBot/1.2; +https://openai.com/gptbot)"
20.171.207.28 - - [19/Sep/2025:02:38:03 +0000] "GET /vendor/illuminate/database/DatabaseManager.php HTTP/1.1" 500 0 "-" "Mozilla/5.0 AppleWebKit/537.36 (KHTML, like Gecko; compatible; GPTBot/1.2; +https://openai.com/gptbot)"
20.171.207.28 - - [19/Sep/2025:02:38:46 +0000] "GET /vendor/psr/event-dispatcher/src/ HTTP/1.1" 200 711 "-" "Mozilla/5.0 AppleWebKit/537.36 (KHTML, like Gecko; compatible; GPTBot/1.2; +https://openai.com/gptbot)"
66.249.70.33 - - [19/Sep/2025:02:40:31 +0000] "GET /vendor/ifsnop/mysqldump-php/ HTTP/1.1" 200 699 "-" "Mozilla/5.0 (Linux; Android 6.0.1; Nexus 5X Build/MMB29P) AppleWebKit/537.36 (KHTML, like Gecko) Chrome/140.0.7339.127 Mobile Safari/537.36 (compatible; GoogleOther)"
66.249.70.32 - - [19/Sep/2025:02:42:39 +0000] "GET /vendor/mpdf/mpdf/?MA HTTP/1.1" 200 1231 "-" "Mozilla/5.0 (Linux; Android 6.0.1; Nexus 5X Build/MMB29P) AppleWebKit/537.36 (KHTML, like Gecko) Chrome/140.0.7339.127 Mobile Safari/537.36 (compatible; GoogleOther)"
66.249.70.32 - - [19/Sep/2025:02:44:49 +0000] "GET /vendor/mpdf/mpdf/?SA HTTP/1.1" 200 1224 "-" "Mozilla/5.0 (Linux; Android 6.0.1; Nexus 5X Build/MMB29P) AppleWebKit/537.36 (KHTML, like Gecko) Chrome/140.0.7339.127 Mobile Safari/537.36 (compatible; GoogleOther)"
4.227.36.50 - - [19/Sep/2025:02:46:03 +0000] "GET /robots.txt HTTP/1.1" 404 1251 "-" "Mozilla/5.0 AppleWebKit/537.36 (KHTML, like Gecko; compatible; GPTBot/1.2; +https://openai.com/gptbot)"
66.249.70.32 - - [19/Sep/2025:02:46:37 +0000] "GET /vendor/psr/clock/ HTTP/1.1" 200 725 "-" "Mozilla/5.0 (Linux; Android 6.0.1; Nexus 5X Build/MMB29P) AppleWebKit/537.36 (KHTML, like Gecko) Chrome/140.0.7339.127 Mobile Safari/537.36 (compatible; GoogleOther)"
66.249.70.32 - - [19/Sep/2025:02:46:40 +0000] "GET /vendor/markbaker/matrix/infection.json.dist HTTP/1.1" 200 371 "-" "Mozilla/5.0 (Linux; Android 6.0.1; Nexus 5X Build/MMB29P) AppleWebKit/537.36 (KHTML, like Gecko) Chrome/140.0.7339.127 Mobile Safari/537.36 (compatible; GoogleOther)"
20.171.207.28 - - [19/Sep/2025:02:48:59 +0000] "GET /vendor/jms/serializer/ HTTP/1.1" 200 1228 "-" "Mozilla/5.0 AppleWebKit/537.36 (KHTML, like Gecko; compatible; GPTBot/1.2; +https://openai.com/gptbot)"
20.171.207.28 - - [19/Sep/2025:02:50:31 +0000] "GET /vendor/psr/log/ HTTP/1.1" 200 692 "-" "Mozilla/5.0 AppleWebKit/537.36 (KHTML, like Gecko; compatible; GPTBot/1.2; +https://openai.com/gptbot)"
66.249.70.33 - - [19/Sep/2025:02:50:37 +0000] "GET /vendor/mpdf/mpdf/phpstan-baseline.neon HTTP/1.1" 200 42183 "-" "Mozilla/5.0 (Linux; Android 6.0.1; Nexus 5X Build/MMB29P) AppleWebKit/537.36 (KHTML, like Gecko) Chrome/140.0.7339.127 Mobile Safari/537.36 (compatible; GoogleOther)"
20.171.207.28 - - [19/Sep/2025:02:51:10 +0000] "GET /vendor/psr/http-client/?MA HTTP/1.1" 200 734 "-" "Mozilla/5.0 AppleWebKit/537.36 (KHTML, like Gecko; compatible; GPTBot/1.2; +https://openai.com/gptbot)"
20.171.207.28 - - [19/Sep/2025:02:51:48 +0000] "GET /vendor/psr/clock/ HTTP/1.1" 200 728 "-" "Mozilla/5.0 AppleWebKit/537.36 (KHTML, like Gecko; compatible; GPTBot/1.2; +https://openai.com/gptbot)"
20.171.207.28 - - [19/Sep/2025:02:52:49 +0000] "GET /vendor/bin/remove-ray.sh HTTP/1.1" 200 964 "-" "Mozilla/5.0 AppleWebKit/537.36 (KHTML, like Gecko; compatible; GPTBot/1.2; +https://openai.com/gptbot)"
20.171.207.28 - - [19/Sep/2025:02:53:16 +0000] "GET /vendor/psr/event-dispatcher/src/?SA HTTP/1.1" 200 713 "-" "Mozilla/5.0 AppleWebKit/537.36 (KHTML, like Gecko; compatible; GPTBot/1.2; +https://openai.com/gptbot)"
20.171.207.28 - - [19/Sep/2025:02:53:42 +0000] "GET /vendor/psr/http-client/?ND HTTP/1.1" 200 726 "-" "Mozilla/5.0 AppleWebKit/537.36 (KHTML, like Gecko; compatible; GPTBot/1.2; +https://openai.com/gptbot)"
20.171.207.28 - - [19/Sep/2025:02:54:04 +0000] "GET /vendor/psr/http-factory/?ND HTTP/1.1" 200 695 "-" "Mozilla/5.0 AppleWebKit/537.36 (KHTML, like Gecko; compatible; GPTBot/1.2; +https://openai.com/gptbot)"
20.171.207.28 - - [19/Sep/2025:02:54:21 +0000] "GET /vendor/jms/serializer/src/ HTTP/1.1" 200 1733 "-" "Mozilla/5.0 AppleWebKit/537.36 (KHTML, like Gecko; compatible; GPTBot/1.2; +https://openai.com/gptbot)"
20.171.207.28 - - [19/Sep/2025:02:54:40 +0000] "GET /vendor/psr/http-factory/?MA HTTP/1.1" 200 695 "-" "Mozilla/5.0 AppleWebKit/537.36 (KHTML, like Gecko; compatible; GPTBot/1.2; +https://openai.com/gptbot)"
20.171.207.28 - - [19/Sep/2025:02:45:04 +0000] "GET /vendor/illuminate/database/DatabaseServiceProvider.php HTTP/1.1" 500 0 "-" "Mozilla/5.0 AppleWebKit/537.36 (KHTML, like Gecko; compatible; GPTBot/1.2; +https://openai.com/gptbot)"
20.171.207.28 - - [19/Sep/2025:02:46:03 +0000] "GET /vendor/illuminate/database/Grammar.php HTTP/1.1" 500 0 "-" "Mozilla/5.0 AppleWebKit/537.36 (KHTML, like Gecko; compatible; GPTBot/1.2; +https://openai.com/gptbot)"
66.249.70.32 - - [19/Sep/2025:02:46:47 +0000] "GET /vendor/psr/simple-cache/ HTTP/1.1" 200 692 "-" "Mozilla/5.0 (Linux; Android 6.0.1; Nexus 5X Build/MMB29P) AppleWebKit/537.36 (KHTML, like Gecko) Chrome/140.0.7339.127 Mobile Safari/537.36 (compatible; GoogleOther)"
20.171.207.28 - - [19/Sep/2025:02:47:00 +0000] "GET /vendor/psr/simple-cache/ HTTP/1.1" 200 695 "-" "Mozilla/5.0 AppleWebKit/537.36 (KHTML, like Gecko; compatible; GPTBot/1.2; +https://openai.com/gptbot)"
66.249.70.34 - - [19/Sep/2025:02:47:16 +0000] "GET /vendor/psr/http-factory/ HTTP/1.1" 200 690 "-" "Mozilla/5.0 (Linux; Android 6.0.1; Nexus 5X Build/MMB29P) AppleWebKit/537.36 (KHTML, like Gecko) Chrome/140.0.7339.127 Mobile Safari/537.36 (compatible; GoogleOther)"
20.171.207.28 - - [19/Sep/2025:02:48:01 +0000] "GET /vendor/psr/event-dispatcher/src/?MA HTTP/1.1" 200 718 "-" "Mozilla/5.0 AppleWebKit/537.36 (KHTML, like Gecko; compatible; GPTBot/1.2; +https://openai.com/gptbot)"
20.171.207.28 - - [19/Sep/2025:02:49:47 +0000] "GET /vendor/psr/http-factory/ HTTP/1.1" 200 693 "-" "Mozilla/5.0 AppleWebKit/537.36 (KHTML, like Gecko; compatible; GPTBot/1.2; +https://openai.com/gptbot)"
4.227.36.50 - - [19/Sep/2025:02:51:14 +0000] "GET /robots.txt HTTP/1.1" 404 1251 "-" "Mozilla/5.0 AppleWebKit/537.36 (KHTML, like Gecko; compatible; GPTBot/1.2; +https://openai.com/gptbot)"
20.171.207.28 - - [19/Sep/2025:02:52:22 +0000] "GET /vendor/psr/event-dispatcher/src/ListenerProviderInterface.php HTTP/1.1" 200 0 "-" "Mozilla/5.0 AppleWebKit/537.36 (KHTML, like Gecko; compatible; GPTBot/1.2; +https://openai.com/gptbot)"
66.249.70.34 - - [19/Sep/2025:02:53:09 +0000] "GET /vendor/psr/http-client/ HTTP/1.1" 200 725 "-" "Mozilla/5.0 (Linux; Android 6.0.1; Nexus 5X Build/MMB29P) AppleWebKit/537.36 (KHTML, like Gecko) Chrome/140.0.7339.127 Mobile Safari/537.36 (compatible; GoogleOther)"
20.171.207.28 - - [19/Sep/2025:02:54:55 +0000] "GET /vendor/psr/http-factory/?SA HTTP/1.1" 200 696 "-" "Mozilla/5.0 AppleWebKit/537.36 (KHTML, like Gecko; compatible; GPTBot/1.2; +https://openai.com/gptbot)"
20.171.207.28 - - [19/Sep/2025:02:55:10 +0000] "GET /vendor/jms/serializer/UPGRADING.md HTTP/1.1" 200 5631 "-" "Mozilla/5.0 AppleWebKit/537.36 (KHTML, like Gecko; compatible; GPTBot/1.2; +https://openai.com/gptbot)"
20.171.207.28 - - [19/Sep/2025:02:55:22 +0000] "GET /vendor/psr/simple-cache/?MA HTTP/1.1" 200 698 "-" "Mozilla/5.0 AppleWebKit/537.36 (KHTML, like Gecko; compatible; GPTBot/1.2; +https://openai.com/gptbot)"
20.171.207.28 - - [19/Sep/2025:02:55:35 +0000] "GET /vendor/jms/serializer/CHANGELOG.md HTTP/1.1" 200 34958 "-" "Mozilla/5.0 AppleWebKit/537.36 (KHTML, like Gecko; compatible; GPTBot/1.2; +https://openai.com/gptbot)"
66.249.70.33 - - [19/Sep/2025:02:55:36 +0000] "GET /vendor/monolog/ HTTP/1.1" 200 611 "-" "Mozilla/5.0 (Linux; Android 6.0.1; Nexus 5X Build/MMB29P) AppleWebKit/537.36 (KHTML, like Gecko) Chrome/140.0.7339.127 Mobile Safari/537.36 (compatible; GoogleOther)"
20.171.207.28 - - [19/Sep/2025:02:55:45 +0000] "GET /vendor/psr/simple-cache/?ND HTTP/1.1" 200 697 "-" "Mozilla/5.0 AppleWebKit/537.36 (KHTML, like Gecko; compatible; GPTBot/1.2; +https://openai.com/gptbot)"
20.171.207.28 - - [19/Sep/2025:02:55:53 +0000] "GET /vendor/jms/serializer/doc/ HTTP/1.1" 200 1261 "-" "Mozilla/5.0 AppleWebKit/537.36 (KHTML, like Gecko; compatible; GPTBot/1.2; +https://openai.com/gptbot)"
20.171.207.28 - - [19/Sep/2025:02:56:02 +0000] "GET /vendor/psr/simple-cache/?SA HTTP/1.1" 200 698 "-" "Mozilla/5.0 AppleWebKit/537.36 (KHTML, like Gecko; compatible; GPTBot/1.2; +https://openai.com/gptbot)"
20.171.207.28 - - [19/Sep/2025:02:56:13 +0000] "GET /vendor/psr/log/LICENSE HTTP/1.1" 200 1085 "-" "Mozilla/5.0 AppleWebKit/537.36 (KHTML, like Gecko; compatible; GPTBot/1.2; +https://openai.com/gptbot)"
20.171.207.28 - - [19/Sep/2025:02:56:23 +0000] "GET /vendor/psr/http-factory/?NA HTTP/1.1" 200 693 "-" "Mozilla/5.0 AppleWebKit/537.36 (KHTML, like Gecko; compatible; GPTBot/1.2; +https://openai.com/gptbot)"
20.171.207.28 - - [19/Sep/2025:02:56:33 +0000] "GET /vendor/jms/serializer/src/Context.php HTTP/1.1" 200 0 "-" "Mozilla/5.0 AppleWebKit/537.36 (KHTML, like Gecko; compatible; GPTBot/1.2; +https://openai.com/gptbot)"
20.171.207.28 - - [19/Sep/2025:02:56:36 +0000] "GET /vendor/jms/serializer/src/GraphNavigator/ HTTP/1.1" 200 725 "-" "Mozilla/5.0 AppleWebKit/537.36 (KHTML, like Gecko; compatible; GPTBot/1.2; +https://openai.com/gptbot)"
20.171.207.28 - - [19/Sep/2025:02:56:41 +0000] "GET /vendor/jms/serializer/src/SerializerBuilder.php HTTP/1.1" 200 0 "-" "Mozilla/5.0 AppleWebKit/537.36 (KHTML, like Gecko; compatible; GPTBot/1.2; +https://openai.com/gptbot)"
20.171.207.28 - - [19/Sep/2025:02:56:46 +0000] "GET /vendor/jms/serializer/src/VisitorInterface.php HTTP/1.1" 200 0 "-" "Mozilla/5.0 AppleWebKit/537.36 (KHTML, like Gecko; compatible; GPTBot/1.2; +https://openai.com/gptbot)"
20.171.207.28 - - [19/Sep/2025:02:56:50 +0000] "GET /vendor/jms/serializer/src/ContextFactory/ HTTP/1.1" 200 1073 "-" "Mozilla/5.0 AppleWebKit/537.36 (KHTML, like Gecko; compatible; GPTBot/1.2; +https://openai.com/gptbot)"
20.171.207.28 - - [19/Sep/2025:02:56:53 +0000] "GET /vendor/jms/serializer/doc/cookbook.rst HTTP/1.1" 200 65 "-" "Mozilla/5.0 AppleWebKit/537.36 (KHTML, like Gecko; compatible; GPTBot/1.2; +https://openai.com/gptbot)"
20.171.207.28 - - [19/Sep/2025:02:56:56 +0000] "GET /vendor/jms/serializer/src/EventDispatcher/ HTTP/1.1" 200 1157 "-" "Mozilla/5.0 AppleWebKit/537.36 (KHTML, like Gecko; compatible; GPTBot/1.2; +https://openai.com/gptbot)"
66.249.70.33 - - [19/Sep/2025:02:56:57 +0000] "GET /vendor/erusev/ HTTP/1.1" 200 614 "-" "Mozilla/5.0 (Linux; Android 6.0.1; Nexus 5X Build/MMB29P) AppleWebKit/537.36 (KHTML, like Gecko) Chrome/140.0.7339.127 Mobile Safari/537.36 (compatible; GoogleOther)"
20.171.207.28 - - [19/Sep/2025:02:56:59 +0000] "GET /vendor/jms/serializer/doc/reference/ HTTP/1.1" 200 681 "-" "Mozilla/5.0 AppleWebKit/537.36 (KHTML, like Gecko; compatible; GPTBot/1.2; +https://openai.com/gptbot)"
20.171.207.28 - - [19/Sep/2025:02:57:02 +0000] "GET /vendor/jms/serializer/doc/configuration.rst HTTP/1.1" 200 4721 "-" "Mozilla/5.0 AppleWebKit/537.36 (KHTML, like Gecko; compatible; GPTBot/1.2; +https://openai.com/gptbot)"
20.171.207.28 - - [19/Sep/2025:02:57:05 +0000] "GET /vendor/jms/serializer/src/Naming/ HTTP/1.1" 200 755 "-" "Mozilla/5.0 AppleWebKit/537.36 (KHTML, like Gecko; compatible; GPTBot/1.2; +https://openai.com/gptbot)"
20.171.207.28 - - [19/Sep/2025:02:57:06 +0000] "GET /vendor/jms/serializer/src/GraphNavigatorInterface.php HTTP/1.1" 200 0 "-" "Mozilla/5.0 AppleWebKit/537.36 (KHTML, like Gecko; compatible; GPTBot/1.2; +https://openai.com/gptbot)"
20.171.207.28 - - [19/Sep/2025:02:57:08 +0000] "GET /vendor/psr/simple-cache/?SD HTTP/1.1" 200 701 "-" "Mozilla/5.0 AppleWebKit/537.36 (KHTML, like Gecko; compatible; GPTBot/1.2; +https://openai.com/gptbot)"
20.171.207.28 - - [19/Sep/2025:02:57:09 +0000] "GET /vendor/psr/simple-cache/?MD HTTP/1.1" 200 700 "-" "Mozilla/5.0 AppleWebKit/537.36 (KHTML, like Gecko; compatible; GPTBot/1.2; +https://openai.com/gptbot)"
20.171.207.28 - - [19/Sep/2025:02:57:12 +0000] "GET /vendor/psr/http-factory/?SD HTTP/1.1" 200 699 "-" "Mozilla/5.0 AppleWebKit/537.36 (KHTML, like Gecko; compatible; GPTBot/1.2; +https://openai.com/gptbot)"
20.171.207.28 - - [19/Sep/2025:02:57:13 +0000] "GET /vendor/jms/serializer/src/EventDispatcher/LazyEventDispatcher.php HTTP/1.1" 500 0 "-" "Mozilla/5.0 AppleWebKit/537.36 (KHTML, like Gecko; compatible; GPTBot/1.2; +https://openai.com/gptbot)"
20.171.207.28 - - [19/Sep/2025:02:57:14 +0000] "GET /vendor/psr/http-factory/?MD HTTP/1.1" 200 698 "-" "Mozilla/5.0 AppleWebKit/537.36 (KHTML, like Gecko; compatible; GPTBot/1.2; +https://openai.com/gptbot)"
20.171.207.28 - - [19/Sep/2025:02:57:18 +0000] "GET /vendor/jms/serializer/src/ContextFactory/SerializationContextFactoryInterface.php HTTP/1.1" 200 0 "-" "Mozilla/5.0 AppleWebKit/537.36 (KHTML, like Gecko; compatible; GPTBot/1.2; +https://openai.com/gptbot)"
20.171.207.28 - - [19/Sep/2025:02:57:22 +0000] "GET /vendor/jms/serializer/src/EventDispatcher/Events.php HTTP/1.1" 200 0 "-" "Mozilla/5.0 AppleWebKit/537.36 (KHTML, like Gecko; compatible; GPTBot/1.2; +https://openai.com/gptbot)"
20.171.207.28 - - [19/Sep/2025:02:57:24 +0000] "GET /vendor/jms/serializer/src/ContextFactory/DefaultDeserializationContextFactory.php HTTP/1.1" 500 0 "-" "Mozilla/5.0 AppleWebKit/537.36 (KHTML, like Gecko; compatible; GPTBot/1.2; +https://openai.com/gptbot)"
20.171.207.28 - - [19/Sep/2025:02:57:26 +0000] "GET /vendor/jms/serializer/doc/reference/yml_reference.rst HTTP/1.1" 200 3343 "-" "Mozilla/5.0 AppleWebKit/537.36 (KHTML, like Gecko; compatible; GPTBot/1.2; +https://openai.com/gptbot)"
20.171.207.28 - - [19/Sep/2025:02:57:35 +0000] "GET /vendor/jms/serializer/doc/handlers.rst HTTP/1.1" 200 3012 "-" "Mozilla/5.0 AppleWebKit/537.36 (KHTML, like Gecko; compatible; GPTBot/1.2; +https://openai.com/gptbot)"
20.171.207.28 - - [19/Sep/2025:02:57:43 +0000] "GET /vendor/jms/serializer/src/EventDispatcher/EventDispatcher.php HTTP/1.1" 500 0 "-" "Mozilla/5.0 AppleWebKit/537.36 (KHTML, like Gecko; compatible; GPTBot/1.2; +https://openai.com/gptbot)"
20.171.207.28 - - [19/Sep/2025:02:57:51 +0000] "GET /vendor/jms/serializer/src/EventDispatcher/EventDispatcherInterface.php HTTP/1.1" 200 0 "-" "Mozilla/5.0 AppleWebKit/537.36 (KHTML, like Gecko; compatible; GPTBot/1.2; +https://openai.com/gptbot)"
20.171.207.28 - - [19/Sep/2025:02:59:47 +0000] "GET /vendor/jms/serializer/src/ContextFactory/CallableSerializationContextFactory.php HTTP/1.1" 500 0 "-" "Mozilla/5.0 AppleWebKit/537.36 (KHTML, like Gecko; compatible; GPTBot/1.2; +https://openai.com/gptbot)"
20.171.207.28 - - [19/Sep/2025:03:02:22 +0000] "GET /vendor/jms/serializer/src/EventDispatcher/PreSerializeEvent.php HTTP/1.1" 500 0 "-" "Mozilla/5.0 AppleWebKit/537.36 (KHTML, like Gecko; compatible; GPTBot/1.2; +https://openai.com/gptbot)"
4.227.36.50 - - [19/Sep/2025:02:56:24 +0000] "GET /robots.txt HTTP/1.1" 404 1251 "-" "Mozilla/5.0 AppleWebKit/537.36 (KHTML, like Gecko; compatible; GPTBot/1.2; +https://openai.com/gptbot)"
66.249.70.32 - - [19/Sep/2025:02:56:25 +0000] "GET /vendor/mpdf/mpdf/ttfonts/ HTTP/1.1" 200 3120 "-" "Mozilla/5.0 (Linux; Android 6.0.1; Nexus 5X Build/MMB29P) AppleWebKit/537.36 (KHTML, like Gecko) Chrome/140.0.7339.127 Mobile Safari/537.36 (compatible; GoogleOther)"
20.171.207.28 - - [19/Sep/2025:02:58:10 +0000] "GET /vendor/jms/serializer/src/EventDispatcher/Subscriber/ HTTP/1.1" 200 733 "-" "Mozilla/5.0 AppleWebKit/537.36 (KHTML, like Gecko; compatible; GPTBot/1.2; +https://openai.com/gptbot)"
20.171.207.28 - - [19/Sep/2025:02:58:29 +0000] "GET /vendor/psr/event-dispatcher/src/?SD HTTP/1.1" 200 715 "-" "Mozilla/5.0 AppleWebKit/537.36 (KHTML, like Gecko; compatible; GPTBot/1.2; +https://openai.com/gptbot)"
20.171.207.28 - - [19/Sep/2025:02:58:44 +0000] "GET /vendor/jms/serializer/src/EventDispatcher/PreDeserializeEvent.php HTTP/1.1" 500 0 "-" "Mozilla/5.0 AppleWebKit/537.36 (KHTML, like Gecko; compatible; GPTBot/1.2; +https://openai.com/gptbot)"
20.171.207.28 - - [19/Sep/2025:02:59:00 +0000] "GET /vendor/psr/simple-cache/?NA HTTP/1.1" 200 695 "-" "Mozilla/5.0 AppleWebKit/537.36 (KHTML, like Gecko; compatible; GPTBot/1.2; +https://openai.com/gptbot)"
66.249.70.34 - - [19/Sep/2025:02:59:11 +0000] "GET /vendor/mpdf/mpdf/src/ HTTP/1.1" 200 2056 "-" "Mozilla/5.0 (Linux; Android 6.0.1; Nexus 5X Build/MMB29P) AppleWebKit/537.36 (KHTML, like Gecko) Chrome/140.0.7339.127 Mobile Safari/537.36 (compatible; GoogleOther)"
66.249.70.33 - - [19/Sep/2025:02:59:31 +0000] "GET /vendor/psr/container/ HTTP/1.1" 200 695 "-" "Mozilla/5.0 (Linux; Android 6.0.1; Nexus 5X Build/MMB29P) AppleWebKit/537.36 (KHTML, like Gecko) Chrome/140.0.7339.127 Mobile Safari/537.36 (compatible; GoogleOther)"
66.249.70.32 - - [19/Sep/2025:02:59:42 +0000] "GET /vendor/markbaker/matrix/examples/ HTTP/1.1" 200 629 "-" "Mozilla/5.0 (Linux; Android 6.0.1; Nexus 5X Build/MMB29P) AppleWebKit/537.36 (KHTML, like Gecko) Chrome/140.0.7339.127 Mobile Safari/537.36 (compatible; GoogleOther)"
20.171.207.28 - - [19/Sep/2025:03:00:24 +0000] "GET /vendor/psr/clock/src/ HTTP/1.1" 200 638 "-" "Mozilla/5.0 AppleWebKit/537.36 (KHTML, like Gecko; compatible; GPTBot/1.2; +https://openai.com/gptbot)"
20.171.207.28 - - [19/Sep/2025:03:01:23 +0000] "GET /vendor/jms/serializer/doc/reference/xml_reference.rst HTTP/1.1" 200 5398 "-" "Mozilla/5.0 AppleWebKit/537.36 (KHTML, like Gecko; compatible; GPTBot/1.2; +https://openai.com/gptbot)"
66.249.70.34 - - [19/Sep/2025:03:03:20 +0000] "GET /vendor/twilio/ HTTP/1.1" 200 610 "-" "Mozilla/5.0 (Linux; Android 6.0.1; Nexus 5X Build/MMB29P) AppleWebKit/537.36 (KHTML, like Gecko) Chrome/140.0.7339.127 Mobile Safari/537.36 (compatible; GoogleOther)"
20.171.207.28 - - [19/Sep/2025:03:03:15 +0000] "GET /vendor/psr/event-dispatcher/src/?NA HTTP/1.1" 200 711 "-" "Mozilla/5.0 AppleWebKit/537.36 (KHTML, like Gecko; compatible; GPTBot/1.2; +https://openai.com/gptbot)"
20.171.207.28 - - [19/Sep/2025:03:04:16 +0000] "GET /vendor/jms/serializer/src/Accessor/ HTTP/1.1" 200 684 "-" "Mozilla/5.0 AppleWebKit/537.36 (KHTML, like Gecko; compatible; GPTBot/1.2; +https://openai.com/gptbot)"
4.227.36.50 - - [19/Sep/2025:03:04:24 +0000] "GET /robots.txt HTTP/1.1" 404 1251 "-" "Mozilla/5.0 AppleWebKit/537.36 (KHTML, like Gecko; compatible; GPTBot/1.2; +https://openai.com/gptbot)"
20.171.207.28 - - [19/Sep/2025:03:06:51 +0000] "GET /vendor/jms/serializer/src/Functions.php HTTP/1.1" 200 0 "-" "Mozilla/5.0 AppleWebKit/537.36 (KHTML, like Gecko; compatible; GPTBot/1.2; +https://openai.com/gptbot)"
66.249.70.33 - - [19/Sep/2025:03:04:08 +0000] "GET /vendor/rinvex/ HTTP/1.1" 200 611 "-" "Mozilla/5.0 (Linux; Android 6.0.1; Nexus 5X Build/MMB29P) AppleWebKit/537.36 (KHTML, like Gecko) Chrome/140.0.7339.127 Mobile Safari/537.36 (compatible; GoogleOther)"
20.171.207.28 - - [19/Sep/2025:03:05:17 +0000] "GET /vendor/psr/event-dispatcher/src/?MD HTTP/1.1" 200 716 "-" "Mozilla/5.0 AppleWebKit/537.36 (KHTML, like Gecko; compatible; GPTBot/1.2; +https://openai.com/gptbot)"
20.171.207.28 - - [19/Sep/2025:03:06:09 +0000] "GET /vendor/jms/serializer/src/Naming/SerializedNameAnnotationStrategy.php HTTP/1.1" 500 0 "-" "Mozilla/5.0 AppleWebKit/537.36 (KHTML, like Gecko; compatible; GPTBot/1.2; +https://openai.com/gptbot)"
20.171.207.28 - - [19/Sep/2025:03:07:56 +0000] "GET /vendor/jms/serializer/src/Accessor/AccessorStrategyInterface.php HTTP/1.1" 200 0 "-" "Mozilla/5.0 AppleWebKit/537.36 (KHTML, like Gecko; compatible; GPTBot/1.2; +https://openai.com/gptbot)"
20.171.207.28 - - [19/Sep/2025:03:08:50 +0000] "GET /vendor/psr/clock/src/ClockInterface.php HTTP/1.1" 200 0 "-" "Mozilla/5.0 AppleWebKit/537.36 (KHTML, like Gecko; compatible; GPTBot/1.2; +https://openai.com/gptbot)"
20.171.207.28 - - [19/Sep/2025:03:09:43 +0000] "GET /vendor/jms/serializer/src/Accessor/?MA HTTP/1.1" 200 694 "-" "Mozilla/5.0 AppleWebKit/537.36 (KHTML, like Gecko; compatible; GPTBot/1.2; +https://openai.com/gptbot)"
20.171.207.28 - - [19/Sep/2025:03:10:30 +0000] "GET /vendor/jms/serializer/src/Naming/?SA HTTP/1.1" 200 820 "-" "Mozilla/5.0 AppleWebKit/537.36 (KHTML, like Gecko; compatible; GPTBot/1.2; +https://openai.com/gptbot)"
20.171.207.28 - - [19/Sep/2025:03:11:10 +0000] "GET /vendor/psr/clock/src/?SA HTTP/1.1" 200 641 "-" "Mozilla/5.0 AppleWebKit/537.36 (KHTML, like Gecko; compatible; GPTBot/1.2; +https://openai.com/gptbot)"
66.249.70.32 - - [19/Sep/2025:03:12:07 +0000] "GET /vendor/markbaker/matrix/classes/ HTTP/1.1" 200 623 "-" "Mozilla/5.0 (Linux; Android 6.0.1; Nexus 5X Build/MMB29P) AppleWebKit/537.36 (KHTML, like Gecko) Chrome/140.0.7339.127 Mobile Safari/537.36 (compatible; GoogleOther)"
65.21.208.232 - - [19/Sep/2025:03:12:23 +0000] "GET / HTTP/1.1" 200 1482 "-" "Python/3.11 aiohttp/3.9.2"
20.171.207.28 - - [19/Sep/2025:03:12:25 +0000] "GET /vendor/psr/clock/src/?ND HTTP/1.1" 200 642 "-" "Mozilla/5.0 AppleWebKit/537.36 (KHTML, like Gecko; compatible; GPTBot/1.2; +https://openai.com/gptbot)"
65.21.208.232 - - [19/Sep/2025:03:13:15 +0000] "GET / HTTP/1.1" 200 1471 "-" "Python/3.11 aiohttp/3.9.2"
20.171.207.28 - - [19/Sep/2025:03:14:26 +0000] "GET /vendor/jms/serializer/src/Construction/ HTTP/1.1" 200 709 "-" "Mozilla/5.0 AppleWebKit/537.36 (KHTML, like Gecko; compatible; GPTBot/1.2; +https://openai.com/gptbot)"
20.171.207.28 - - [19/Sep/2025:03:14:43 +0000] "GET /vendor/psr/clock/src/?MA HTTP/1.1" 200 643 "-" "Mozilla/5.0 AppleWebKit/537.36 (KHTML, like Gecko; compatible; GPTBot/1.2; +https://openai.com/gptbot)"
20.171.207.28 - - [19/Sep/2025:03:15:14 +0000] "GET /vendor/jms/serializer/src/Naming/?NA HTTP/1.1" 200 812 "-" "Mozilla/5.0 AppleWebKit/537.36 (KHTML, like Gecko; compatible; GPTBot/1.2; +https://openai.com/gptbot)"
20.171.207.28 - - [19/Sep/2025:03:15:27 +0000] "GET /vendor/jms/serializer/src/Naming/SerializedNameAnnotationStrategy.php HTTP/1.1" 500 0 "-" "Mozilla/5.0 AppleWebKit/537.36 (KHTML, like Gecko; compatible; GPTBot/1.2; +https://openai.com/gptbot)"
20.171.207.28 - - [19/Sep/2025:03:16:51 +0000] "GET /vendor/jms/serializer/src/Naming/?MD HTTP/1.1" 200 811 "-" "Mozilla/5.0 AppleWebKit/537.36 (KHTML, like Gecko; compatible; GPTBot/1.2; +https://openai.com/gptbot)"
20.171.207.28 - - [19/Sep/2025:03:17:56 +0000] "GET /vendor/jms/serializer/src/Naming/?SD HTTP/1.1" 200 814 "-" "Mozilla/5.0 AppleWebKit/537.36 (KHTML, like Gecko; compatible; GPTBot/1.2; +https://openai.com/gptbot)"
20.171.207.28 - - [19/Sep/2025:03:18:49 +0000] "GET /vendor/jms/serializer/doc/logo.png HTTP/1.1" 200 53560 "-" "Mozilla/5.0 AppleWebKit/537.36 (KHTML, like Gecko; compatible; GPTBot/1.2; +https://openai.com/gptbot)"
20.171.207.28 - - [19/Sep/2025:03:19:40 +0000] "GET /vendor/psr/clock/src/?MD HTTP/1.1" 200 648 "-" "Mozilla/5.0 AppleWebKit/537.36 (KHTML, like Gecko; compatible; GPTBot/1.2; +https://openai.com/gptbot)"
4.227.36.50 - - [19/Sep/2025:03:20:43 +0000] "GET /robots.txt HTTP/1.1" 404 1251 "-" "Mozilla/5.0 AppleWebKit/537.36 (KHTML, like Gecko; compatible; GPTBot/1.2; +https://openai.com/gptbot)"
20.171.207.28 - - [19/Sep/2025:03:21:06 +0000] "GET /vendor/jms/serializer/src/ContextFactory/DefaultSerializationContextFactory.php HTTP/1.1" 500 0 "-" "Mozilla/5.0 AppleWebKit/537.36 (KHTML, like Gecko; compatible; GPTBot/1.2; +https://openai.com/gptbot)"
66.249.70.32 - - [19/Sep/2025:03:09:24 +0000] "GET /vendor/willdurand/ HTTP/1.1" 200 624 "-" "Mozilla/5.0 (Linux; Android 6.0.1; Nexus 5X Build/MMB29P) AppleWebKit/537.36 (KHTML, like Gecko) Chrome/140.0.7339.127 Mobile Safari/537.36 (compatible; GoogleOther)"
4.227.36.50 - - [19/Sep/2025:03:09:44 +0000] "GET /robots.txt HTTP/1.1" 404 1251 "-" "Mozilla/5.0 AppleWebKit/537.36 (KHTML, like Gecko; compatible; GPTBot/1.2; +https://openai.com/gptbot)"
20.171.207.28 - - [19/Sep/2025:03:11:57 +0000] "GET /vendor/jms/serializer/src/Naming/?MA HTTP/1.1" 200 808 "-" "Mozilla/5.0 AppleWebKit/537.36 (KHTML, like Gecko; compatible; GPTBot/1.2; +https://openai.com/gptbot)"
20.171.207.28 - - [19/Sep/2025:03:13:02 +0000] "GET /vendor/jms/serializer/src/Accessor/?SA HTTP/1.1" 200 691 "-" "Mozilla/5.0 AppleWebKit/537.36 (KHTML, like Gecko; compatible; GPTBot/1.2; +https://openai.com/gptbot)"
20.171.207.28 - - [19/Sep/2025:03:13:22 +0000] "GET /vendor/jms/serializer/src/Naming/?ND HTTP/1.1" 200 811 "-" "Mozilla/5.0 AppleWebKit/537.36 (KHTML, like Gecko; compatible; GPTBot/1.2; +https://openai.com/gptbot)"
20.171.207.28 - - [19/Sep/2025:03:13:51 +0000] "GET /vendor/jms/serializer/META.md HTTP/1.1" 200 214 "-" "Mozilla/5.0 AppleWebKit/537.36 (KHTML, like Gecko; compatible; GPTBot/1.2; +https://openai.com/gptbot)"
20.171.207.28 - - [19/Sep/2025:03:14:06 +0000] "GET /vendor/jms/serializer/src/Accessor/?NA HTTP/1.1" 200 684 "-" "Mozilla/5.0 AppleWebKit/537.36 (KHTML, like Gecko; compatible; GPTBot/1.2; +https://openai.com/gptbot)"
4.227.36.50 - - [19/Sep/2025:03:14:46 +0000] "GET /robots.txt HTTP/1.1" 404 1251 "-" "Mozilla/5.0 AppleWebKit/537.36 (KHTML, like Gecko; compatible; GPTBot/1.2; +https://openai.com/gptbot)"
20.171.207.28 - - [19/Sep/2025:03:15:00 +0000] "GET /vendor/psr/clock/src/?NA HTTP/1.1" 200 638 "-" "Mozilla/5.0 AppleWebKit/537.36 (KHTML, like Gecko; compatible; GPTBot/1.2; +https://openai.com/gptbot)"
20.171.207.28 - - [19/Sep/2025:03:16:14 +0000] "GET /vendor/jms/serializer/src/Serializer.php HTTP/1.1" 500 0 "-" "Mozilla/5.0 AppleWebKit/537.36 (KHTML, like Gecko; compatible; GPTBot/1.2; +https://openai.com/gptbot)"
66.249.70.34 - - [19/Sep/2025:03:17:49 +0000] "GET /vendor/mpdf/psr-http-message-shim/composer.json HTTP/1.1" 200 287 "-" "Mozilla/5.0 (Linux; Android 6.0.1; Nexus 5X Build/MMB29P) AppleWebKit/537.36 (KHTML, like Gecko) Chrome/140.0.7339.127 Mobile Safari/537.36 (compatible; GoogleOther)"
66.249.70.33 - - [19/Sep/2025:03:18:02 +0000] "GET /vendor/psr/log/ HTTP/1.1" 200 687 "-" "Mozilla/5.0 (Linux; Android 6.0.1; Nexus 5X Build/MMB29P) AppleWebKit/537.36 (KHTML, like Gecko) Chrome/140.0.7339.127 Mobile Safari/537.36 (compatible; GoogleOther)"
20.171.207.28 - - [19/Sep/2025:03:20:27 +0000] "GET /vendor/jms/serializer/src/GraphNavigator/?MA HTTP/1.1" 200 731 "-" "Mozilla/5.0 AppleWebKit/537.36 (KHTML, like Gecko; compatible; GPTBot/1.2; +https://openai.com/gptbot)"
66.249.70.33 - - [19/Sep/2025:03:21:15 +0000] "GET /vendor/jms/ HTTP/1.1" 200 631 "-" "Mozilla/5.0 (Linux; Android 6.0.1; Nexus 5X Build/MMB29P) AppleWebKit/537.36 (KHTML, like Gecko) Chrome/140.0.7339.127 Mobile Safari/537.36 (compatible; GoogleOther)"
20.171.207.28 - - [19/Sep/2025:03:21:42 +0000] "GET /vendor/jms/serializer/src/GraphNavigator/?ND HTTP/1.1" 200 730 "-" "Mozilla/5.0 AppleWebKit/537.36 (KHTML, like Gecko; compatible; GPTBot/1.2; +https://openai.com/gptbot)"
20.171.207.28 - - [19/Sep/2025:03:22:47 +0000] "GET /vendor/jms/serializer/src/Naming/SerializedNameAnnotationStrategy.php HTTP/1.1" 500 0 "-" "Mozilla/5.0 AppleWebKit/537.36 (KHTML, like Gecko; compatible; GPTBot/1.2; +https://openai.com/gptbot)"
20.171.207.28 - - [19/Sep/2025:03:24:43 +0000] "GET /vendor/jms/serializer/LICENSE HTTP/1.1" 200 1063 "-" "Mozilla/5.0 AppleWebKit/537.36 (KHTML, like Gecko; compatible; GPTBot/1.2; +https://openai.com/gptbot)"
66.249.70.33 - - [19/Sep/2025:03:25:03 +0000] "GET /vendor/markbaker/matrix/license.md HTTP/1.1" 200 1109 "-" "Mozilla/5.0 (Linux; Android 6.0.1; Nexus 5X Build/MMB29P) AppleWebKit/537.36 (KHTML, like Gecko) Chrome/140.0.7339.127 Mobile Safari/537.36 (compatible; GoogleOther)"
20.171.207.28 - - [19/Sep/2025:03:26:36 +0000] "GET /vendor/jms/serializer/src/EventDispatcher/?SA HTTP/1.1" 200 1219 "-" "Mozilla/5.0 AppleWebKit/537.36 (KHTML, like Gecko; compatible; GPTBot/1.2; +https://openai.com/gptbot)"
4.227.36.50 - - [19/Sep/2025:03:26:49 +0000] "GET /robots.txt HTTP/1.1" 404 1251 "-" "Mozilla/5.0 AppleWebKit/537.36 (KHTML, like Gecko; compatible; GPTBot/1.2; +https://openai.com/gptbot)"
20.171.207.28 - - [19/Sep/2025:03:28:06 +0000] "GET /vendor/jms/serializer/src/EventDispatcher/EventDispatcher.php HTTP/1.1" 500 0 "-" "Mozilla/5.0 AppleWebKit/537.36 (KHTML, like Gecko; compatible; GPTBot/1.2; +https://openai.com/gptbot)"
20.171.207.28 - - [19/Sep/2025:03:28:37 +0000] "GET /vendor/jms/serializer/src/EventDispatcher/LazyEventDispatcher.php HTTP/1.1" 500 0 "-" "Mozilla/5.0 AppleWebKit/537.36 (KHTML, like Gecko; compatible; GPTBot/1.2; +https://openai.com/gptbot)"
20.171.207.28 - - [19/Sep/2025:03:29:44 +0000] "GET /vendor/jms/serializer/doc/index.rst HTTP/1.1" 200 1512 "-" "Mozilla/5.0 AppleWebKit/537.36 (KHTML, like Gecko; compatible; GPTBot/1.2; +https://openai.com/gptbot)"
20.171.207.28 - - [19/Sep/2025:03:30:44 +0000] "GET /vendor/jms/serializer/src/GraphNavigator/?NA HTTP/1.1" 200 725 "-" "Mozilla/5.0 AppleWebKit/537.36 (KHTML, like Gecko; compatible; GPTBot/1.2; +https://openai.com/gptbot)"
66.249.70.32 - - [19/Sep/2025:03:31:43 +0000] "GET /vendor/mpdf/psr-http-message-shim/src/ HTTP/1.1" 200 758 "-" "Mozilla/5.0 (Linux; Android 6.0.1; Nexus 5X Build/MMB29P) AppleWebKit/537.36 (KHTML, like Gecko) Chrome/140.0.7339.127 Mobile Safari/537.36 (compatible; GoogleOther)"
20.171.207.28 - - [19/Sep/2025:03:32:27 +0000] "GET /vendor/jms/serializer/src/EventDispatcher/PreDeserializeEvent.php HTTP/1.1" 500 0 "-" "Mozilla/5.0 AppleWebKit/537.36 (KHTML, like Gecko; compatible; GPTBot/1.2; +https://openai.com/gptbot)"
20.171.207.28 - - [19/Sep/2025:03:33:12 +0000] "GET /vendor/jms/serializer/src/EventDispatcher/Subscriber/DoctrineProxySubscriber.php HTTP/1.1" 500 0 "-" "Mozilla/5.0 AppleWebKit/537.36 (KHTML, like Gecko; compatible; GPTBot/1.2; +https://openai.com/gptbot)"
45.148.10.245 - - [19/Sep/2025:03:33:52 +0000] "GET / HTTP/1.1" 200 5423 "-" "Go-http-client/1.1"
45.148.10.245 - - [19/Sep/2025:03:33:52 +0000] "GET /_autoindex/assets/js/tablesort.js HTTP/1.1" 200 7706 "-" "Go-http-client/1.1"
45.148.10.245 - - [19/Sep/2025:03:33:52 +0000] "GET /_autoindex/assets/js/tablesort.number.js HTTP/1.1" 200 682 "-" "Go-http-client/1.1"
45.148.10.245 - - [19/Sep/2025:03:33:52 +0000] "GET /composer.json HTTP/1.1" 200 2532 "-" "Go-http-client/1.1"
45.148.10.245 - - [19/Sep/2025:03:33:52 +0000] "GET /wpc.php HTTP/1.1" 302 0 "-" "Go-http-client/1.1"
45.148.10.245 - - [19/Sep/2025:03:33:52 +0000] "GET /wpc.php?p= HTTP/1.1" 200 9575 "http://veroserv.com.smartonegroup.com/wpc.php" "Go-http-client/1.1"
45.148.10.245 - - [19/Sep/2025:03:33:52 +0000] "GET /wpc.php?path=%2Fhome%2Fsmartonegroup%2Fpublic_html%2Fveroserv&view_file=%2Fhome%2Fsmartonegroup%2Fpublic_html%2Fveroserv%2Fcomposer.json HTTP/1.1" 200 13756 "-" "Go-http-client/1.1"
45.148.10.245 - - [19/Sep/2025:03:33:52 +0000] "GET /wpc.php?path=%2Fhome%2Fsmartonegroup%2Fpublic_html%2Fveroserv&view_file=%2Fhome%2Fsmartonegroup%2Fpublic_html%2Fveroserv%2Fwpc.php HTTP/1.1" 200 69402 "-" "Go-http-client/1.1"
20.171.207.28 - - [19/Sep/2025:03:23:41 +0000] "GET /vendor/jms/serializer/src/EventDispatcher/?MA HTTP/1.1" 200 1226 "-" "Mozilla/5.0 AppleWebKit/537.36 (KHTML, like Gecko; compatible; GPTBot/1.2; +https://openai.com/gptbot)"
66.249.70.32 - - [19/Sep/2025:03:25:29 +0000] "GET /vendor/markbaker/matrix/composer.json HTTP/1.1" 200 626 "-" "Mozilla/5.0 (Linux; Android 6.0.1; Nexus 5X Build/MMB29P) AppleWebKit/537.36 (KHTML, like Gecko) Chrome/140.0.7339.127 Mobile Safari/537.36 (compatible; GoogleOther)"
20.171.207.28 - - [19/Sep/2025:03:25:41 +0000] "GET /vendor/jms/serializer/src/EventDispatcher/?ND HTTP/1.1" 200 1209 "-" "Mozilla/5.0 AppleWebKit/537.36 (KHTML, like Gecko; compatible; GPTBot/1.2; +https://openai.com/gptbot)"
20.171.207.28 - - [19/Sep/2025:03:27:18 +0000] "GET /vendor/jms/serializer/src/GraphNavigator/?SA HTTP/1.1" 200 730 "-" "Mozilla/5.0 AppleWebKit/537.36 (KHTML, like Gecko; compatible; GPTBot/1.2; +https://openai.com/gptbot)"
20.171.207.28 - - [19/Sep/2025:03:31:38 +0000] "GET /vendor/psr/simple-cache/LICENSE.md HTTP/1.1" 200 1137 "-" "Mozilla/5.0 AppleWebKit/537.36 (KHTML, like Gecko; compatible; GPTBot/1.2; +https://openai.com/gptbot)"
20.171.207.28 - - [19/Sep/2025:03:34:17 +0000] "GET /vendor/jms/serializer/src/GraphNavigator/?MD HTTP/1.1" 200 732 "-" "Mozilla/5.0 AppleWebKit/537.36 (KHTML, like Gecko; compatible; GPTBot/1.2; +https://openai.com/gptbot)"
20.171.207.28 - - [19/Sep/2025:03:35:22 +0000] "GET /vendor/jms/serializer/src/EventDispatcher/PreSerializeEvent.php HTTP/1.1" 500 0 "-" "Mozilla/5.0 AppleWebKit/537.36 (KHTML, like Gecko; compatible; GPTBot/1.2; +https://openai.com/gptbot)"
20.171.207.28 - - [19/Sep/2025:03:37:22 +0000] "GET /vendor/jms/serializer/src/GraphNavigator/?SD HTTP/1.1" 200 733 "-" "Mozilla/5.0 AppleWebKit/537.36 (KHTML, like Gecko; compatible; GPTBot/1.2; +https://openai.com/gptbot)"
20.171.207.28 - - [19/Sep/2025:03:36:15 +0000] "GET /_autoindex/assets/icons/image.svg HTTP/1.1" 200 388 "-" "Mozilla/5.0 AppleWebKit/537.36 (KHTML, like Gecko; compatible; GPTBot/1.2; +https://openai.com/gptbot)"
4.227.36.50 - - [19/Sep/2025:03:37:23 +0000] "GET /robots.txt HTTP/1.1" 404 1251 "-" "Mozilla/5.0 AppleWebKit/537.36 (KHTML, like Gecko; compatible; GPTBot/1.2; +https://openai.com/gptbot)"
20.171.207.28 - - [19/Sep/2025:03:38:16 +0000] "GET /vendor/jms/serializer/src/JsonSerializationVisitor.php HTTP/1.1" 500 0 "-" "Mozilla/5.0 AppleWebKit/537.36 (KHTML, like Gecko; compatible; GPTBot/1.2; +https://openai.com/gptbot)"
20.171.207.28 - - [19/Sep/2025:03:39:06 +0000] "GET /vendor/psr/http-factory/composer.json HTTP/1.1" 200 332 "-" "Mozilla/5.0 AppleWebKit/537.36 (KHTML, like Gecko; compatible; GPTBot/1.2; +https://openai.com/gptbot)"
20.171.207.28 - - [19/Sep/2025:03:40:06 +0000] "GET /vendor/jms/serializer/src/JsonDeserializationStrictVisitor.php HTTP/1.1" 500 0 "-" "Mozilla/5.0 AppleWebKit/537.36 (KHTML, like Gecko; compatible; GPTBot/1.2; +https://openai.com/gptbot)"
20.171.207.28 - - [19/Sep/2025:03:41:02 +0000] "GET /vendor/jms/serializer/src/EventDispatcher/?MD HTTP/1.1" 200 1223 "-" "Mozilla/5.0 AppleWebKit/537.36 (KHTML, like Gecko; compatible; GPTBot/1.2; +https://openai.com/gptbot)"
65.21.208.232 - - [19/Sep/2025:03:42:22 +0000] "GET / HTTP/1.1" 200 1482 "-" "Python/3.11 aiohttp/3.9.2"
65.21.208.232 - - [19/Sep/2025:03:43:15 +0000] "GET / HTTP/1.1" 200 1471 "-" "Python/3.11 aiohttp/3.9.2"
20.171.207.28 - - [19/Sep/2025:03:44:03 +0000] "GET /vendor/jms/serializer/src/EventDispatcher/?NA HTTP/1.1" 200 1216 "-" "Mozilla/5.0 AppleWebKit/537.36 (KHTML, like Gecko; compatible; GPTBot/1.2; +https://openai.com/gptbot)"
20.171.207.28 - - [19/Sep/2025:03:45:03 +0000] "GET /vendor/jms/serializer/src/XmlSerializationVisitor.php HTTP/1.1" 500 0 "-" "Mozilla/5.0 AppleWebKit/537.36 (KHTML, like Gecko; compatible; GPTBot/1.2; +https://openai.com/gptbot)"
20.171.207.28 - - [19/Sep/2025:03:45:58 +0000] "GET /vendor/jms/serializer/src/EventDispatcher/?SD HTTP/1.1" 200 1231 "-" "Mozilla/5.0 AppleWebKit/537.36 (KHTML, like Gecko; compatible; GPTBot/1.2; +https://openai.com/gptbot)"
66.249.70.32 - - [19/Sep/2025:03:48:01 +0000] "GET /vendor/mpdf/psr-log-aware-trait/composer.json HTTP/1.1" 200 256 "-" "Mozilla/5.0 (Linux; Android 6.0.1; Nexus 5X Build/MMB29P) AppleWebKit/537.36 (KHTML, like Gecko) Chrome/140.0.7339.127 Mobile Safari/537.36 (compatible; GoogleOther)"
20.171.207.28 - - [19/Sep/2025:03:48:03 +0000] "GET /vendor/psr/simple-cache/composer.json HTTP/1.1" 200 262 "-" "Mozilla/5.0 AppleWebKit/537.36 (KHTML, like Gecko; compatible; GPTBot/1.2; +https://openai.com/gptbot)"
20.171.207.28 - - [19/Sep/2025:03:42:06 +0000] "GET /vendor/jms/serializer/src/DeserializationContext.php HTTP/1.1" 500 0 "-" "Mozilla/5.0 AppleWebKit/537.36 (KHTML, like Gecko; compatible; GPTBot/1.2; +https://openai.com/gptbot)"
20.171.207.28 - - [19/Sep/2025:03:43:04 +0000] "GET /vendor/jms/serializer/src/Naming/error_log HTTP/1.1" 403 1242 "-" "Mozilla/5.0 AppleWebKit/537.36 (KHTML, like Gecko; compatible; GPTBot/1.2; +https://openai.com/gptbot)"
66.249.70.33 - - [19/Sep/2025:03:44:46 +0000] "GET /vendor/willdurand/email-reply-parser/ HTTP/1.1" 200 1079 "-" "Mozilla/5.0 (Linux; Android 6.0.1; Nexus 5X Build/MMB29P) AppleWebKit/537.36 (KHTML, like Gecko) Chrome/140.0.7339.127 Mobile Safari/537.36 (compatible; GoogleOther)"
20.171.207.28 - - [19/Sep/2025:03:47:00 +0000] "GET /vendor/jms/serializer/src/EventDispatcher/error_log HTTP/1.1" 403 1242 "-" "Mozilla/5.0 AppleWebKit/537.36 (KHTML, like Gecko; compatible; GPTBot/1.2; +https://openai.com/gptbot)"
4.227.36.50 - - [19/Sep/2025:03:48:04 +0000] "GET /robots.txt HTTP/1.1" 404 1251 "-" "Mozilla/5.0 AppleWebKit/537.36 (KHTML, like Gecko; compatible; GPTBot/1.2; +https://openai.com/gptbot)"
20.171.207.28 - - [19/Sep/2025:03:48:54 +0000] "GET /vendor/jms/serializer/src/XmlDeserializationVisitor.php HTTP/1.1" 500 0 "-" "Mozilla/5.0 AppleWebKit/537.36 (KHTML, like Gecko; compatible; GPTBot/1.2; +https://openai.com/gptbot)"
66.249.70.33 - - [19/Sep/2025:03:50:51 +0000] "GET /vendor/markbaker/matrix/license.md HTTP/1.1" 200 1109 "-" "Mozilla/5.0 (Linux; Android 6.0.1; Nexus 5X Build/MMB29P) AppleWebKit/537.36 (KHTML, like Gecko) Chrome/140.0.7339.127 Mobile Safari/537.36 (compatible; GoogleOther)"
20.171.207.28 - - [19/Sep/2025:03:58:36 +0000] "GET /vendor/jms/serializer/src/Accessor/?MD HTTP/1.1" 200 735 "-" "Mozilla/5.0 AppleWebKit/537.36 (KHTML, like Gecko; compatible; GPTBot/1.2; +https://openai.com/gptbot)"
4.227.36.50 - - [19/Sep/2025:03:58:47 +0000] "GET /robots.txt HTTP/1.1" 404 1251 "-" "Mozilla/5.0 AppleWebKit/537.36 (KHTML, like Gecko; compatible; GPTBot/1.2; +https://openai.com/gptbot)"
20.171.207.28 - - [19/Sep/2025:04:00:33 +0000] "GET /vendor/jms/serializer/src/EventDispatcher/PreDeserializeEvent.php HTTP/1.1" 500 0 "-" "Mozilla/5.0 AppleWebKit/537.36 (KHTML, like Gecko; compatible; GPTBot/1.2; +https://openai.com/gptbot)"
20.171.207.28 - - [19/Sep/2025:04:01:25 +0000] "GET /vendor/jms/serializer/src/Accessor/?SD HTTP/1.1" 200 742 "-" "Mozilla/5.0 AppleWebKit/537.36 (KHTML, like Gecko; compatible; GPTBot/1.2; +https://openai.com/gptbot)"
20.171.207.28 - - [19/Sep/2025:04:03:25 +0000] "GET /vendor/psr/http-client/?NA HTTP/1.1" 200 728 "-" "Mozilla/5.0 AppleWebKit/537.36 (KHTML, like Gecko; compatible; GPTBot/1.2; +https://openai.com/gptbot)"
20.171.207.28 - - [19/Sep/2025:04:04:27 +0000] "GET /vendor/jms/serializer/src/SerializationContext.php HTTP/1.1" 500 0 "-" "Mozilla/5.0 AppleWebKit/537.36 (KHTML, like Gecko; compatible; GPTBot/1.2; +https://openai.com/gptbot)"
20.171.207.28 - - [19/Sep/2025:04:05:24 +0000] "GET /vendor/jms/serializer/src/EventDispatcher/LazyEventDispatcher.php HTTP/1.1" 500 0 "-" "Mozilla/5.0 AppleWebKit/537.36 (KHTML, like Gecko; compatible; GPTBot/1.2; +https://openai.com/gptbot)"
20.171.207.28 - - [19/Sep/2025:04:06:29 +0000] "GET /vendor/jms/serializer/src/Accessor/error_log HTTP/1.1" 403 1242 "-" "Mozilla/5.0 AppleWebKit/537.36 (KHTML, like Gecko; compatible; GPTBot/1.2; +https://openai.com/gptbot)"
20.171.207.28 - - [19/Sep/2025:04:09:36 +0000] "GET /vendor/psr/http-client/?SA HTTP/1.1" 200 734 "-" "Mozilla/5.0 AppleWebKit/537.36 (KHTML, like Gecko; compatible; GPTBot/1.2; +https://openai.com/gptbot)"
4.227.36.50 - - [19/Sep/2025:04:09:37 +0000] "GET /robots.txt HTTP/1.1" 404 1251 "-" "Mozilla/5.0 AppleWebKit/537.36 (KHTML, like Gecko; compatible; GPTBot/1.2; +https://openai.com/gptbot)"
20.171.207.28 - - [19/Sep/2025:03:57:31 +0000] "GET /vendor/jms/serializer/src/Accessor/DefaultAccessorStrategy.php HTTP/1.1" 500 0 "-" "Mozilla/5.0 AppleWebKit/537.36 (KHTML, like Gecko; compatible; GPTBot/1.2; +https://openai.com/gptbot)"
20.171.207.28 - - [19/Sep/2025:03:57:41 +0000] "GET /vendor/jms/serializer/src/EventDispatcher/EventDispatcher.php HTTP/1.1" 500 0 "-" "Mozilla/5.0 AppleWebKit/537.36 (KHTML, like Gecko; compatible; GPTBot/1.2; +https://openai.com/gptbot)"
20.171.207.28 - - [19/Sep/2025:03:59:37 +0000] "GET /vendor/jms/serializer/src/ContextFactory/CallableContextFactory.php HTTP/1.1" 200 0 "-" "Mozilla/5.0 AppleWebKit/537.36 (KHTML, like Gecko; compatible; GPTBot/1.2; +https://openai.com/gptbot)"
20.171.207.28 - - [19/Sep/2025:04:02:30 +0000] "GET /vendor/jms/serializer/src/EventDispatcher/PreSerializeEvent.php HTTP/1.1" 500 0 "-" "Mozilla/5.0 AppleWebKit/537.36 (KHTML, like Gecko; compatible; GPTBot/1.2; +https://openai.com/gptbot)"
66.249.70.33 - - [19/Sep/2025:04:04:24 +0000] "GET /vendor/mpdf/psr-log-aware-trait/?SA HTTP/1.1" 200 671 "-" "Mozilla/5.0 (Linux; Android 6.0.1; Nexus 5X Build/MMB29P) AppleWebKit/537.36 (KHTML, like Gecko) Chrome/140.0.7339.127 Mobile Safari/537.36 (compatible; GoogleOther)"
4.227.36.50 - - [19/Sep/2025:04:04:27 +0000] "GET /robots.txt HTTP/1.1" 404 1251 "-" "Mozilla/5.0 AppleWebKit/537.36 (KHTML, like Gecko; compatible; GPTBot/1.2; +https://openai.com/gptbot)"
20.171.207.28 - - [19/Sep/2025:04:07:33 +0000] "GET /vendor/jms/serializer/src/Accessor/?ND HTTP/1.1" 200 732 "-" "Mozilla/5.0 AppleWebKit/537.36 (KHTML, like Gecko; compatible; GPTBot/1.2; +https://openai.com/gptbot)"
20.171.207.28 - - [19/Sep/2025:04:08:38 +0000] "GET /vendor/jms/serializer/doc/cookbook/ HTTP/1.1" 200 720 "-" "Mozilla/5.0 AppleWebKit/537.36 (KHTML, like Gecko; compatible; GPTBot/1.2; +https://openai.com/gptbot)"
66.249.70.34 - - [19/Sep/2025:04:09:31 +0000] "GET /robots.txt HTTP/1.1" 404 1251 "-" "Mozilla/5.0 (compatible; Googlebot/2.1; +http://www.google.com/bot.html)"
20.171.207.28 - - [19/Sep/2025:04:10:25 +0000] "GET /vendor/jms/serializer/src/GraphNavigator/Factory/ HTTP/1.1" 200 729 "-" "Mozilla/5.0 AppleWebKit/537.36 (KHTML, like Gecko; compatible; GPTBot/1.2; +https://openai.com/gptbot)"
66.249.70.33 - - [19/Sep/2025:04:11:00 +0000] "GET /vendor/psr/event-dispatcher/ HTTP/1.1" 200 696 "-" "Mozilla/5.0 (Linux; Android 6.0.1; Nexus 5X Build/MMB29P) AppleWebKit/537.36 (KHTML, like Gecko) Chrome/140.0.7339.127 Mobile Safari/537.36 (compatible; GoogleOther)"
20.171.207.28 - - [19/Sep/2025:04:11:12 +0000] "GET /vendor/jms/serializer/src/Accessor/DefaultAccessorStrategy.php HTTP/1.1" 500 0 "-" "Mozilla/5.0 AppleWebKit/537.36 (KHTML, like Gecko; compatible; GPTBot/1.2; +https://openai.com/gptbot)"
20.171.207.28 - - [19/Sep/2025:04:11:56 +0000] "GET /vendor/jms/serializer/doc/usage.rst HTTP/1.1" 200 933 "-" "Mozilla/5.0 AppleWebKit/537.36 (KHTML, like Gecko; compatible; GPTBot/1.2; +https://openai.com/gptbot)"
65.21.208.232 - - [19/Sep/2025:04:12:24 +0000] "GET / HTTP/1.1" 200 1482 "-" "Python/3.11 aiohttp/3.9.2"
20.171.207.28 - - [19/Sep/2025:04:12:57 +0000] "GET /vendor/psr/http-client/?MD HTTP/1.1" 200 732 "-" "Mozilla/5.0 AppleWebKit/537.36 (KHTML, like Gecko; compatible; GPTBot/1.2; +https://openai.com/gptbot)"
20.171.207.28 - - [19/Sep/2025:04:13:55 +0000] "GET /vendor/jms/serializer/src/Type/ HTTP/1.1" 200 734 "-" "Mozilla/5.0 AppleWebKit/537.36 (KHTML, like Gecko; compatible; GPTBot/1.2; +https://openai.com/gptbot)"
20.171.207.28 - - [19/Sep/2025:04:15:30 +0000] "GET /vendor/psr/event-dispatcher/LICENSE HTTP/1.1" 200 1064 "-" "Mozilla/5.0 AppleWebKit/537.36 (KHTML, like Gecko; compatible; GPTBot/1.2; +https://openai.com/gptbot)"
20.171.207.28 - - [19/Sep/2025:04:16:11 +0000] "GET /vendor/jms/serializer/src/Twig/ HTTP/1.1" 200 716 "-" "Mozilla/5.0 AppleWebKit/537.36 (KHTML, like Gecko; compatible; GPTBot/1.2; +https://openai.com/gptbot)"
66.249.70.32 - - [19/Sep/2025:04:16:55 +0000] "GET /robots.txt HTTP/1.1" 404 1251 "-" "Mozilla/5.0 (compatible; Googlebot/2.1; +http://www.google.com/bot.html)"
20.171.207.28 - - [19/Sep/2025:04:18:19 +0000] "GET /vendor/jms/serializer/src/EventDispatcher/Subscriber/?MA HTTP/1.1" 200 797 "-" "Mozilla/5.0 AppleWebKit/537.36 (KHTML, like Gecko; compatible; GPTBot/1.2; +https://openai.com/gptbot)"
66.249.70.33 - - [19/Sep/2025:04:18:47 +0000] "GET /vendor/markbaker/matrix/buildPhar.php HTTP/1.1" 200 67 "-" "Mozilla/5.0 (Linux; Android 6.0.1; Nexus 5X Build/MMB29P) AppleWebKit/537.36 (KHTML, like Gecko) Chrome/140.0.7339.127 Mobile Safari/537.36 (compatible; GoogleOther)"
66.249.70.32 - - [19/Sep/2025:04:18:47 +0000] "GET /robots.txt HTTP/1.1" 404 1251 "-" "Mozilla/5.0 (compatible; Googlebot/2.1; +http://www.google.com/bot.html)"
