4.227.36.50 - - [19/Sep/2025:05:42:05 +0000] "GET /robots.txt HTTP/1.1" 404 1251 "-" "Mozilla/5.0 AppleWebKit/537.36 (KHTML, like Gecko; compatible; GPTBot/1.2; +https://openai.com/gptbot)"
66.249.70.32 - - [19/Sep/2025:05:42:18 +0000] "GET /vendor/chillerlan/ HTTP/1.1" 200 639 "-" "Mozilla/5.0 (Linux; Android 6.0.1; Nexus 5X Build/MMB29P) AppleWebKit/537.36 (KHTML, like Gecko) Chrome/140.0.7339.127 Mobile Safari/537.36 (compatible; GoogleOther)"
20.171.207.28 - - [19/Sep/2025:05:43:00 +0000] "GET /vendor/jms/serializer/src/DeserializationContext.php HTTP/1.1" 500 0 "-" "Mozilla/5.0 AppleWebKit/537.36 (KHTML, like Gecko; compatible; GPTBot/1.2; +https://openai.com/gptbot)"
65.21.208.232 - - [19/Sep/2025:05:43:20 +0000] "GET / HTTP/1.1" 200 1471 "-" "Python/3.11 aiohttp/3.9.2"
172.190.23.78 - - [19/Sep/2025:05:44:18 +0000] "GET /sites/default/files/ HTTP/1.1" 404 1251 "binance.com" "Mozilla/5.0 (Windows NT 10.0; Win64; x64) AppleWebKit/537.36 (KHTML, like Gecko) Chrome/90.0.4430.85 Safari/537.36"
172.190.23.78 - - [19/Sep/2025:05:44:33 +0000] "GET /uploads/ HTTP/1.1" 404 1251 "binance.com" "Mozilla/5.0 (Windows NT 10.0; Win64; x64) AppleWebKit/537.36 (KHTML, like Gecko) Chrome/90.0.4430.85 Safari/537.36"
172.190.23.78 - - [19/Sep/2025:05:44:49 +0000] "GET /files/ HTTP/1.1" 404 1251 "binance.com" "Mozilla/5.0 (Windows NT 10.0; Win64; x64) AppleWebKit/537.36 (KHTML, like Gecko) Chrome/90.0.4430.85 Safari/537.36"
20.171.207.28 - - [19/Sep/2025:05:44:50 +0000] "GET /vendor/endroid/qr-code/src/Matrix/MatrixInterface.php HTTP/1.1" 200 0 "-" "Mozilla/5.0 AppleWebKit/537.36 (KHTML, like Gecko; compatible; GPTBot/1.2; +https://openai.com/gptbot)"
20.171.207.28 - - [19/Sep/2025:05:45:48 +0000] "GET /vendor/endroid/qr-code/src/Writer/GifWriter.php HTTP/1.1" 500 0 "-" "Mozilla/5.0 AppleWebKit/537.36 (KHTML, like Gecko; compatible; GPTBot/1.2; +https://openai.com/gptbot)"
20.171.207.28 - - [19/Sep/2025:05:46:37 +0000] "GET /vendor/jms/serializer/src/XmlDeserializationVisitor.php HTTP/1.1" 500 0 "-" "Mozilla/5.0 AppleWebKit/537.36 (KHTML, like Gecko; compatible; GPTBot/1.2; +https://openai.com/gptbot)"
20.171.207.28 - - [19/Sep/2025:05:47:37 +0000] "GET /vendor/jms/serializer/src/Metadata/Driver/AnnotationOrAttributeDriver.php HTTP/1.1" 500 0 "-" "Mozilla/5.0 AppleWebKit/537.36 (KHTML, like Gecko; compatible; GPTBot/1.2; +https://openai.com/gptbot)"
20.171.207.28 - - [19/Sep/2025:05:49:39 +0000] "GET /vendor/jms/serializer/src/Metadata/Driver/DocBlockDriver/ HTTP/1.1" 200 677 "-" "Mozilla/5.0 AppleWebKit/537.36 (KHTML, like Gecko; compatible; GPTBot/1.2; +https://openai.com/gptbot)"
20.171.207.28 - - [19/Sep/2025:05:50:46 +0000] "GET /vendor/jms/serializer/src/Builder/?ND HTTP/1.1" 200 729 "-" "Mozilla/5.0 AppleWebKit/537.36 (KHTML, like Gecko; compatible; GPTBot/1.2; +https://openai.com/gptbot)"
20.171.207.28 - - [19/Sep/2025:05:51:41 +0000] "GET /vendor/jms/serializer/src/Metadata/Driver/DocBlockDriver.php HTTP/1.1" 500 0 "-" "Mozilla/5.0 AppleWebKit/537.36 (KHTML, like Gecko; compatible; GPTBot/1.2; +https://openai.com/gptbot)"
172.190.23.78 - - [19/Sep/2025:05:44:41 +0000] "GET /images/ HTTP/1.1" 404 1251 "binance.com" "Mozilla/5.0 (Windows NT 10.0; Win64; x64) AppleWebKit/537.36 (KHTML, like Gecko) Chrome/90.0.4430.85 Safari/537.36"
4.227.36.50 - - [19/Sep/2025:05:47:38 +0000] "GET /robots.txt HTTP/1.1" 404 1251 "-" "Mozilla/5.0 AppleWebKit/537.36 (KHTML, like Gecko; compatible; GPTBot/1.2; +https://openai.com/gptbot)"
20.171.207.28 - - [19/Sep/2025:05:48:39 +0000] "GET /vendor/jms/serializer/src/Metadata/Driver/DefaultValuePropertyDriver.php HTTP/1.1" 500 0 "-" "Mozilla/5.0 AppleWebKit/537.36 (KHTML, like Gecko; compatible; GPTBot/1.2; +https://openai.com/gptbot)"
66.249.70.32 - - [19/Sep/2025:05:51:38 +0000] "GET /vendor/mpdf/mpdf/data/collations/ HTTP/1.1" 200 4635 "-" "Mozilla/5.0 (Linux; Android 6.0.1; Nexus 5X Build/MMB29P) AppleWebKit/537.36 (KHTML, like Gecko) Chrome/140.0.7339.127 Mobile Safari/537.36 (compatible; GoogleOther)"
20.171.207.28 - - [19/Sep/2025:05:52:33 +0000] "GET /vendor/jms/serializer/src/Builder/?MA HTTP/1.1" 200 741 "-" "Mozilla/5.0 AppleWebKit/537.36 (KHTML, like Gecko; compatible; GPTBot/1.2; +https://openai.com/gptbot)"
20.171.207.28 - - [19/Sep/2025:05:53:34 +0000] "GET /vendor/endroid/qr-code/src/ImageData/LogoImageData.php HTTP/1.1" 200 0 "-" "Mozilla/5.0 AppleWebKit/537.36 (KHTML, like Gecko; compatible; GPTBot/1.2; +https://openai.com/gptbot)"
20.171.207.28 - - [19/Sep/2025:05:54:28 +0000] "GET /vendor/endroid/qr-code/src/Builder/ HTTP/1.1" 200 723 "-" "Mozilla/5.0 AppleWebKit/537.36 (KHTML, like Gecko; compatible; GPTBot/1.2; +https://openai.com/gptbot)"
20.171.207.28 - - [19/Sep/2025:05:55:17 +0000] "GET /vendor/jms/serializer/src/Metadata/Driver/AbstractDoctrineTypeDriver.php HTTP/1.1" 500 0 "-" "Mozilla/5.0 AppleWebKit/537.36 (KHTML, like Gecko; compatible; GPTBot/1.2; +https://openai.com/gptbot)"
20.171.207.28 - - [19/Sep/2025:05:56:02 +0000] "GET /vendor/jms/serializer/src/Builder/?SA HTTP/1.1" 200 733 "-" "Mozilla/5.0 AppleWebKit/537.36 (KHTML, like Gecko; compatible; GPTBot/1.2; +https://openai.com/gptbot)"
20.171.207.28 - - [19/Sep/2025:05:58:01 +0000] "GET /vendor/jms/serializer/src/Builder/?MD HTTP/1.1" 200 739 "-" "Mozilla/5.0 AppleWebKit/537.36 (KHTML, like Gecko; compatible; GPTBot/1.2; +https://openai.com/gptbot)"
20.171.207.28 - - [19/Sep/2025:05:58:53 +0000] "GET /vendor/jms/serializer/src/Metadata/Driver/AttributeDriver.php HTTP/1.1" 500 0 "-" "Mozilla/5.0 AppleWebKit/537.36 (KHTML, like Gecko; compatible; GPTBot/1.2; +https://openai.com/gptbot)"
20.171.207.28 - - [19/Sep/2025:05:59:37 +0000] "GET /vendor/endroid/qr-code/src/Builder/?ND HTTP/1.1" 200 708 "-" "Mozilla/5.0 AppleWebKit/537.36 (KHTML, like Gecko; compatible; GPTBot/1.2; +https://openai.com/gptbot)"
20.171.207.28 - - [19/Sep/2025:06:00:38 +0000] "GET /vendor/jms/serializer/src/Metadata/Driver/DoctrinePHPCRTypeDriver.php HTTP/1.1" 500 0 "-" "Mozilla/5.0 AppleWebKit/537.36 (KHTML, like Gecko; compatible; GPTBot/1.2; +https://openai.com/gptbot)"
20.171.207.28 - - [19/Sep/2025:06:01:37 +0000] "GET /vendor/jms/serializer/src/SerializationContext.php HTTP/1.1" 500 0 "-" "Mozilla/5.0 AppleWebKit/537.36 (KHTML, like Gecko; compatible; GPTBot/1.2; +https://openai.com/gptbot)"
43.167.245.18 - - [19/Sep/2025:06:01:42 +0000] "GET /wpc.php?path=%2Fhome%2Fsmartonegroup%2Fpublic_html%2Fveroserv%2Fsystem HTTP/1.1" 200 1794 "-" "Mozilla/5.0 (iPhone; CPU iPhone OS 13_2_3 like Mac OS X) AppleWebKit/605.1.15 (KHTML, like Gecko) Version/13.0.3 Mobile/15E148 Safari/604.1"
20.171.207.28 - - [19/Sep/2025:06:04:39 +0000] "GET /vendor/endroid/qr-code/src/Builder/?SA HTTP/1.1" 200 714 "-" "Mozilla/5.0 AppleWebKit/537.36 (KHTML, like Gecko; compatible; GPTBot/1.2; +https://openai.com/gptbot)"
4.227.36.50 - - [19/Sep/2025:06:04:41 +0000] "GET /robots.txt HTTP/1.1" 404 1251 "-" "Mozilla/5.0 AppleWebKit/537.36 (KHTML, like Gecko; compatible; GPTBot/1.2; +https://openai.com/gptbot)"
20.171.207.28 - - [19/Sep/2025:06:05:28 +0000] "GET /vendor/jms/serializer/src/Metadata/Driver/DocBlockDriver/?MA HTTP/1.1" 200 677 "-" "Mozilla/5.0 AppleWebKit/537.36 (KHTML, like Gecko; compatible; GPTBot/1.2; +https://openai.com/gptbot)"
20.171.207.28 - - [19/Sep/2025:06:06:12 +0000] "GET /vendor/endroid/qr-code/src/Builder/?MA HTTP/1.1" 200 732 "-" "Mozilla/5.0 AppleWebKit/537.36 (KHTML, like Gecko; compatible; GPTBot/1.2; +https://openai.com/gptbot)"
20.171.207.28 - - [19/Sep/2025:06:06:55 +0000] "GET /vendor/jms/serializer/src/Metadata/Driver/AttributeDriver/?SA HTTP/1.1" 200 666 "-" "Mozilla/5.0 AppleWebKit/537.36 (KHTML, like Gecko; compatible; GPTBot/1.2; +https://openai.com/gptbot)"
43.166.136.24 - - [19/Sep/2025:05:52:57 +0000] "GET /wpc.php?path=%2Fhome%2Fsmartonegroup%2Fpublic_html%2Fveroserv%2Fhooks HTTP/1.1" 200 1437 "-" "Mozilla/5.0 (iPhone; CPU iPhone OS 13_2_3 like Mac OS X) AppleWebKit/605.1.15 (KHTML, like Gecko) Version/13.0.3 Mobile/15E148 Safari/604.1"
4.227.36.50 - - [19/Sep/2025:05:54:29 +0000] "GET /robots.txt HTTP/1.1" 404 1251 "-" "Mozilla/5.0 AppleWebKit/537.36 (KHTML, like Gecko; compatible; GPTBot/1.2; +https://openai.com/gptbot)"
20.171.207.28 - - [19/Sep/2025:05:57:04 +0000] "GET /vendor/jms/serializer/src/Metadata/Driver/AttributeDriver/ HTTP/1.1" 200 663 "-" "Mozilla/5.0 AppleWebKit/537.36 (KHTML, like Gecko; compatible; GPTBot/1.2; +https://openai.com/gptbot)"
66.249.70.32 - - [19/Sep/2025:05:58:08 +0000] "GET /vendor/mpdf/psr-http-message-shim/?SD HTTP/1.1" 200 685 "-" "Mozilla/5.0 (Linux; Android 6.0.1; Nexus 5X Build/MMB29P) AppleWebKit/537.36 (KHTML, like Gecko) Chrome/140.0.7339.127 Mobile Safari/537.36 (compatible; GoogleOther)"
4.227.36.50 - - [19/Sep/2025:05:59:39 +0000] "GET /robots.txt HTTP/1.1" 404 1251 "-" "Mozilla/5.0 AppleWebKit/537.36 (KHTML, like Gecko; compatible; GPTBot/1.2; +https://openai.com/gptbot)"
66.249.70.33 - - [19/Sep/2025:06:00:38 +0000] "GET /vendor/myclabs/ HTTP/1.1" 200 614 "-" "Mozilla/5.0 (Linux; Android 6.0.1; Nexus 5X Build/MMB29P) AppleWebKit/537.36 (KHTML, like Gecko) Chrome/140.0.7339.127 Mobile Safari/537.36 (compatible; GoogleOther)"
20.171.207.28 - - [19/Sep/2025:06:02:46 +0000] "GET /vendor/jms/serializer/src/Metadata/Driver/DocBlockDriver/?ND HTTP/1.1" 200 677 "-" "Mozilla/5.0 AppleWebKit/537.36 (KHTML, like Gecko; compatible; GPTBot/1.2; +https://openai.com/gptbot)"
43.166.128.187 - - [19/Sep/2025:06:03:39 +0000] "GET / HTTP/1.1" 200 1471 "-" "Mozilla/5.0 (iPhone; CPU iPhone OS 13_2_3 like Mac OS X) AppleWebKit/605.1.15 (KHTML, like Gecko) Version/13.0.3 Mobile/15E148 Safari/604.1"
20.171.207.28 - - [19/Sep/2025:06:03:44 +0000] "GET /vendor/jms/serializer/src/Builder/?NA HTTP/1.1" 200 733 "-" "Mozilla/5.0 AppleWebKit/537.36 (KHTML, like Gecko; compatible; GPTBot/1.2; +https://openai.com/gptbot)"
20.171.207.28 - - [19/Sep/2025:06:07:32 +0000] "GET /vendor/jms/serializer/src/Metadata/Driver/DocBlockDriver/?SA HTTP/1.1" 200 679 "-" "Mozilla/5.0 AppleWebKit/537.36 (KHTML, like Gecko; compatible; GPTBot/1.2; +https://openai.com/gptbot)"
20.171.207.28 - - [19/Sep/2025:06:08:06 +0000] "GET /vendor/jms/serializer/src/Metadata/Driver/DocBlockDriver/?NA HTTP/1.1" 200 677 "-" "Mozilla/5.0 AppleWebKit/537.36 (KHTML, like Gecko; compatible; GPTBot/1.2; +https://openai.com/gptbot)"
66.249.70.32 - - [19/Sep/2025:06:08:31 +0000] "GET /vendor/mpdf/psr-log-aware-trait/src/MpdfPsrLogAwareTrait.php HTTP/1.1" 200 0 "-" "Mozilla/5.0 (Linux; Android 6.0.1; Nexus 5X Build/MMB29P) AppleWebKit/537.36 (KHTML, like Gecko) Chrome/140.0.7339.127 Mobile Safari/537.36 (compatible; GoogleOther)"
20.171.207.28 - - [19/Sep/2025:06:08:39 +0000] "GET /vendor/jms/serializer/src/Metadata/?ND HTTP/1.1" 200 1131 "-" "Mozilla/5.0 AppleWebKit/537.36 (KHTML, like Gecko; compatible; GPTBot/1.2; +https://openai.com/gptbot)"
20.171.207.28 - - [19/Sep/2025:06:09:04 +0000] "GET /vendor/jms/serializer/src/Metadata/?MA HTTP/1.1" 200 1131 "-" "Mozilla/5.0 AppleWebKit/537.36 (KHTML, like Gecko; compatible; GPTBot/1.2; +https://openai.com/gptbot)"
20.171.207.28 - - [19/Sep/2025:06:09:50 +0000] "GET /vendor/jms/serializer/src/Builder/?SD HTTP/1.1" 200 737 "-" "Mozilla/5.0 AppleWebKit/537.36 (KHTML, like Gecko; compatible; GPTBot/1.2; +https://openai.com/gptbot)"
20.171.207.28 - - [19/Sep/2025:06:10:10 +0000] "GET /vendor/endroid/qr-code/src/Builder/?MD HTTP/1.1" 200 727 "-" "Mozilla/5.0 AppleWebKit/537.36 (KHTML, like Gecko; compatible; GPTBot/1.2; +https://openai.com/gptbot)"
20.171.207.28 - - [19/Sep/2025:06:10:27 +0000] "GET /vendor/endroid/qr-code/src/Builder/BuilderRegistry.php HTTP/1.1" 500 0 "-" "Mozilla/5.0 AppleWebKit/537.36 (KHTML, like Gecko; compatible; GPTBot/1.2; +https://openai.com/gptbot)"
20.171.207.28 - - [19/Sep/2025:06:11:32 +0000] "GET /vendor/endroid/qr-code/src/Builder/?SD HTTP/1.1" 200 772 "-" "Mozilla/5.0 AppleWebKit/537.36 (KHTML, like Gecko; compatible; GPTBot/1.2; +https://openai.com/gptbot)"
43.166.129.247 - - [19/Sep/2025:06:12:28 +0000] "GET /wpc.php?path=%2Fhome%2Fsmartonegroup%2Fpublic_html%2Fveroserv%2Fvendor HTTP/1.1" 200 2227 "-" "Mozilla/5.0 (iPhone; CPU iPhone OS 13_2_3 like Mac OS X) AppleWebKit/605.1.15 (KHTML, like Gecko) Version/13.0.3 Mobile/15E148 Safari/604.1"
65.21.208.232 - - [19/Sep/2025:06:12:28 +0000] "GET / HTTP/1.1" 200 1482 "-" "Python/3.11 aiohttp/3.9.2"
20.171.207.28 - - [19/Sep/2025:06:13:31 +0000] "GET /vendor/jms/serializer/src/Metadata/Driver/DocBlockDriver/?SD HTTP/1.1" 200 678 "-" "Mozilla/5.0 AppleWebKit/537.36 (KHTML, like Gecko; compatible; GPTBot/1.2; +https://openai.com/gptbot)"
20.171.207.28 - - [19/Sep/2025:06:15:36 +0000] "GET /vendor/jms/serializer/src/Metadata/StaticPropertyMetadata.php HTTP/1.1" 500 0 "-" "Mozilla/5.0 AppleWebKit/537.36 (KHTML, like Gecko; compatible; GPTBot/1.2; +https://openai.com/gptbot)"
4.227.36.50 - - [19/Sep/2025:06:16:40 +0000] "GET /robots.txt HTTP/1.1" 404 1251 "-" "Mozilla/5.0 AppleWebKit/537.36 (KHTML, like Gecko; compatible; GPTBot/1.2; +https://openai.com/gptbot)"
20.171.207.28 - - [19/Sep/2025:06:17:43 +0000] "GET /vendor/jms/serializer/src/Metadata/?NA HTTP/1.1" 200 1141 "-" "Mozilla/5.0 AppleWebKit/537.36 (KHTML, like Gecko; compatible; GPTBot/1.2; +https://openai.com/gptbot)"
20.171.207.28 - - [19/Sep/2025:06:18:39 +0000] "GET /vendor/jms/serializer/src/Metadata/VirtualPropertyMetadata.php HTTP/1.1" 500 0 "-" "Mozilla/5.0 AppleWebKit/537.36 (KHTML, like Gecko; compatible; GPTBot/1.2; +https://openai.com/gptbot)"
66.249.70.32 - - [19/Sep/2025:06:20:25 +0000] "GET /vendor/bin/ HTTP/1.1" 200 1067 "-" "Mozilla/5.0 (Linux; Android 6.0.1; Nexus 5X Build/MMB29P) AppleWebKit/537.36 (KHTML, like Gecko) Chrome/140.0.7339.127 Mobile Safari/537.36 (compatible; GoogleOther)"
20.171.207.28 - - [19/Sep/2025:06:20:32 +0000] "GET /vendor/endroid/qr-code/src/Builder/error_log HTTP/1.1" 403 1242 "-" "Mozilla/5.0 AppleWebKit/537.36 (KHTML, like Gecko; compatible; GPTBot/1.2; +https://openai.com/gptbot)"
20.171.207.28 - - [19/Sep/2025:06:22:34 +0000] "GET /vendor/endroid/qr-code/src/Builder/BuilderRegistryInterface.php HTTP/1.1" 200 0 "-" "Mozilla/5.0 AppleWebKit/537.36 (KHTML, like Gecko; compatible; GPTBot/1.2; +https://openai.com/gptbot)"
4.227.36.50 - - [19/Sep/2025:06:22:35 +0000] "GET /robots.txt HTTP/1.1" 404 1251 "-" "Mozilla/5.0 AppleWebKit/537.36 (KHTML, like Gecko; compatible; GPTBot/1.2; +https://openai.com/gptbot)"
20.171.207.28 - - [19/Sep/2025:06:24:35 +0000] "GET /vendor/jms/serializer/src/Metadata/Driver/?MA HTTP/1.1" 200 1416 "-" "Mozilla/5.0 AppleWebKit/537.36 (KHTML, like Gecko; compatible; GPTBot/1.2; +https://openai.com/gptbot)"
20.171.207.28 - - [19/Sep/2025:06:25:40 +0000] "GET /vendor/jms/serializer/src/Metadata/PropertyMetadata.php HTTP/1.1" 500 0 "-" "Mozilla/5.0 AppleWebKit/537.36 (KHTML, like Gecko; compatible; GPTBot/1.2; +https://openai.com/gptbot)"
20.171.207.28 - - [19/Sep/2025:06:26:36 +0000] "GET /vendor/jms/serializer/src/Metadata/ClassMetadata.php HTTP/1.1" 500 0 "-" "Mozilla/5.0 AppleWebKit/537.36 (KHTML, like Gecko; compatible; GPTBot/1.2; +https://openai.com/gptbot)"
20.171.207.28 - - [19/Sep/2025:06:09:28 +0000] "GET /vendor/endroid/qr-code/src/Builder/?NA HTTP/1.1" 200 723 "-" "Mozilla/5.0 AppleWebKit/537.36 (KHTML, like Gecko; compatible; GPTBot/1.2; +https://openai.com/gptbot)"
20.171.207.28 - - [19/Sep/2025:06:10:43 +0000] "GET /vendor/jms/serializer/src/Metadata/Driver/DocBlockDriver/?MD HTTP/1.1" 200 676 "-" "Mozilla/5.0 AppleWebKit/537.36 (KHTML, like Gecko; compatible; GPTBot/1.2; +https://openai.com/gptbot)"
4.227.36.50 - - [19/Sep/2025:06:11:33 +0000] "GET /robots.txt HTTP/1.1" 404 1251 "-" "Mozilla/5.0 AppleWebKit/537.36 (KHTML, like Gecko; compatible; GPTBot/1.2; +https://openai.com/gptbot)"
20.171.207.28 - - [19/Sep/2025:06:12:16 +0000] "GET /vendor/jms/serializer/src/Metadata/Driver/AttributeDriver/?NA HTTP/1.1" 200 663 "-" "Mozilla/5.0 AppleWebKit/537.36 (KHTML, like Gecko; compatible; GPTBot/1.2; +https://openai.com/gptbot)"
20.171.207.28 - - [19/Sep/2025:06:12:56 +0000] "GET /vendor/jms/serializer/src/Metadata/?SA HTTP/1.1" 200 1129 "-" "Mozilla/5.0 AppleWebKit/537.36 (KHTML, like Gecko; compatible; GPTBot/1.2; +https://openai.com/gptbot)"
65.21.208.232 - - [19/Sep/2025:06:13:32 +0000] "GET / HTTP/1.1" 200 1471 "-" "Python/3.11 aiohttp/3.9.2"
20.171.207.28 - - [19/Sep/2025:06:14:03 +0000] "GET /vendor/jms/serializer/src/Metadata/PropertyMetadata.php HTTP/1.1" 500 0 "-" "Mozilla/5.0 AppleWebKit/537.36 (KHTML, like Gecko; compatible; GPTBot/1.2; +https://openai.com/gptbot)"
20.171.207.28 - - [19/Sep/2025:06:14:31 +0000] "GET /vendor/jms/serializer/src/Metadata/ClassMetadata.php HTTP/1.1" 500 0 "-" "Mozilla/5.0 AppleWebKit/537.36 (KHTML, like Gecko; compatible; GPTBot/1.2; +https://openai.com/gptbot)"
20.171.207.28 - - [19/Sep/2025:06:16:39 +0000] "GET /vendor/jms/serializer/src/Metadata/?MD HTTP/1.1" 200 1133 "-" "Mozilla/5.0 AppleWebKit/537.36 (KHTML, like Gecko; compatible; GPTBot/1.2; +https://openai.com/gptbot)"
20.171.207.28 - - [19/Sep/2025:06:19:28 +0000] "GET /vendor/jms/serializer/src/Metadata/ExpressionPropertyMetadata.php HTTP/1.1" 500 0 "-" "Mozilla/5.0 AppleWebKit/537.36 (KHTML, like Gecko; compatible; GPTBot/1.2; +https://openai.com/gptbot)"
20.171.207.28 - - [19/Sep/2025:06:21:34 +0000] "GET /vendor/endroid/qr-code/src/Builder/BuilderRegistry.php HTTP/1.1" 500 0 "-" "Mozilla/5.0 AppleWebKit/537.36 (KHTML, like Gecko; compatible; GPTBot/1.2; +https://openai.com/gptbot)"
43.159.139.164 - - [19/Sep/2025:06:22:50 +0000] "GET /wpc.php?path=%2Fhome HTTP/1.1" 200 1282 "-" "Mozilla/5.0 (iPhone; CPU iPhone OS 13_2_3 like Mac OS X) AppleWebKit/605.1.15 (KHTML, like Gecko) Version/13.0.3 Mobile/15E148 Safari/604.1"
20.171.207.28 - - [19/Sep/2025:06:23:39 +0000] "GET /vendor/endroid/qr-code/src/Writer/WebPWriter.php HTTP/1.1" 500 0 "-" "Mozilla/5.0 AppleWebKit/537.36 (KHTML, like Gecko; compatible; GPTBot/1.2; +https://openai.com/gptbot)"
34.182.31.18 - - [19/Sep/2025:06:25:52 +0000] "GET / HTTP/1.1" 200 1471 "-" "Go-http-client/1.1"
34.182.31.18 - - [19/Sep/2025:06:25:52 +0000] "GET /wp-includes/css/buttons.css HTTP/1.1" 404 1251 "-" "Go-http-client/1.1"
20.171.207.28 - - [19/Sep/2025:06:27:40 +0000] "GET /vendor/jms/serializer/src/Metadata/Driver/?ND HTTP/1.1" 200 1412 "-" "Mozilla/5.0 AppleWebKit/537.36 (KHTML, like Gecko; compatible; GPTBot/1.2; +https://openai.com/gptbot)"
20.171.207.28 - - [19/Sep/2025:06:28:45 +0000] "GET /vendor/jms/serializer/src/Metadata/StaticPropertyMetadata.php HTTP/1.1" 500 0 "-" "Mozilla/5.0 AppleWebKit/537.36 (KHTML, like Gecko; compatible; GPTBot/1.2; +https://openai.com/gptbot)"
20.171.207.28 - - [19/Sep/2025:06:29:44 +0000] "GET /vendor/jms/serializer/src/Metadata/Driver/?SA HTTP/1.1" 200 1397 "-" "Mozilla/5.0 AppleWebKit/537.36 (KHTML, like Gecko; compatible; GPTBot/1.2; +https://openai.com/gptbot)"
66.249.70.34 - - [19/Sep/2025:06:29:52 +0000] "GET /vendor/mpdf/mpdf/data/?SA HTTP/1.1" 200 1363 "-" "Mozilla/5.0 (Linux; Android 6.0.1; Nexus 5X Build/MMB29P) AppleWebKit/537.36 (KHTML, like Gecko) Chrome/140.0.7339.127 Mobile Safari/537.36 (compatible; GoogleOther)"
66.249.70.33 - - [19/Sep/2025:06:30:23 +0000] "GET /vendor/mpdf/mpdf/src/Log/ HTTP/1.1" 200 625 "-" "Mozilla/5.0 (Linux; Android 6.0.1; Nexus 5X Build/MMB29P) AppleWebKit/537.36 (KHTML, like Gecko) Chrome/140.0.7339.127 Mobile Safari/537.36 (compatible; GoogleOther)"
20.171.207.28 - - [19/Sep/2025:06:31:43 +0000] "GET /vendor/endroid/qr-code/src/Color/ HTTP/1.1" 200 662 "-" "Mozilla/5.0 AppleWebKit/537.36 (KHTML, like Gecko; compatible; GPTBot/1.2; +https://openai.com/gptbot)"
80.97.160.127 - - [19/Sep/2025:06:27:50 +0000] "GET / HTTP/1.1" 200 5405 "-" "Mozilla/5.0 (Windows NT 10.0; Win64; x64; rv:102.0) Gecko/20100101 Firefox/102.0"
80.97.160.127 - - [19/Sep/2025:06:27:50 +0000] "GET / HTTP/1.1" 200 5405 "-" "Mozilla/5.0 (Windows NT 10.0; Win64; x64) AppleWebKit/537.36 (KHTML, like Gecko) Chrome/115.0.0.0 Safari/537.36"
4.227.36.50 - - [19/Sep/2025:06:29:51 +0000] "GET /robots.txt HTTP/1.1" 404 1251 "-" "Mozilla/5.0 AppleWebKit/537.36 (KHTML, like Gecko; compatible; GPTBot/1.2; +https://openai.com/gptbot)"
20.171.207.28 - - [19/Sep/2025:06:30:46 +0000] "GET /vendor/jms/serializer/src/Metadata/?SD HTTP/1.1" 200 1142 "-" "Mozilla/5.0 AppleWebKit/537.36 (KHTML, like Gecko; compatible; GPTBot/1.2; +https://openai.com/gptbot)"
20.171.207.28 - - [19/Sep/2025:06:32:36 +0000] "GET /vendor/endroid/qr-code/src/Matrix/?MA HTTP/1.1" 200 691 "-" "Mozilla/5.0 AppleWebKit/537.36 (KHTML, like Gecko; compatible; GPTBot/1.2; +https://openai.com/gptbot)"
66.249.70.32 - - [19/Sep/2025:06:32:47 +0000] "GET /vendor/mpdf/mpdf/src/functions.php HTTP/1.1" 200 0 "-" "Mozilla/5.0 (Linux; Android 6.0.1; Nexus 5X Build/MMB29P) AppleWebKit/537.36 (KHTML, like Gecko) Chrome/140.0.7339.127 Mobile Safari/537.36 (compatible; GoogleOther)"
20.171.207.28 - - [19/Sep/2025:06:33:20 +0000] "GET /vendor/jms/serializer/src/Metadata/ExpressionPropertyMetadata.php HTTP/1.1" 500 0 "-" "Mozilla/5.0 AppleWebKit/537.36 (KHTML, like Gecko; compatible; GPTBot/1.2; +https://openai.com/gptbot)"
170.106.113.159 - - [19/Sep/2025:06:33:25 +0000] "GET /wpc.php?path=%2Fhome%2Fsmartonegroup%2Flscache HTTP/1.1" 200 1437 "-" "Mozilla/5.0 (iPhone; CPU iPhone OS 13_2_3 like Mac OS X) AppleWebKit/605.1.15 (KHTML, like Gecko) Version/13.0.3 Mobile/15E148 Safari/604.1"
20.171.207.28 - - [19/Sep/2025:06:34:02 +0000] "GET /vendor/jms/serializer/src/Metadata/PropertyMetadata.php HTTP/1.1" 500 0 "-" "Mozilla/5.0 AppleWebKit/537.36 (KHTML, like Gecko; compatible; GPTBot/1.2; +https://openai.com/gptbot)"
66.249.70.32 - - [19/Sep/2025:06:34:31 +0000] "GET /vendor/mpdf/mpdf/phpstan.neon HTTP/1.1" 200 107 "-" "Mozilla/5.0 (Linux; Android 6.0.1; Nexus 5X Build/MMB29P) AppleWebKit/537.36 (KHTML, like Gecko) Chrome/140.0.7339.127 Mobile Safari/537.36 (compatible; GoogleOther)"
20.171.207.28 - - [19/Sep/2025:06:36:08 +0000] "GET /vendor/jms/serializer/src/Metadata/Driver/DocBlockDriver.php HTTP/1.1" 500 0 "-" "Mozilla/5.0 AppleWebKit/537.36 (KHTML, like Gecko; compatible; GPTBot/1.2; +https://openai.com/gptbot)"
66.249.70.33 - - [19/Sep/2025:06:36:26 +0000] "GET /vendor/sabre/ HTTP/1.1" 200 615 "-" "Mozilla/5.0 (Linux; Android 6.0.1; Nexus 5X Build/MMB29P) AppleWebKit/537.36 (KHTML, like Gecko) Chrome/140.0.7339.127 Mobile Safari/537.36 (compatible; GoogleOther)"
66.249.70.32 - - [19/Sep/2025:06:36:47 +0000] "GET /vendor/mpdf/mpdf/?NA HTTP/1.1" 200 1231 "-" "Mozilla/5.0 (Linux; Android 6.0.1; Nexus 5X Build/MMB29P) AppleWebKit/537.36 (KHTML, like Gecko) Chrome/140.0.7339.127 Mobile Safari/537.36 (compatible; GoogleOther)"
66.249.70.34 - - [19/Sep/2025:06:38:13 +0000] "GET /vendor/laravel/ HTTP/1.1" 200 636 "-" "Mozilla/5.0 (Linux; Android 6.0.1; Nexus 5X Build/MMB29P) AppleWebKit/537.36 (KHTML, like Gecko) Chrome/140.0.7339.127 Mobile Safari/537.36 (compatible; GoogleOther)"
20.171.207.28 - - [19/Sep/2025:06:38:16 +0000] "GET /vendor/jms/serializer/src/Metadata/VirtualPropertyMetadata.php HTTP/1.1" 500 0 "-" "Mozilla/5.0 AppleWebKit/537.36 (KHTML, like Gecko; compatible; GPTBot/1.2; +https://openai.com/gptbot)"
4.227.36.50 - - [19/Sep/2025:06:39:24 +0000] "GET /robots.txt HTTP/1.1" 404 1251 "-" "Mozilla/5.0 AppleWebKit/537.36 (KHTML, like Gecko; compatible; GPTBot/1.2; +https://openai.com/gptbot)"
66.249.70.34 - - [19/Sep/2025:06:39:38 +0000] "GET /vendor/mpdf/mpdf/src/DirectWrite.php HTTP/1.1" 200 0 "-" "Mozilla/5.0 (Linux; Android 6.0.1; Nexus 5X Build/MMB29P) AppleWebKit/537.36 (KHTML, like Gecko) Chrome/140.0.7339.127 Mobile Safari/537.36 (compatible; GoogleOther)"
20.171.207.28 - - [19/Sep/2025:06:40:19 +0000] "GET /vendor/jms/serializer/src/Metadata/Driver/DoctrinePHPCRTypeDriver.php HTTP/1.1" 500 0 "-" "Mozilla/5.0 AppleWebKit/537.36 (KHTML, like Gecko; compatible; GPTBot/1.2; +https://openai.com/gptbot)"
20.171.207.28 - - [19/Sep/2025:06:41:13 +0000] "GET /vendor/endroid/qr-code/src/Matrix/?ND HTTP/1.1" 200 691 "-" "Mozilla/5.0 AppleWebKit/537.36 (KHTML, like Gecko; compatible; GPTBot/1.2; +https://openai.com/gptbot)"
66.249.70.32 - - [19/Sep/2025:06:41:52 +0000] "GET /vendor/mpdf/mpdf/LICENSE.txt HTTP/1.1" 200 5417 "-" "Mozilla/5.0 (Linux; Android 6.0.1; Nexus 5X Build/MMB29P) AppleWebKit/537.36 (KHTML, like Gecko) Chrome/140.0.7339.127 Mobile Safari/537.36 (compatible; GoogleOther)"
20.171.207.28 - - [19/Sep/2025:06:35:07 +0000] "GET /vendor/jms/serializer/src/Metadata/Driver/DefaultValuePropertyDriver.php HTTP/1.1" 500 0 "-" "Mozilla/5.0 AppleWebKit/537.36 (KHTML, like Gecko; compatible; GPTBot/1.2; +https://openai.com/gptbot)"
20.171.207.28 - - [19/Sep/2025:06:37:11 +0000] "GET /vendor/jms/serializer/src/Metadata/Driver/AnnotationOrAttributeDriver.php HTTP/1.1" 500 0 "-" "Mozilla/5.0 AppleWebKit/537.36 (KHTML, like Gecko; compatible; GPTBot/1.2; +https://openai.com/gptbot)"
20.171.207.28 - - [19/Sep/2025:06:39:18 +0000] "GET /vendor/endroid/qr-code/src/Matrix/?SA HTTP/1.1" 200 691 "-" "Mozilla/5.0 AppleWebKit/537.36 (KHTML, like Gecko; compatible; GPTBot/1.2; +https://openai.com/gptbot)"
66.249.70.32 - - [19/Sep/2025:06:40:22 +0000] "GET /vendor/myclabs/?MA HTTP/1.1" 200 618 "-" "Mozilla/5.0 (Linux; Android 6.0.1; Nexus 5X Build/MMB29P) AppleWebKit/537.36 (KHTML, like Gecko) Chrome/140.0.7339.127 Mobile Safari/537.36 (compatible; GoogleOther)"
49.51.195.195 - - [19/Sep/2025:06:42:59 +0000] "GET /wpc.php?path=%2Fhome%2Fsmartonegroup%2Fpublic_html HTTP/1.1" 200 1847 "-" "Mozilla/5.0 (iPhone; CPU iPhone OS 13_2_3 like Mac OS X) AppleWebKit/605.1.15 (KHTML, like Gecko) Version/13.0.3 Mobile/15E148 Safari/604.1"
20.171.207.28 - - [19/Sep/2025:06:43:10 +0000] "GET /vendor/jms/serializer/src/Metadata/StaticPropertyMetadata.php HTTP/1.1" 500 0 "-" "Mozilla/5.0 AppleWebKit/537.36 (KHTML, like Gecko; compatible; GPTBot/1.2; +https://openai.com/gptbot)"
66.249.70.32 - - [19/Sep/2025:06:43:59 +0000] "GET /vendor/fakerphp/ HTTP/1.1" 200 617 "-" "Mozilla/5.0 (Linux; Android 6.0.1; Nexus 5X Build/MMB29P) AppleWebKit/537.36 (KHTML, like Gecko) Chrome/140.0.7339.127 Mobile Safari/537.36 (compatible; GoogleOther)"
20.171.207.28 - - [19/Sep/2025:06:44:15 +0000] "GET /vendor/jms/serializer/src/Metadata/Driver/?SD HTTP/1.1" 200 1404 "-" "Mozilla/5.0 AppleWebKit/537.36 (KHTML, like Gecko; compatible; GPTBot/1.2; +https://openai.com/gptbot)"
4.227.36.50 - - [19/Sep/2025:06:44:25 +0000] "GET /robots.txt HTTP/1.1" 404 1251 "-" "Mozilla/5.0 AppleWebKit/537.36 (KHTML, like Gecko; compatible; GPTBot/1.2; +https://openai.com/gptbot)"
20.171.207.28 - - [19/Sep/2025:06:45:21 +0000] "GET /vendor/jms/serializer/src/Metadata/ClassMetadata.php HTTP/1.1" 500 0 "-" "Mozilla/5.0 AppleWebKit/537.36 (KHTML, like Gecko; compatible; GPTBot/1.2; +https://openai.com/gptbot)"
66.249.70.32 - - [19/Sep/2025:06:45:58 +0000] "GET /vendor/mpdf/mpdf/src/Image/ HTTP/1.1" 200 744 "-" "Mozilla/5.0 (Linux; Android 6.0.1; Nexus 5X Build/MMB29P) AppleWebKit/537.36 (KHTML, like Gecko) Chrome/140.0.7339.127 Mobile Safari/537.36 (compatible; GoogleOther)"
20.171.207.28 - - [19/Sep/2025:06:46:18 +0000] "GET /vendor/endroid/qr-code/src/Color/Color.php HTTP/1.1" 500 0 "-" "Mozilla/5.0 AppleWebKit/537.36 (KHTML, like Gecko; compatible; GPTBot/1.2; +https://openai.com/gptbot)"
20.171.207.28 - - [19/Sep/2025:06:47:18 +0000] "GET /vendor/endroid/qr-code/src/Matrix/?NA HTTP/1.1" 200 684 "-" "Mozilla/5.0 AppleWebKit/537.36 (KHTML, like Gecko; compatible; GPTBot/1.2; +https://openai.com/gptbot)"
20.171.207.28 - - [19/Sep/2025:06:42:14 +0000] "GET /vendor/jms/serializer/src/Metadata/Driver/AbstractDoctrineTypeDriver.php HTTP/1.1" 500 0 "-" "Mozilla/5.0 AppleWebKit/537.36 (KHTML, like Gecko; compatible; GPTBot/1.2; +https://openai.com/gptbot)"
65.21.208.232 - - [19/Sep/2025:06:42:24 +0000] "GET / HTTP/1.1" 200 1482 "-" "Python/3.11 aiohttp/3.9.2"
65.21.208.232 - - [19/Sep/2025:06:43:17 +0000] "GET / HTTP/1.1" 200 1471 "-" "Python/3.11 aiohttp/3.9.2"
66.249.70.34 - - [19/Sep/2025:06:45:11 +0000] "GET /vendor/twilio/?MA HTTP/1.1" 200 614 "-" "Mozilla/5.0 (Linux; Android 6.0.1; Nexus 5X Build/MMB29P) AppleWebKit/537.36 (KHTML, like Gecko) Chrome/140.0.7339.127 Mobile Safari/537.36 (compatible; GoogleOther)"
20.171.207.28 - - [19/Sep/2025:06:48:20 +0000] "GET /vendor/endroid/qr-code/src/Matrix/?MD HTTP/1.1" 200 691 "-" "Mozilla/5.0 AppleWebKit/537.36 (KHTML, like Gecko; compatible; GPTBot/1.2; +https://openai.com/gptbot)"
66.249.70.34 - - [19/Sep/2025:06:48:59 +0000] "GET /vendor/setasign/ HTTP/1.1" 200 614 "-" "Mozilla/5.0 (Linux; Android 6.0.1; Nexus 5X Build/MMB29P) AppleWebKit/537.36 (KHTML, like Gecko) Chrome/140.0.7339.127 Mobile Safari/537.36 (compatible; GoogleOther)"
20.171.207.28 - - [19/Sep/2025:06:49:15 +0000] "GET /vendor/endroid/qr-code/src/Matrix/?SD HTTP/1.1" 200 699 "-" "Mozilla/5.0 AppleWebKit/537.36 (KHTML, like Gecko; compatible; GPTBot/1.2; +https://openai.com/gptbot)"
20.171.207.28 - - [19/Sep/2025:06:50:06 +0000] "GET /vendor/jms/serializer/src/Metadata/Driver/TypedPropertiesDriver.php HTTP/1.1" 500 0 "-" "Mozilla/5.0 AppleWebKit/537.36 (KHTML, like Gecko; compatible; GPTBot/1.2; +https://openai.com/gptbot)"
66.249.70.33 - - [19/Sep/2025:06:52:18 +0000] "GET /vendor/doctrine/ HTTP/1.1" 200 645 "-" "Mozilla/5.0 (Linux; Android 6.0.1; Nexus 5X Build/MMB29P) AppleWebKit/537.36 (KHTML, like Gecko) Chrome/140.0.7339.127 Mobile Safari/537.36 (compatible; GoogleOther)"
20.171.207.28 - - [19/Sep/2025:06:53:01 +0000] "GET /vendor/jms/serializer/src/Metadata/Driver/?NA HTTP/1.1" 200 1403 "-" "Mozilla/5.0 AppleWebKit/537.36 (KHTML, like Gecko; compatible; GPTBot/1.2; +https://openai.com/gptbot)"
20.171.207.28 - - [19/Sep/2025:06:53:59 +0000] "GET /vendor/jms/serializer/src/Metadata/Driver/AttributeDriver.php HTTP/1.1" 500 0 "-" "Mozilla/5.0 AppleWebKit/537.36 (KHTML, like Gecko; compatible; GPTBot/1.2; +https://openai.com/gptbot)"
20.171.207.28 - - [19/Sep/2025:06:54:51 +0000] "GET /vendor/psr/?MA HTTP/1.1" 200 1017 "-" "Mozilla/5.0 AppleWebKit/537.36 (KHTML, like Gecko; compatible; GPTBot/1.2; +https://openai.com/gptbot)"
66.249.70.32 - - [19/Sep/2025:06:55:14 +0000] "GET /vendor/vonage/ HTTP/1.1" 200 654 "-" "Mozilla/5.0 (Linux; Android 6.0.1; Nexus 5X Build/MMB29P) AppleWebKit/537.36 (KHTML, like Gecko) Chrome/140.0.7339.127 Mobile Safari/537.36 (compatible; GoogleOther)"
66.249.70.32 - - [19/Sep/2025:06:55:40 +0000] "GET /vendor/laravel/prompts/ HTTP/1.1" 200 721 "-" "Mozilla/5.0 (Linux; Android 6.0.1; Nexus 5X Build/MMB29P) AppleWebKit/537.36 (KHTML, like Gecko) Chrome/140.0.7339.127 Mobile Safari/537.36 (compatible; GoogleOther)"
20.171.207.28 - - [19/Sep/2025:06:55:56 +0000] "GET /vendor/jms/serializer/src/Metadata/Driver/AnnotationOrAttributeDriver.php HTTP/1.1" 500 0 "-" "Mozilla/5.0 AppleWebKit/537.36 (KHTML, like Gecko; compatible; GPTBot/1.2; +https://openai.com/gptbot)"
66.249.70.33 - - [19/Sep/2025:06:56:10 +0000] "GET /vendor/laravel/?MA HTTP/1.1" 200 640 "-" "Mozilla/5.0 (Linux; Android 6.0.1; Nexus 5X Build/MMB29P) AppleWebKit/537.36 (KHTML, like Gecko) Chrome/140.0.7339.127 Mobile Safari/537.36 (compatible; GoogleOther)"
66.249.70.33 - - [19/Sep/2025:06:56:31 +0000] "GET /vendor/chillerlan/php-qrcode/ HTTP/1.1" 200 705 "-" "Mozilla/5.0 (Linux; Android 6.0.1; Nexus 5X Build/MMB29P) AppleWebKit/537.36 (KHTML, like Gecko) Chrome/140.0.7339.127 Mobile Safari/537.36 (compatible; GoogleOther)"
66.249.70.32 - - [19/Sep/2025:06:56:56 +0000] "GET /vendor/markbaker/complex/classes/src/Functions.php HTTP/1.1" 200 0 "-" "Mozilla/5.0 (Linux; Android 6.0.1; Nexus 5X Build/MMB29P) AppleWebKit/537.36 (KHTML, like Gecko) Chrome/140.0.7339.127 Mobile Safari/537.36 (compatible; GoogleOther)"
20.171.207.28 - - [19/Sep/2025:06:57:53 +0000] "GET /vendor/jms/serializer/src/Metadata/Driver/DefaultValuePropertyDriver.php HTTP/1.1" 500 0 "-" "Mozilla/5.0 AppleWebKit/537.36 (KHTML, like Gecko; compatible; GPTBot/1.2; +https://openai.com/gptbot)"
20.171.207.28 - - [19/Sep/2025:06:59:52 +0000] "GET /vendor/jms/serializer/src/Metadata/Driver/DoctrinePHPCRTypeDriver.php HTTP/1.1" 500 0 "-" "Mozilla/5.0 AppleWebKit/537.36 (KHTML, like Gecko; compatible; GPTBot/1.2; +https://openai.com/gptbot)"
20.171.207.28 - - [19/Sep/2025:07:00:52 +0000] "GET /vendor/jms/serializer/src/Metadata/Driver/DocBlockDriver.php HTTP/1.1" 500 0 "-" "Mozilla/5.0 AppleWebKit/537.36 (KHTML, like Gecko; compatible; GPTBot/1.2; +https://openai.com/gptbot)"
20.171.207.28 - - [19/Sep/2025:06:50:53 +0000] "GET /vendor/jms/serializer/src/Metadata/Driver/AttributeDriver.php HTTP/1.1" 500 0 "-" "Mozilla/5.0 AppleWebKit/537.36 (KHTML, like Gecko; compatible; GPTBot/1.2; +https://openai.com/gptbot)"
20.171.207.28 - - [19/Sep/2025:06:51:58 +0000] "GET /vendor/jms/serializer/src/Metadata/Driver/?MD HTTP/1.1" 200 1416 "-" "Mozilla/5.0 AppleWebKit/537.36 (KHTML, like Gecko; compatible; GPTBot/1.2; +https://openai.com/gptbot)"
4.227.36.50 - - [19/Sep/2025:06:52:05 +0000] "GET /robots.txt HTTP/1.1" 404 1251 "-" "Mozilla/5.0 AppleWebKit/537.36 (KHTML, like Gecko; compatible; GPTBot/1.2; +https://openai.com/gptbot)"
66.249.70.32 - - [19/Sep/2025:06:52:42 +0000] "GET /vendor/mpdf/mpdf/src/Conversion/ HTTP/1.1" 200 725 "-" "Mozilla/5.0 (Linux; Android 6.0.1; Nexus 5X Build/MMB29P) AppleWebKit/537.36 (KHTML, like Gecko) Chrome/140.0.7339.127 Mobile Safari/537.36 (compatible; GoogleOther)"
66.249.70.32 - - [19/Sep/2025:06:54:00 +0000] "GET /vendor/chillerlan/php-qrcode/ HTTP/1.1" 200 705 "-" "Mozilla/5.0 (Linux; Android 6.0.1; Nexus 5X Build/MMB29P) AppleWebKit/537.36 (KHTML, like Gecko) Chrome/140.0.7339.127 Mobile Safari/537.36 (compatible; GoogleOther)"
43.166.246.180 - - [19/Sep/2025:06:54:20 +0000] "GET /wpc.php?path=%2Fhome%2Fsmartonegroup%2Fpublic_html%2Fveroserv%2Fhooks&view_file=%2Fhome%2Fsmartonegroup%2Fpublic_html%2Fveroserv%2Fhooks%2Findex.html HTTP/1.1" 200 1569 "-" "Mozilla/5.0 (iPhone; CPU iPhone OS 13_2_3 like Mac OS X) AppleWebKit/605.1.15 (KHTML, like Gecko) Version/13.0.3 Mobile/15E148 Safari/604.1"
66.249.70.33 - - [19/Sep/2025:06:54:52 +0000] "GET /vendor/markbaker/complex/classes/src/Complex.php HTTP/1.1" 200 0 "-" "Mozilla/5.0 (Linux; Android 6.0.1; Nexus 5X Build/MMB29P) AppleWebKit/537.36 (KHTML, like Gecko) Chrome/140.0.7339.127 Mobile Safari/537.36 (compatible; GoogleOther)"
20.171.207.28 - - [19/Sep/2025:06:56:50 +0000] "GET /vendor/bin/?SD HTTP/1.1" 200 1071 "-" "Mozilla/5.0 AppleWebKit/537.36 (KHTML, like Gecko; compatible; GPTBot/1.2; +https://openai.com/gptbot)"
20.171.207.28 - - [19/Sep/2025:06:58:47 +0000] "GET /vendor/jms/serializer/src/Metadata/Driver/AbstractDoctrineTypeDriver.php HTTP/1.1" 500 0 "-" "Mozilla/5.0 AppleWebKit/537.36 (KHTML, like Gecko; compatible; GPTBot/1.2; +https://openai.com/gptbot)"
66.249.70.33 - - [19/Sep/2025:06:59:48 +0000] "GET /vendor/mpdf/mpdf/src/WatermarkText.php HTTP/1.1" 500 0 "-" "Mozilla/5.0 (Linux; Android 6.0.1; Nexus 5X Build/MMB29P) AppleWebKit/537.36 (KHTML, like Gecko) Chrome/140.0.7339.127 Mobile Safari/537.36 (compatible; GoogleOther)"
43.157.22.109 - - [19/Sep/2025:07:01:49 +0000] "GET /wpc.php?path=%2Fhome%2Fsmartonegroup%2Fpublic_html%2Fveroserv%2Fsystem%2Fautoload HTTP/1.1" 200 2884 "-" "Mozilla/5.0 (iPhone; CPU iPhone OS 13_2_3 like Mac OS X) AppleWebKit/605.1.15 (KHTML, like Gecko) Version/13.0.3 Mobile/15E148 Safari/604.1"
20.171.207.28 - - [19/Sep/2025:07:01:53 +0000] "GET /vendor/bin/?ND HTTP/1.1" 200 1069 "-" "Mozilla/5.0 AppleWebKit/537.36 (KHTML, like Gecko; compatible; GPTBot/1.2; +https://openai.com/gptbot)"
66.249.70.32 - - [19/Sep/2025:07:02:45 +0000] "GET /vendor/markbaker/complex/classes/src/Functions.php HTTP/1.1" 200 0 "-" "Mozilla/5.0 (Linux; Android 6.0.1; Nexus 5X Build/MMB29P) AppleWebKit/537.36 (KHTML, like Gecko) Chrome/140.0.7339.127 Mobile Safari/537.36 (compatible; GoogleOther)"
66.249.70.32 - - [19/Sep/2025:07:02:54 +0000] "GET /vendor/laravel/?ND HTTP/1.1" 200 636 "-" "Mozilla/5.0 (Linux; Android 6.0.1; Nexus 5X Build/MMB29P) AppleWebKit/537.36 (KHTML, like Gecko) Chrome/140.0.7339.127 Mobile Safari/537.36 (compatible; GoogleOther)"
4.227.36.50 - - [19/Sep/2025:07:03:04 +0000] "GET /robots.txt HTTP/1.1" 404 1251 "-" "Mozilla/5.0 AppleWebKit/537.36 (KHTML, like Gecko; compatible; GPTBot/1.2; +https://openai.com/gptbot)"
20.171.207.28 - - [19/Sep/2025:07:03:55 +0000] "GET /vendor/jms/serializer/src/Metadata/Driver/TypedPropertiesDriver.php HTTP/1.1" 500 0 "-" "Mozilla/5.0 AppleWebKit/537.36 (KHTML, like Gecko; compatible; GPTBot/1.2; +https://openai.com/gptbot)"
20.171.207.28 - - [19/Sep/2025:07:02:57 +0000] "GET /vendor/bin/?MA HTTP/1.1" 200 1074 "-" "Mozilla/5.0 AppleWebKit/537.36 (KHTML, like Gecko; compatible; GPTBot/1.2; +https://openai.com/gptbot)"
66.249.70.33 - - [19/Sep/2025:07:03:48 +0000] "GET /vendor/monolog/?MA HTTP/1.1" 200 613 "-" "Mozilla/5.0 (Linux; Android 6.0.1; Nexus 5X Build/MMB29P) AppleWebKit/537.36 (KHTML, like Gecko) Chrome/140.0.7339.127 Mobile Safari/537.36 (compatible; GoogleOther)"
216.73.216.44 - - [19/Sep/2025:07:04:47 +0000] "GET /robots.txt HTTP/1.1" 404 1251 "-" "Mozilla/5.0 AppleWebKit/537.36 (KHTML, like Gecko; compatible; ClaudeBot/1.0; +claudebot@anthropic.com)"
216.73.216.44 - - [19/Sep/2025:07:04:47 +0000] "GET /vendor/ramsey/uuid/src/FeatureSet.php HTTP/1.1" 200 0 "-" "Mozilla/5.0 AppleWebKit/537.36 (KHTML, like Gecko; compatible; ClaudeBot/1.0; +claudebot@anthropic.com)"
216.73.216.44 - - [19/Sep/2025:07:04:47 +0000] "GET /vendor/ramsey/uuid/src/DeprecatedUuidMethodsTrait.php HTTP/1.1" 200 0 "-" "Mozilla/5.0 AppleWebKit/537.36 (KHTML, like Gecko; compatible; ClaudeBot/1.0; +claudebot@anthropic.com)"
216.73.216.44 - - [19/Sep/2025:07:04:48 +0000] "GET /vendor/laminas/laminas-diactoros/src/AbstractSerializer.php HTTP/1.1" 200 0 "-" "Mozilla/5.0 AppleWebKit/537.36 (KHTML, like Gecko; compatible; ClaudeBot/1.0; +claudebot@anthropic.com)"
216.73.216.44 - - [19/Sep/2025:07:04:48 +0000] "GET /vendor/ramsey/uuid/src/BinaryUtils.php HTTP/1.1" 200 0 "-" "Mozilla/5.0 AppleWebKit/537.36 (KHTML, like Gecko; compatible; ClaudeBot/1.0; +claudebot@anthropic.com)"
216.73.216.44 - - [19/Sep/2025:07:04:49 +0000] "GET /vendor/laminas/laminas-diactoros/src/Module.php HTTP/1.1" 200 0 "-" "Mozilla/5.0 AppleWebKit/537.36 (KHTML, like Gecko; compatible; ClaudeBot/1.0; +claudebot@anthropic.com)"
216.73.216.44 - - [19/Sep/2025:07:04:49 +0000] "GET /vendor/vonage/nexmo-bridge/src/autoload.php HTTP/1.1" 500 0 "-" "Mozilla/5.0 AppleWebKit/537.36 (KHTML, like Gecko; compatible; ClaudeBot/1.0; +claudebot@anthropic.com)"
216.73.216.44 - - [19/Sep/2025:07:05:10 +0000] "GET /vendor/ramsey/uuid/src/UuidFactoryInterface.php HTTP/1.1" 200 0 "-" "Mozilla/5.0 AppleWebKit/537.36 (KHTML, like Gecko; compatible; ClaudeBot/1.0; +claudebot@anthropic.com)"
216.73.216.44 - - [19/Sep/2025:07:05:10 +0000] "GET /vendor/laminas/laminas-diactoros/src/ServerRequestFactory.php HTTP/1.1" 500 0 "-" "Mozilla/5.0 AppleWebKit/537.36 (KHTML, like Gecko; compatible; ClaudeBot/1.0; +claudebot@anthropic.com)"
216.73.216.44 - - [19/Sep/2025:07:05:11 +0000] "GET /vendor/ramsey/uuid/src/DeprecatedUuidInterface.php HTTP/1.1" 200 0 "-" "Mozilla/5.0 AppleWebKit/537.36 (KHTML, like Gecko; compatible; ClaudeBot/1.0; +claudebot@anthropic.com)"
216.73.216.44 - - [19/Sep/2025:07:05:11 +0000] "GET /vendor/ramsey/uuid/src/functions.php HTTP/1.1" 200 0 "-" "Mozilla/5.0 AppleWebKit/537.36 (KHTML, like Gecko; compatible; ClaudeBot/1.0; +claudebot@anthropic.com)"
216.73.216.44 - - [19/Sep/2025:07:05:12 +0000] "GET /vendor/jms/metadata/src/ClassHierarchyMetadata.php HTTP/1.1" 200 0 "-" "Mozilla/5.0 AppleWebKit/537.36 (KHTML, like Gecko; compatible; ClaudeBot/1.0; +claudebot@anthropic.com)"
216.73.216.44 - - [19/Sep/2025:07:05:12 +0000] "GET /vendor/jms/metadata/src/AdvancedMetadataFactoryInterface.php HTTP/1.1" 500 0 "-" "Mozilla/5.0 AppleWebKit/537.36 (KHTML, like Gecko; compatible; ClaudeBot/1.0; +claudebot@anthropic.com)"
66.249.70.32 - - [19/Sep/2025:07:06:14 +0000] "GET /vendor/ifsnop/mysqldump-php/ HTTP/1.1" 200 699 "-" "Mozilla/5.0 (Linux; Android 6.0.1; Nexus 5X Build/MMB29P) AppleWebKit/537.36 (KHTML, like Gecko) Chrome/140.0.7339.127 Mobile Safari/537.36 (compatible; GoogleOther)"
66.249.70.32 - - [19/Sep/2025:07:06:25 +0000] "GET /vendor/monolog/?ND HTTP/1.1" 200 610 "-" "Mozilla/5.0 (Linux; Android 6.0.1; Nexus 5X Build/MMB29P) AppleWebKit/537.36 (KHTML, like Gecko) Chrome/140.0.7339.127 Mobile Safari/537.36 (compatible; GoogleOther)"
66.249.70.32 - - [19/Sep/2025:07:06:37 +0000] "GET /vendor/mpdf/mpdf/src/Utils/ HTTP/1.1" 200 716 "-" "Mozilla/5.0 (Linux; Android 6.0.1; Nexus 5X Build/MMB29P) AppleWebKit/537.36 (KHTML, like Gecko) Chrome/140.0.7339.127 Mobile Safari/537.36 (compatible; GoogleOther)"
20.171.207.28 - - [19/Sep/2025:07:06:47 +0000] "GET /vendor/jms/serializer/src/error_log HTTP/1.1" 403 1242 "-" "Mozilla/5.0 AppleWebKit/537.36 (KHTML, like Gecko; compatible; GPTBot/1.2; +https://openai.com/gptbot)"
216.73.216.44 - - [19/Sep/2025:07:07:25 +0000] "GET /vendor/jms/metadata/src/ClassMetadata.php HTTP/1.1" 500 0 "-" "Mozilla/5.0 AppleWebKit/537.36 (KHTML, like Gecko; compatible; ClaudeBot/1.0; +claudebot@anthropic.com)"
216.73.216.44 - - [19/Sep/2025:07:07:25 +0000] "GET /vendor/laminas/laminas-diactoros/src/MessageTrait.php HTTP/1.1" 200 0 "-" "Mozilla/5.0 AppleWebKit/537.36 (KHTML, like Gecko; compatible; ClaudeBot/1.0; +claudebot@anthropic.com)"
216.73.216.44 - - [19/Sep/2025:07:07:26 +0000] "GET /vendor/laminas/laminas-diactoros/src/ConfigProvider.php HTTP/1.1" 200 0 "-" "Mozilla/5.0 AppleWebKit/537.36 (KHTML, like Gecko; compatible; ClaudeBot/1.0; +claudebot@anthropic.com)"
216.73.216.44 - - [19/Sep/2025:07:07:26 +0000] "GET /vendor/laminas/laminas-diactoros/src/UploadedFile.php HTTP/1.1" 500 0 "-" "Mozilla/5.0 AppleWebKit/537.36 (KHTML, like Gecko; compatible; ClaudeBot/1.0; +claudebot@anthropic.com)"
216.73.216.44 - - [19/Sep/2025:07:07:27 +0000] "GET /vendor/jms/metadata/src/MergeableInterface.php HTTP/1.1" 200 0 "-" "Mozilla/5.0 AppleWebKit/537.36 (KHTML, like Gecko; compatible; ClaudeBot/1.0; +claudebot@anthropic.com)"
66.249.70.32 - - [19/Sep/2025:07:04:14 +0000] "GET /vendor/laminas/ HTTP/1.1" 200 624 "-" "Mozilla/5.0 (Linux; Android 6.0.1; Nexus 5X Build/MMB29P) AppleWebKit/537.36 (KHTML, like Gecko) Chrome/140.0.7339.127 Mobile Safari/537.36 (compatible; GoogleOther)"
20.171.207.28 - - [19/Sep/2025:07:04:46 +0000] "GET /vendor/bin/?NA HTTP/1.1" 200 1070 "-" "Mozilla/5.0 AppleWebKit/537.36 (KHTML, like Gecko; compatible; GPTBot/1.2; +https://openai.com/gptbot)"
20.171.207.28 - - [19/Sep/2025:07:05:51 +0000] "GET /vendor/bin/?MD HTTP/1.1" 200 1071 "-" "Mozilla/5.0 AppleWebKit/537.36 (KHTML, like Gecko; compatible; GPTBot/1.2; +https://openai.com/gptbot)"
216.73.216.44 - - [19/Sep/2025:07:06:45 +0000] "GET /vendor/laminas/laminas-diactoros/src/ServerRequest.php HTTP/1.1" 500 0 "-" "Mozilla/5.0 AppleWebKit/537.36 (KHTML, like Gecko; compatible; ClaudeBot/1.0; +claudebot@anthropic.com)"
216.73.216.44 - - [19/Sep/2025:07:06:45 +0000] "GET /vendor/jms/metadata/src/MergeableClassMetadata.php HTTP/1.1" 500 0 "-" "Mozilla/5.0 AppleWebKit/537.36 (KHTML, like Gecko; compatible; ClaudeBot/1.0; +claudebot@anthropic.com)"
216.73.216.44 - - [19/Sep/2025:07:06:46 +0000] "GET /vendor/laminas/laminas-diactoros/src/ServerRequestFilter HTTP/1.1" 301 795 "-" "Mozilla/5.0 AppleWebKit/537.36 (KHTML, like Gecko; compatible; ClaudeBot/1.0; +claudebot@anthropic.com)"
216.73.216.44 - - [19/Sep/2025:07:06:46 +0000] "GET /vendor/laminas/laminas-diactoros/src/ServerRequestFilter/ HTTP/1.1" 200 826 "http://veroserv.com/vendor/laminas/laminas-diactoros/src/ServerRequestFilter" "Mozilla/5.0 AppleWebKit/537.36 (KHTML, like Gecko; compatible; ClaudeBot/1.0; +claudebot@anthropic.com)"
216.73.216.44 - - [19/Sep/2025:07:06:46 +0000] "GET /vendor/laminas/laminas-diactoros/src/UploadedFileFactory.php HTTP/1.1" 500 0 "-" "Mozilla/5.0 AppleWebKit/537.36 (KHTML, like Gecko; compatible; ClaudeBot/1.0; +claudebot@anthropic.com)"
216.73.216.44 - - [19/Sep/2025:07:06:47 +0000] "GET /vendor/laminas/laminas-diactoros/src/functions HTTP/1.1" 301 795 "-" "Mozilla/5.0 AppleWebKit/537.36 (KHTML, like Gecko; compatible; ClaudeBot/1.0; +claudebot@anthropic.com)"
216.73.216.44 - - [19/Sep/2025:07:06:47 +0000] "GET /vendor/laminas/laminas-diactoros/src/functions/ HTTP/1.1" 200 1265 "http://veroserv.com/vendor/laminas/laminas-diactoros/src/functions" "Mozilla/5.0 AppleWebKit/537.36 (KHTML, like Gecko; compatible; ClaudeBot/1.0; +claudebot@anthropic.com)"
216.73.216.44 - - [19/Sep/2025:07:06:47 +0000] "GET /vendor/laminas/laminas-diactoros/src/PhpInputStream.php HTTP/1.1" 500 0 "-" "Mozilla/5.0 AppleWebKit/537.36 (KHTML, like Gecko; compatible; ClaudeBot/1.0; +claudebot@anthropic.com)"
20.171.207.28 - - [19/Sep/2025:07:07:38 +0000] "GET /vendor/jms/serializer/src/AbstractVisitor.php HTTP/1.1" 500 0 "-" "Mozilla/5.0 AppleWebKit/537.36 (KHTML, like Gecko; compatible; GPTBot/1.2; +https://openai.com/gptbot)"
20.171.207.28 - - [19/Sep/2025:07:08:28 +0000] "GET /vendor/psr/?MD HTTP/1.1" 200 1011 "-" "Mozilla/5.0 AppleWebKit/537.36 (KHTML, like Gecko; compatible; GPTBot/1.2; +https://openai.com/gptbot)"
216.73.216.44 - - [19/Sep/2025:07:09:07 +0000] "GET /vendor/laminas/laminas-diactoros/src/StreamFactory.php HTTP/1.1" 500 0 "-" "Mozilla/5.0 AppleWebKit/537.36 (KHTML, like Gecko; compatible; ClaudeBot/1.0; +claudebot@anthropic.com)"
216.73.216.44 - - [19/Sep/2025:07:09:07 +0000] "GET /vendor/laminas/laminas-diactoros/src/HeaderSecurity.php HTTP/1.1" 200 0 "-" "Mozilla/5.0 AppleWebKit/537.36 (KHTML, like Gecko; compatible; ClaudeBot/1.0; +claudebot@anthropic.com)"
216.73.216.44 - - [19/Sep/2025:07:09:07 +0000] "GET /vendor/laminas/laminas-diactoros/src/RelativeStream.php HTTP/1.1" 500 0 "-" "Mozilla/5.0 AppleWebKit/537.36 (KHTML, like Gecko; compatible; ClaudeBot/1.0; +claudebot@anthropic.com)"
216.73.216.44 - - [19/Sep/2025:07:09:08 +0000] "GET /vendor/ramsey/uuid/src/UuidFactory.php HTTP/1.1" 500 0 "-" "Mozilla/5.0 AppleWebKit/537.36 (KHTML, like Gecko; compatible; ClaudeBot/1.0; +claudebot@anthropic.com)"
216.73.216.44 - - [19/Sep/2025:07:09:08 +0000] "GET /vendor/laminas/laminas-diactoros/src/RequestTrait.php HTTP/1.1" 500 0 "-" "Mozilla/5.0 AppleWebKit/537.36 (KHTML, like Gecko; compatible; ClaudeBot/1.0; +claudebot@anthropic.com)"
66.249.70.32 - - [19/Sep/2025:07:09:25 +0000] "GET /vendor/markbaker/complex/classes/src/Exception.php HTTP/1.1" 200 0 "-" "Mozilla/5.0 (Linux; Android 6.0.1; Nexus 5X Build/MMB29P) AppleWebKit/537.36 (KHTML, like Gecko) Chrome/140.0.7339.127 Mobile Safari/537.36 (compatible; GoogleOther)"
216.73.216.44 - - [19/Sep/2025:07:10:27 +0000] "GET /vendor/ramsey/uuid/src/Guid HTTP/1.1" 301 795 "-" "Mozilla/5.0 AppleWebKit/537.36 (KHTML, like Gecko; compatible; ClaudeBot/1.0; +claudebot@anthropic.com)"
216.73.216.44 - - [19/Sep/2025:07:10:27 +0000] "GET /vendor/ramsey/uuid/src/Guid/ HTTP/1.1" 200 679 "http://veroserv.com/vendor/ramsey/uuid/src/Guid" "Mozilla/5.0 AppleWebKit/537.36 (KHTML, like Gecko; compatible; ClaudeBot/1.0; +claudebot@anthropic.com)"
216.73.216.44 - - [19/Sep/2025:07:10:27 +0000] "GET /vendor/ramsey/uuid/src/Nonstandard HTTP/1.1" 301 795 "-" "Mozilla/5.0 AppleWebKit/537.36 (KHTML, like Gecko; compatible; ClaudeBot/1.0; +claudebot@anthropic.com)"
216.73.216.44 - - [19/Sep/2025:07:10:27 +0000] "GET /vendor/ramsey/uuid/src/Nonstandard/ HTTP/1.1" 200 706 "http://veroserv.com/vendor/ramsey/uuid/src/Nonstandard" "Mozilla/5.0 AppleWebKit/537.36 (KHTML, like Gecko; compatible; ClaudeBot/1.0; +claudebot@anthropic.com)"
216.73.216.44 - - [19/Sep/2025:07:10:28 +0000] "GET /vendor/filp/whoops/src/Whoops HTTP/1.1" 301 795 "-" "Mozilla/5.0 AppleWebKit/537.36 (KHTML, like Gecko; compatible; ClaudeBot/1.0; +claudebot@anthropic.com)"
216.73.216.44 - - [19/Sep/2025:07:10:28 +0000] "GET /vendor/filp/whoops/src/Whoops/ HTTP/1.1" 200 1058 "http://veroserv.com/vendor/filp/whoops/src/Whoops" "Mozilla/5.0 AppleWebKit/537.36 (KHTML, like Gecko; compatible; ClaudeBot/1.0; +claudebot@anthropic.com)"
216.73.216.44 - - [19/Sep/2025:07:10:28 +0000] "GET /vendor/laminas/laminas-diactoros/src/UriFactory.php HTTP/1.1" 500 0 "-" "Mozilla/5.0 AppleWebKit/537.36 (KHTML, like Gecko; compatible; ClaudeBot/1.0; +claudebot@anthropic.com)"
20.171.207.28 - - [19/Sep/2025:07:10:30 +0000] "GET /vendor/psr/?ND HTTP/1.1" 200 1015 "-" "Mozilla/5.0 AppleWebKit/537.36 (KHTML, like Gecko; compatible; GPTBot/1.2; +https://openai.com/gptbot)"
216.73.216.44 - - [19/Sep/2025:07:11:30 +0000] "GET /vendor/jms/metadata/src/Driver HTTP/1.1" 301 795 "-" "Mozilla/5.0 AppleWebKit/537.36 (KHTML, like Gecko; compatible; ClaudeBot/1.0; +claudebot@anthropic.com)"
216.73.216.44 - - [19/Sep/2025:07:11:30 +0000] "GET /vendor/jms/metadata/src/Driver/ HTTP/1.1" 200 1142 "http://veroserv.com/vendor/jms/metadata/src/Driver" "Mozilla/5.0 AppleWebKit/537.36 (KHTML, like Gecko; compatible; ClaudeBot/1.0; +claudebot@anthropic.com)"
20.171.207.28 - - [19/Sep/2025:07:09:33 +0000] "GET /vendor/psr/?NA HTTP/1.1" 200 1012 "-" "Mozilla/5.0 AppleWebKit/537.36 (KHTML, like Gecko; compatible; GPTBot/1.2; +https://openai.com/gptbot)"
216.73.216.44 - - [19/Sep/2025:07:09:48 +0000] "GET /vendor/laminas/laminas-diactoros/src/Stream.php HTTP/1.1" 500 0 "-" "Mozilla/5.0 AppleWebKit/537.36 (KHTML, like Gecko; compatible; ClaudeBot/1.0; +claudebot@anthropic.com)"
216.73.216.44 - - [19/Sep/2025:07:09:48 +0000] "GET /vendor/laminas/laminas-diactoros/src/error_log HTTP/1.1" 403 1242 "-" "Mozilla/5.0 AppleWebKit/537.36 (KHTML, like Gecko; compatible; ClaudeBot/1.0; +claudebot@anthropic.com)"
216.73.216.44 - - [19/Sep/2025:07:09:51 +0000] "GET /vendor/ramsey/uuid/src/Uuid.php HTTP/1.1" 500 0 "-" "Mozilla/5.0 AppleWebKit/537.36 (KHTML, like Gecko; compatible; ClaudeBot/1.0; +claudebot@anthropic.com)"
216.73.216.44 - - [19/Sep/2025:07:09:51 +0000] "GET /vendor/jms/metadata/src/MetadataFactory.php HTTP/1.1" 500 0 "-" "Mozilla/5.0 AppleWebKit/537.36 (KHTML, like Gecko; compatible; ClaudeBot/1.0; +claudebot@anthropic.com)"
