20.171.207.28 - - [18/Sep/2025:19:25:56 +0000] "GET /vendor/illuminate/database/Events/TransactionBeginning.php HTTP/1.1" 500 0 "-" "Mozilla/5.0 AppleWebKit/537.36 (KHTML, like Gecko; compatible; GPTBot/1.2; +https://openai.com/gptbot)"
20.171.207.28 - - [18/Sep/2025:19:26:48 +0000] "GET /vendor/setasign/fpdi/src/FpdfTpl.php HTTP/1.1" 500 0 "-" "Mozilla/5.0 AppleWebKit/537.36 (KHTML, like Gecko; compatible; GPTBot/1.2; +https://openai.com/gptbot)"
20.171.207.28 - - [18/Sep/2025:19:30:05 +0000] "GET /vendor/setasign/fpdi/src/Tcpdf/ HTTP/1.1" 200 644 "-" "Mozilla/5.0 AppleWebKit/537.36 (KHTML, like Gecko; compatible; GPTBot/1.2; +https://openai.com/gptbot)"
4.227.36.50 - - [18/Sep/2025:19:30:14 +0000] "GET /robots.txt HTTP/1.1" 404 1251 "-" "Mozilla/5.0 AppleWebKit/537.36 (KHTML, like Gecko; compatible; GPTBot/1.2; +https://openai.com/gptbot)"
20.171.207.28 - - [18/Sep/2025:19:31:06 +0000] "GET /vendor/setasign/fpdi/src/Math/ HTTP/1.1" 200 660 "-" "Mozilla/5.0 AppleWebKit/537.36 (KHTML, like Gecko; compatible; GPTBot/1.2; +https://openai.com/gptbot)"
20.171.207.28 - - [18/Sep/2025:19:32:54 +0000] "GET /vendor/setasign/fpdi/src/TcpdfFpdi.php HTTP/1.1" 500 0 "-" "Mozilla/5.0 AppleWebKit/537.36 (KHTML, like Gecko; compatible; GPTBot/1.2; +https://openai.com/gptbot)"
20.171.207.28 - - [18/Sep/2025:19:35:03 +0000] "GET /vendor/setasign/fpdi/src/?NA HTTP/1.1" 200 1255 "-" "Mozilla/5.0 AppleWebKit/537.36 (KHTML, like Gecko; compatible; GPTBot/1.2; +https://openai.com/gptbot)"
20.171.207.28 - - [18/Sep/2025:19:36:50 +0000] "GET /vendor/setasign/fpdi/src/Math/Vector.php HTTP/1.1" 200 0 "-" "Mozilla/5.0 AppleWebKit/537.36 (KHTML, like Gecko; compatible; GPTBot/1.2; +https://openai.com/gptbot)"
20.171.207.28 - - [18/Sep/2025:19:37:37 +0000] "GET /vendor/setasign/fpdi/src/Math/Matrix.php HTTP/1.1" 200 0 "-" "Mozilla/5.0 AppleWebKit/537.36 (KHTML, like Gecko; compatible; GPTBot/1.2; +https://openai.com/gptbot)"
66.249.70.33 - - [18/Sep/2025:19:37:59 +0000] "GET /ui/ HTTP/1.1" 200 116 "-" "Mozilla/5.0 (Linux; Android 6.0.1; Nexus 5X Build/MMB29P) AppleWebKit/537.36 (KHTML, like Gecko) Chrome/140.0.7339.127 Mobile Safari/537.36 (compatible; GoogleOther)"
66.249.70.32 - - [18/Sep/2025:19:38:47 +0000] "GET /vendor/mpdf/ HTTP/1.1" 200 659 "-" "Mozilla/5.0 (Linux; Android 6.0.1; Nexus 5X Build/MMB29P) AppleWebKit/537.36 (KHTML, like Gecko) Chrome/140.0.7339.127 Mobile Safari/537.36 (compatible; GoogleOther)"
20.171.207.28 - - [18/Sep/2025:19:39:28 +0000] "GET /vendor/setasign/fpdi/src/Tcpdf/Fpdi.php HTTP/1.1" 500 0 "-" "Mozilla/5.0 AppleWebKit/537.36 (KHTML, like Gecko; compatible; GPTBot/1.2; +https://openai.com/gptbot)"
66.249.70.33 - - [18/Sep/2025:19:39:42 +0000] "GET /vendor/markbaker/ HTTP/1.1" 200 628 "-" "Mozilla/5.0 (Linux; Android 6.0.1; Nexus 5X Build/MMB29P) AppleWebKit/537.36 (KHTML, like Gecko) Chrome/140.0.7339.127 Mobile Safari/537.36 (compatible; GoogleOther)"
20.171.207.28 - - [18/Sep/2025:19:27:53 +0000] "GET /vendor/illuminate/database/Events/TransactionRolledBack.php HTTP/1.1" 500 0 "-" "Mozilla/5.0 AppleWebKit/537.36 (KHTML, like Gecko; compatible; GPTBot/1.2; +https://openai.com/gptbot)"
20.171.207.28 - - [18/Sep/2025:19:28:59 +0000] "GET /vendor/illuminate/database/Events/DatabaseRefreshed.php HTTP/1.1" 500 0 "-" "Mozilla/5.0 AppleWebKit/537.36 (KHTML, like Gecko; compatible; GPTBot/1.2; +https://openai.com/gptbot)"
20.171.207.28 - - [18/Sep/2025:19:32:04 +0000] "GET /vendor/illuminate/database/Events/MigrationEvent.php HTTP/1.1" 500 0 "-" "Mozilla/5.0 AppleWebKit/537.36 (KHTML, like Gecko; compatible; GPTBot/1.2; +https://openai.com/gptbot)"
20.171.207.28 - - [18/Sep/2025:19:33:58 +0000] "GET /vendor/setasign/fpdi/src/?SD HTTP/1.1" 200 1267 "-" "Mozilla/5.0 AppleWebKit/537.36 (KHTML, like Gecko; compatible; GPTBot/1.2; +https://openai.com/gptbot)"
20.171.207.28 - - [18/Sep/2025:19:35:59 +0000] "GET /vendor/setasign/fpdi/src/Math/?ND HTTP/1.1" 200 662 "-" "Mozilla/5.0 AppleWebKit/537.36 (KHTML, like Gecko; compatible; GPTBot/1.2; +https://openai.com/gptbot)"
4.227.36.50 - - [18/Sep/2025:19:36:00 +0000] "GET /robots.txt HTTP/1.1" 404 1251 "-" "Mozilla/5.0 AppleWebKit/537.36 (KHTML, like Gecko; compatible; GPTBot/1.2; +https://openai.com/gptbot)"
20.171.207.28 - - [18/Sep/2025:19:38:17 +0000] "GET /vendor/setasign/fpdi/src/FpdiTrait.php HTTP/1.1" 200 0 "-" "Mozilla/5.0 AppleWebKit/537.36 (KHTML, like Gecko; compatible; GPTBot/1.2; +https://openai.com/gptbot)"
20.171.207.28 - - [18/Sep/2025:19:38:53 +0000] "GET /vendor/setasign/fpdi/src/?MD HTTP/1.1" 200 1261 "-" "Mozilla/5.0 AppleWebKit/537.36 (KHTML, like Gecko; compatible; GPTBot/1.2; +https://openai.com/gptbot)"
20.171.207.28 - - [18/Sep/2025:19:41:01 +0000] "GET /vendor/setasign/fpdi/src/error_log HTTP/1.1" 403 1242 "-" "Mozilla/5.0 AppleWebKit/537.36 (KHTML, like Gecko; compatible; GPTBot/1.2; +https://openai.com/gptbot)"
20.171.207.28 - - [18/Sep/2025:19:42:03 +0000] "GET /vendor/setasign/fpdi/src/FpdfTpl.php HTTP/1.1" 500 0 "-" "Mozilla/5.0 AppleWebKit/537.36 (KHTML, like Gecko; compatible; GPTBot/1.2; +https://openai.com/gptbot)"
65.21.208.232 - - [18/Sep/2025:19:42:20 +0000] "GET / HTTP/1.1" 200 1423 "-" "Python/3.11 aiohttp/3.9.2"
4.227.36.50 - - [18/Sep/2025:19:43:14 +0000] "GET /robots.txt HTTP/1.1" 404 1251 "-" "Mozilla/5.0 AppleWebKit/537.36 (KHTML, like Gecko; compatible; GPTBot/1.2; +https://openai.com/gptbot)"
65.21.208.232 - - [18/Sep/2025:19:43:15 +0000] "GET / HTTP/1.1" 200 1412 "-" "Python/3.11 aiohttp/3.9.2"
20.171.207.28 - - [18/Sep/2025:19:46:01 +0000] "GET /vendor/setasign/fpdi/src/Fpdi.php HTTP/1.1" 500 0 "-" "Mozilla/5.0 AppleWebKit/537.36 (KHTML, like Gecko; compatible; GPTBot/1.2; +https://openai.com/gptbot)"
20.171.207.28 - - [18/Sep/2025:19:47:03 +0000] "GET /vendor/setasign/fpdi/src/Math/?NA HTTP/1.1" 200 660 "-" "Mozilla/5.0 AppleWebKit/537.36 (KHTML, like Gecko; compatible; GPTBot/1.2; +https://openai.com/gptbot)"
4.227.36.50 - - [18/Sep/2025:19:49:17 +0000] "GET /robots.txt HTTP/1.1" 404 1251 "-" "Mozilla/5.0 AppleWebKit/537.36 (KHTML, like Gecko; compatible; GPTBot/1.2; +https://openai.com/gptbot)"
20.171.207.28 - - [18/Sep/2025:19:50:11 +0000] "GET /vendor/setasign/fpdi/src/Tcpdf/?ND HTTP/1.1" 200 694 "-" "Mozilla/5.0 AppleWebKit/537.36 (KHTML, like Gecko; compatible; GPTBot/1.2; +https://openai.com/gptbot)"
20.171.207.28 - - [18/Sep/2025:19:51:55 +0000] "GET /vendor/setasign/fpdi/src/Tcpdf/?SA HTTP/1.1" 200 696 "-" "Mozilla/5.0 AppleWebKit/537.36 (KHTML, like Gecko; compatible; GPTBot/1.2; +https://openai.com/gptbot)"
20.171.207.28 - - [18/Sep/2025:19:52:41 +0000] "GET /vendor/setasign/fpdi/src/Math/?MA HTTP/1.1" 200 669 "-" "Mozilla/5.0 AppleWebKit/537.36 (KHTML, like Gecko; compatible; GPTBot/1.2; +https://openai.com/gptbot)"
20.171.207.28 - - [18/Sep/2025:19:54:04 +0000] "GET /vendor/setasign/fpdi/src/Math/?SD HTTP/1.1" 200 667 "-" "Mozilla/5.0 AppleWebKit/537.36 (KHTML, like Gecko; compatible; GPTBot/1.2; +https://openai.com/gptbot)"
20.171.207.28 - - [18/Sep/2025:19:39:59 +0000] "GET /vendor/illuminate/database/Events/ConnectionEstablished.php HTTP/1.1" 500 0 "-" "Mozilla/5.0 AppleWebKit/537.36 (KHTML, like Gecko; compatible; GPTBot/1.2; +https://openai.com/gptbot)"
20.171.207.28 - - [18/Sep/2025:19:43:07 +0000] "GET /vendor/setasign/fpdi/src/PdfParser/ HTTP/1.1" 200 1101 "-" "Mozilla/5.0 AppleWebKit/537.36 (KHTML, like Gecko; compatible; GPTBot/1.2; +https://openai.com/gptbot)"
20.171.207.28 - - [18/Sep/2025:19:44:11 +0000] "GET /vendor/setasign/fpdi/src/Math/?SA HTTP/1.1" 200 666 "-" "Mozilla/5.0 AppleWebKit/537.36 (KHTML, like Gecko; compatible; GPTBot/1.2; +https://openai.com/gptbot)"
66.249.70.33 - - [18/Sep/2025:19:45:06 +0000] "GET /hooks/ HTTP/1.1" 200 116 "-" "Mozilla/5.0 (Linux; Android 6.0.1; Nexus 5X Build/MMB29P) AppleWebKit/537.36 (KHTML, like Gecko) Chrome/140.0.7339.127 Mobile Safari/537.36 (compatible; GoogleOther)"
20.171.207.28 - - [18/Sep/2025:19:45:30 +0000] "GET /vendor/setasign/fpdi/src/TcpdfFpdi.php HTTP/1.1" 500 0 "-" "Mozilla/5.0 AppleWebKit/537.36 (KHTML, like Gecko; compatible; GPTBot/1.2; +https://openai.com/gptbot)"
66.249.70.32 - - [18/Sep/2025:19:45:32 +0000] "GET /vendor/intervention/ HTTP/1.1" 200 614 "-" "Mozilla/5.0 (Linux; Android 6.0.1; Nexus 5X Build/MMB29P) AppleWebKit/537.36 (KHTML, like Gecko) Chrome/140.0.7339.127 Mobile Safari/537.36 (compatible; GoogleOther)"
20.171.207.28 - - [18/Sep/2025:19:48:09 +0000] "GET /vendor/illuminate/database/Events/TransactionCommitting.php HTTP/1.1" 500 0 "-" "Mozilla/5.0 AppleWebKit/537.36 (KHTML, like Gecko; compatible; GPTBot/1.2; +https://openai.com/gptbot)"
4.218.11.88 - - [18/Sep/2025:19:49:01 +0000] "GET /wp-content/plugins/hellopress/wp_filemanager.php HTTP/1.1" 404 1251 "-" "-"
20.171.207.28 - - [18/Sep/2025:19:49:06 +0000] "GET /vendor/setasign/fpdi/src/PdfReader/ HTTP/1.1" 200 774 "-" "Mozilla/5.0 AppleWebKit/537.36 (KHTML, like Gecko; compatible; GPTBot/1.2; +https://openai.com/gptbot)"
20.171.207.28 - - [18/Sep/2025:19:51:07 +0000] "GET /vendor/setasign/fpdi/src/PdfParser/Type/ HTTP/1.1" 200 1249 "-" "Mozilla/5.0 AppleWebKit/537.36 (KHTML, like Gecko; compatible; GPTBot/1.2; +https://openai.com/gptbot)"
20.171.207.28 - - [18/Sep/2025:19:53:24 +0000] "GET /vendor/setasign/fpdi/src/Tcpdf/?MA HTTP/1.1" 200 697 "-" "Mozilla/5.0 AppleWebKit/537.36 (KHTML, like Gecko; compatible; GPTBot/1.2; +https://openai.com/gptbot)"
66.249.70.33 - - [18/Sep/2025:19:53:48 +0000] "GET /vendor/openai-php/ HTTP/1.1" 200 615 "-" "Mozilla/5.0 (Linux; Android 6.0.1; Nexus 5X Build/MMB29P) AppleWebKit/537.36 (KHTML, like Gecko) Chrome/140.0.7339.127 Mobile Safari/537.36 (compatible; GoogleOther)"
66.249.70.34 - - [18/Sep/2025:19:54:09 +0000] "GET /client/ HTTP/1.1" 302 0 "-" "Mozilla/5.0 (Linux; Android 6.0.1; Nexus 5X Build/MMB29P) AppleWebKit/537.36 (KHTML, like Gecko) Chrome/140.0.7339.127 Mobile Safari/537.36 (compatible; Googlebot/2.1; +http://www.google.com/bot.html)"
20.171.207.28 - - [18/Sep/2025:19:54:35 +0000] "GET /vendor/setasign/fpdi/src/Tcpdf/error_log HTTP/1.1" 403 1242 "-" "Mozilla/5.0 AppleWebKit/537.36 (KHTML, like Gecko; compatible; GPTBot/1.2; +https://openai.com/gptbot)"
4.227.36.50 - - [18/Sep/2025:19:54:35 +0000] "GET /robots.txt HTTP/1.1" 404 1251 "-" "Mozilla/5.0 AppleWebKit/537.36 (KHTML, like Gecko; compatible; GPTBot/1.2; +https://openai.com/gptbot)"
20.171.207.28 - - [18/Sep/2025:19:55:38 +0000] "GET /vendor/setasign/fpdi/src/PdfParser/PdfParserException.php HTTP/1.1" 500 0 "-" "Mozilla/5.0 AppleWebKit/537.36 (KHTML, like Gecko; compatible; GPTBot/1.2; +https://openai.com/gptbot)"
20.171.207.28 - - [18/Sep/2025:19:56:05 +0000] "GET /vendor/setasign/fpdi/src/PdfParser/Type/PdfArray.php HTTP/1.1" 500 0 "-" "Mozilla/5.0 AppleWebKit/537.36 (KHTML, like Gecko; compatible; GPTBot/1.2; +https://openai.com/gptbot)"
20.171.207.28 - - [18/Sep/2025:19:59:02 +0000] "GET /vendor/setasign/fpdi/src/PdfParser/Type/PdfStream.php HTTP/1.1" 500 0 "-" "Mozilla/5.0 AppleWebKit/537.36 (KHTML, like Gecko; compatible; GPTBot/1.2; +https://openai.com/gptbot)"
20.171.207.28 - - [18/Sep/2025:19:59:55 +0000] "GET /vendor/setasign/fpdi/src/PdfParser/Type/PdfNull.php HTTP/1.1" 500 0 "-" "Mozilla/5.0 AppleWebKit/537.36 (KHTML, like Gecko; compatible; GPTBot/1.2; +https://openai.com/gptbot)"
66.249.70.34 - - [18/Sep/2025:19:59:55 +0000] "GET /vendor/ezyang/ HTTP/1.1" 200 614 "-" "Mozilla/5.0 (Linux; Android 6.0.1; Nexus 5X Build/MMB29P) AppleWebKit/537.36 (KHTML, like Gecko) Chrome/140.0.7339.127 Mobile Safari/537.36 (compatible; GoogleOther)"
20.171.207.28 - - [18/Sep/2025:20:00:54 +0000] "GET /vendor/setasign/fpdi/src/PdfParser/Type/PdfName.php HTTP/1.1" 500 0 "-" "Mozilla/5.0 AppleWebKit/537.36 (KHTML, like Gecko; compatible; GPTBot/1.2; +https://openai.com/gptbot)"
20.171.207.28 - - [18/Sep/2025:20:01:57 +0000] "GET /vendor/setasign/fpdi/src/PdfParser/StreamReader.php HTTP/1.1" 200 0 "-" "Mozilla/5.0 AppleWebKit/537.36 (KHTML, like Gecko; compatible; GPTBot/1.2; +https://openai.com/gptbot)"
66.249.70.32 - - [18/Sep/2025:20:03:11 +0000] "GET /hooks/ HTTP/1.1" 200 116 "-" "Mozilla/5.0 (Linux; Android 6.0.1; Nexus 5X Build/MMB29P) AppleWebKit/537.36 (KHTML, like Gecko) Chrome/140.0.7339.127 Mobile Safari/537.36 (compatible; GoogleOther)"
20.171.207.28 - - [18/Sep/2025:20:03:59 +0000] "GET /vendor/setasign/fpdi/src/PdfParser/Filter/Ascii85.php HTTP/1.1" 500 0 "-" "Mozilla/5.0 AppleWebKit/537.36 (KHTML, like Gecko; compatible; GPTBot/1.2; +https://openai.com/gptbot)"
20.171.207.28 - - [18/Sep/2025:20:06:04 +0000] "GET /vendor/setasign/fpdi/src/PdfParser/Type/PdfString.php HTTP/1.1" 500 0 "-" "Mozilla/5.0 AppleWebKit/537.36 (KHTML, like Gecko; compatible; GPTBot/1.2; +https://openai.com/gptbot)"
193.43.140.208 - - [18/Sep/2025:20:07:18 +0000] "GET / HTTP/1.1" 200 1416 "http://m.facebook.com/" "Mozilla/5.0 (Linux; Android 15; 2303CRA44A Build/AP3A.240905.015.A2; wv) AppleWebKit/537.36 (KHTML, like Gecko) Version/4.0 Chrome/139.0.7258.94 Mobile Safari/537.36 [FB_IAB/FB4A;FBAV/530.0.0.48.74;IABMV/1;]"
193.43.140.208 - - [18/Sep/2025:20:07:19 +0000] "GET /_autoindex/assets/js/tablesort.number.js HTTP/1.1" 200 362 "http://www.veroserv.com/" "Mozilla/5.0 (Linux; Android 15; 2303CRA44A Build/AP3A.240905.015.A2; wv) AppleWebKit/537.36 (KHTML, like Gecko) Version/4.0 Chrome/139.0.7258.94 Mobile Safari/537.36 [FB_IAB/FB4A;FBAV/530.0.0.48.74;IABMV/1;]"
193.43.140.208 - - [18/Sep/2025:20:07:19 +0000] "GET /_autoindex/assets/css/autoindex.css HTTP/1.1" 200 1284 "http://www.veroserv.com/" "Mozilla/5.0 (Linux; Android 15; 2303CRA44A Build/AP3A.240905.015.A2; wv) AppleWebKit/537.36 (KHTML, like Gecko) Version/4.0 Chrome/139.0.7258.94 Mobile Safari/537.36 [FB_IAB/FB4A;FBAV/530.0.0.48.74;IABMV/1;]"
193.43.140.208 - - [18/Sep/2025:20:07:19 +0000] "GET /_autoindex/assets/js/tablesort.js HTTP/1.1" 200 2321 "http://www.veroserv.com/" "Mozilla/5.0 (Linux; Android 15; 2303CRA44A Build/AP3A.240905.015.A2; wv) AppleWebKit/537.36 (KHTML, like Gecko) Version/4.0 Chrome/139.0.7258.94 Mobile Safari/537.36 [FB_IAB/FB4A;FBAV/530.0.0.48.74;IABMV/1;]"
193.43.140.208 - - [18/Sep/2025:20:07:19 +0000] "GET /_autoindex/assets/icons/folder-fill.svg HTTP/1.1" 200 406 "http://www.veroserv.com/" "Mozilla/5.0 (Linux; Android 15; 2303CRA44A Build/AP3A.240905.015.A2; wv) AppleWebKit/537.36 (KHTML, like Gecko) Version/4.0 Chrome/139.0.7258.94 Mobile Safari/537.36 [FB_IAB/FB4A;FBAV/530.0.0.48.74;IABMV/1;]"
193.43.140.208 - - [18/Sep/2025:20:07:19 +0000] "GET /_autoindex/assets/icons/file.svg HTTP/1.1" 200 422 "http://www.veroserv.com/" "Mozilla/5.0 (Linux; Android 15; 2303CRA44A Build/AP3A.240905.015.A2; wv) AppleWebKit/537.36 (KHTML, like Gecko) Version/4.0 Chrome/139.0.7258.94 Mobile Safari/537.36 [FB_IAB/FB4A;FBAV/530.0.0.48.74;IABMV/1;]"
193.43.140.208 - - [18/Sep/2025:20:07:20 +0000] "GET /favicon.ico HTTP/1.1" 404 1251 "http://www.veroserv.com/" "Mozilla/5.0 (Linux; Android 15; 2303CRA44A Build/AP3A.240905.015.A2; wv) AppleWebKit/537.36 (KHTML, like Gecko) Version/4.0 Chrome/139.0.7258.94 Mobile Safari/537.36 [FB_IAB/FB4A;FBAV/530.0.0.48.74;IABMV/1;]"
66.249.70.32 - - [18/Sep/2025:19:54:41 +0000] "GET /?ng=client/where/ HTTP/1.1" 200 1189 "-" "Mozilla/5.0 (Linux; Android 6.0.1; Nexus 5X Build/MMB29P) AppleWebKit/537.36 (KHTML, like Gecko) Chrome/140.0.7339.127 Mobile Safari/537.36 (compatible; Googlebot/2.1; +http://www.google.com/bot.html)"
20.171.207.28 - - [18/Sep/2025:19:55:06 +0000] "GET /vendor/setasign/fpdi/src/PdfParser/?MA HTTP/1.1" 200 1104 "-" "Mozilla/5.0 AppleWebKit/537.36 (KHTML, like Gecko; compatible; GPTBot/1.2; +https://openai.com/gptbot)"
20.171.207.28 - - [18/Sep/2025:19:57:04 +0000] "GET /vendor/setasign/fpdi/src/PdfParser/Filter/ HTTP/1.1" 200 1105 "-" "Mozilla/5.0 AppleWebKit/537.36 (KHTML, like Gecko; compatible; GPTBot/1.2; +https://openai.com/gptbot)"
20.171.207.28 - - [18/Sep/2025:19:58:04 +0000] "GET /vendor/setasign/fpdi/src/PdfReader/Page.php HTTP/1.1" 200 0 "-" "Mozilla/5.0 AppleWebKit/537.36 (KHTML, like Gecko; compatible; GPTBot/1.2; +https://openai.com/gptbot)"
20.171.207.28 - - [18/Sep/2025:20:03:02 +0000] "GET /vendor/setasign/fpdi/src/PdfParser/Type/PdfToken.php HTTP/1.1" 500 0 "-" "Mozilla/5.0 AppleWebKit/537.36 (KHTML, like Gecko; compatible; GPTBot/1.2; +https://openai.com/gptbot)"
4.227.36.50 - - [18/Sep/2025:20:03:03 +0000] "GET /robots.txt HTTP/1.1" 404 1251 "-" "Mozilla/5.0 AppleWebKit/537.36 (KHTML, like Gecko; compatible; GPTBot/1.2; +https://openai.com/gptbot)"
20.171.207.28 - - [18/Sep/2025:20:05:01 +0000] "GET /vendor/setasign/fpdi/src/PdfParser/Type/PdfHexString.php HTTP/1.1" 500 0 "-" "Mozilla/5.0 AppleWebKit/537.36 (KHTML, like Gecko; compatible; GPTBot/1.2; +https://openai.com/gptbot)"
20.171.207.28 - - [18/Sep/2025:20:07:06 +0000] "GET /vendor/setasign/fpdi/src/PdfParser/Filter/Lzw.php HTTP/1.1" 500 0 "-" "Mozilla/5.0 AppleWebKit/537.36 (KHTML, like Gecko; compatible; GPTBot/1.2; +https://openai.com/gptbot)"
193.43.140.208 - - [18/Sep/2025:20:07:22 +0000] "GET /_autoindex/assets/icons/file.svg HTTP/1.1" 200 422 "fbapp://350685531728/unknown" "[FBAN/FB4A;FBAV/530.0.0.48.74;FBBV/789633439;FBDM/{density=2.75,width=1080,height=2400};FBLC/ar_AR;FBRV/0;FBCR/MTN SYRIA;FBMF/Xiaomi;FBBD/Redmi;FBPN/com.facebook.katana;FBDV/2303CRA44A;FBSV/15;FBOP/1;FBCA/arm64-v8a:;]"
193.43.140.208 - - [18/Sep/2025:20:07:22 +0000] "GET /_autoindex/assets/icons/folder-fill.svg HTTP/1.1" 200 406 "fbapp://350685531728/unknown" "[FBAN/FB4A;FBAV/530.0.0.48.74;FBBV/789633439;FBDM/{density=2.75,width=1080,height=2400};FBLC/ar_AR;FBRV/0;FBCR/MTN SYRIA;FBMF/Xiaomi;FBBD/Redmi;FBPN/com.facebook.katana;FBDV/2303CRA44A;FBSV/15;FBOP/1;FBCA/arm64-v8a:;]"
20.171.207.28 - - [18/Sep/2025:20:08:09 +0000] "GET /vendor/setasign/fpdi/src/PdfParser/Type/?SA HTTP/1.1" 200 1299 "-" "Mozilla/5.0 AppleWebKit/537.36 (KHTML, like Gecko; compatible; GPTBot/1.2; +https://openai.com/gptbot)"
66.249.70.32 - - [18/Sep/2025:20:11:19 +0000] "GET /vendor/markbaker/?SA HTTP/1.1" 200 634 "-" "Mozilla/5.0 (Linux; Android 6.0.1; Nexus 5X Build/MMB29P) AppleWebKit/537.36 (KHTML, like Gecko) Chrome/140.0.7339.127 Mobile Safari/537.36 (compatible; GoogleOther)"
65.21.208.232 - - [18/Sep/2025:20:12:20 +0000] "GET / HTTP/1.1" 200 1423 "-" "Python/3.11 aiohttp/3.9.2"
20.171.207.28 - - [18/Sep/2025:20:12:50 +0000] "GET /vendor/setasign/fpdi/src/PdfParser/Filter/LzwException.php HTTP/1.1" 500 0 "-" "Mozilla/5.0 AppleWebKit/537.36 (KHTML, like Gecko; compatible; GPTBot/1.2; +https://openai.com/gptbot)"
65.21.208.232 - - [18/Sep/2025:20:13:07 +0000] "GET / HTTP/1.1" 200 1412 "-" "Python/3.11 aiohttp/3.9.2"
20.171.207.28 - - [18/Sep/2025:20:15:51 +0000] "GET /vendor/setasign/fpdi/src/PdfParser/Type/PdfTypeException.php HTTP/1.1" 500 0 "-" "Mozilla/5.0 AppleWebKit/537.36 (KHTML, like Gecko; compatible; GPTBot/1.2; +https://openai.com/gptbot)"
20.171.207.28 - - [18/Sep/2025:20:28:49 +0000] "GET /vendor/setasign/fpdi/src/PdfParser/Type/PdfStream.php HTTP/1.1" 500 0 "-" "Mozilla/5.0 AppleWebKit/537.36 (KHTML, like Gecko; compatible; GPTBot/1.2; +https://openai.com/gptbot)"
4.227.36.50 - - [18/Sep/2025:20:08:15 +0000] "GET /robots.txt HTTP/1.1" 404 1251 "-" "Mozilla/5.0 AppleWebKit/537.36 (KHTML, like Gecko; compatible; GPTBot/1.2; +https://openai.com/gptbot)"
20.171.207.28 - - [18/Sep/2025:20:09:11 +0000] "GET /vendor/setasign/fpdi/src/PdfParser/Type/?ND HTTP/1.1" 200 1293 "-" "Mozilla/5.0 AppleWebKit/537.36 (KHTML, like Gecko; compatible; GPTBot/1.2; +https://openai.com/gptbot)"
20.171.207.28 - - [18/Sep/2025:20:10:09 +0000] "GET /vendor/setasign/fpdi/src/PdfParser/Type/?MA HTTP/1.1" 200 1307 "-" "Mozilla/5.0 AppleWebKit/537.36 (KHTML, like Gecko; compatible; GPTBot/1.2; +https://openai.com/gptbot)"
66.249.70.34 - - [18/Sep/2025:20:10:36 +0000] "GET /vendor/ralouphie/ HTTP/1.1" 200 619 "-" "Mozilla/5.0 (Linux; Android 6.0.1; Nexus 5X Build/MMB29P) AppleWebKit/537.36 (KHTML, like Gecko) Chrome/140.0.7339.127 Mobile Safari/537.36 (compatible; GoogleOther)"
20.171.207.28 - - [18/Sep/2025:20:11:01 +0000] "GET /vendor/setasign/fpdi/src/PdfParser/Filter/Ascii85Exception.php HTTP/1.1" 500 0 "-" "Mozilla/5.0 AppleWebKit/537.36 (KHTML, like Gecko; compatible; GPTBot/1.2; +https://openai.com/gptbot)"
20.171.207.28 - - [18/Sep/2025:20:11:46 +0000] "GET /vendor/setasign/fpdi/src/PdfParser/Filter/Flate.php HTTP/1.1" 500 0 "-" "Mozilla/5.0 AppleWebKit/537.36 (KHTML, like Gecko; compatible; GPTBot/1.2; +https://openai.com/gptbot)"
66.249.70.32 - - [18/Sep/2025:20:13:27 +0000] "GET /vendor/markbaker/matrix/ HTTP/1.1" 200 1077 "-" "Mozilla/5.0 (Linux; Android 6.0.1; Nexus 5X Build/MMB29P) AppleWebKit/537.36 (KHTML, like Gecko) Chrome/140.0.7339.127 Mobile Safari/537.36 (compatible; GoogleOther)"
20.171.207.28 - - [18/Sep/2025:20:13:54 +0000] "GET /vendor/setasign/fpdi/src/Math/?MD HTTP/1.1" 200 668 "-" "Mozilla/5.0 AppleWebKit/537.36 (KHTML, like Gecko; compatible; GPTBot/1.2; +https://openai.com/gptbot)"
4.227.36.50 - - [18/Sep/2025:20:13:55 +0000] "GET /robots.txt HTTP/1.1" 404 1251 "-" "Mozilla/5.0 AppleWebKit/537.36 (KHTML, like Gecko; compatible; GPTBot/1.2; +https://openai.com/gptbot)"
20.171.207.28 - - [18/Sep/2025:20:14:57 +0000] "GET /vendor/setasign/fpdi/src/Tcpdf/Fpdi.php HTTP/1.1" 500 0 "-" "Mozilla/5.0 AppleWebKit/537.36 (KHTML, like Gecko; compatible; GPTBot/1.2; +https://openai.com/gptbot)"
20.171.207.28 - - [18/Sep/2025:20:16:55 +0000] "GET /vendor/setasign/fpdi/src/PdfReader/PdfReaderException.php HTTP/1.1" 500 0 "-" "Mozilla/5.0 AppleWebKit/537.36 (KHTML, like Gecko; compatible; GPTBot/1.2; +https://openai.com/gptbot)"
20.171.207.28 - - [18/Sep/2025:20:18:00 +0000] "GET /vendor/setasign/fpdi/src/PdfParser/Type/PdfToken.php HTTP/1.1" 500 0 "-" "Mozilla/5.0 AppleWebKit/537.36 (KHTML, like Gecko; compatible; GPTBot/1.2; +https://openai.com/gptbot)"
20.171.207.28 - - [18/Sep/2025:20:26:46 +0000] "GET /vendor/setasign/fpdi/src/PdfParser/Type/PdfString.php HTTP/1.1" 500 0 "-" "Mozilla/5.0 AppleWebKit/537.36 (KHTML, like Gecko; compatible; GPTBot/1.2; +https://openai.com/gptbot)"
20.171.207.28 - - [18/Sep/2025:20:27:39 +0000] "GET /vendor/setasign/fpdi/src/PdfParser/Type/PdfArray.php HTTP/1.1" 500 0 "-" "Mozilla/5.0 AppleWebKit/537.36 (KHTML, like Gecko; compatible; GPTBot/1.2; +https://openai.com/gptbot)"
20.171.207.28 - - [18/Sep/2025:20:27:48 +0000] "GET /vendor/setasign/fpdi/src/PdfParser/Type/PdfNull.php HTTP/1.1" 500 0 "-" "Mozilla/5.0 AppleWebKit/537.36 (KHTML, like Gecko; compatible; GPTBot/1.2; +https://openai.com/gptbot)"
20.171.207.28 - - [18/Sep/2025:20:29:52 +0000] "GET /vendor/setasign/fpdi/src/PdfParser/Type/PdfHexString.php HTTP/1.1" 500 0 "-" "Mozilla/5.0 AppleWebKit/537.36 (KHTML, like Gecko; compatible; GPTBot/1.2; +https://openai.com/gptbot)"
20.171.207.28 - - [18/Sep/2025:20:33:47 +0000] "GET /vendor/setasign/fpdi/src/PdfParser/Type/?SD HTTP/1.1" 200 1314 "-" "Mozilla/5.0 AppleWebKit/537.36 (KHTML, like Gecko; compatible; GPTBot/1.2; +https://openai.com/gptbot)"
4.227.36.50 - - [18/Sep/2025:20:29:53 +0000] "GET /robots.txt HTTP/1.1" 404 1251 "-" "Mozilla/5.0 AppleWebKit/537.36 (KHTML, like Gecko; compatible; GPTBot/1.2; +https://openai.com/gptbot)"
20.171.207.28 - - [18/Sep/2025:20:30:53 +0000] "GET /vendor/setasign/fpdi/src/PdfParser/Type/?NA HTTP/1.1" 200 1313 "-" "Mozilla/5.0 AppleWebKit/537.36 (KHTML, like Gecko; compatible; GPTBot/1.2; +https://openai.com/gptbot)"
20.171.207.28 - - [18/Sep/2025:20:31:58 +0000] "GET /vendor/setasign/fpdi/src/PdfParser/?MD HTTP/1.1" 200 1175 "-" "Mozilla/5.0 AppleWebKit/537.36 (KHTML, like Gecko; compatible; GPTBot/1.2; +https://openai.com/gptbot)"
20.171.207.28 - - [18/Sep/2025:20:32:55 +0000] "GET /vendor/setasign/fpdi/src/PdfReader/DataStructure/ HTTP/1.1" 200 658 "-" "Mozilla/5.0 AppleWebKit/537.36 (KHTML, like Gecko; compatible; GPTBot/1.2; +https://openai.com/gptbot)"
20.171.207.28 - - [18/Sep/2025:20:35:11 +0000] "GET /vendor/setasign/fpdi/src/PdfReader/?ND HTTP/1.1" 200 1102 "-" "Mozilla/5.0 AppleWebKit/537.36 (KHTML, like Gecko; compatible; GPTBot/1.2; +https://openai.com/gptbot)"
20.171.207.28 - - [18/Sep/2025:20:35:47 +0000] "GET /vendor/setasign/fpdi/src/PdfReader/?SA HTTP/1.1" 200 1109 "-" "Mozilla/5.0 AppleWebKit/537.36 (KHTML, like Gecko; compatible; GPTBot/1.2; +https://openai.com/gptbot)"
20.171.207.28 - - [18/Sep/2025:20:38:51 +0000] "GET /vendor/setasign/fpdi/src/PdfParser/?NA HTTP/1.1" 200 1175 "-" "Mozilla/5.0 AppleWebKit/537.36 (KHTML, like Gecko; compatible; GPTBot/1.2; +https://openai.com/gptbot)"
65.21.208.232 - - [18/Sep/2025:20:42:17 +0000] "GET / HTTP/1.1" 200 1423 "-" "Python/3.11 aiohttp/3.9.2"
20.171.207.28 - - [18/Sep/2025:20:42:59 +0000] "GET /vendor/setasign/fpdi/src/PdfParser/Type/PdfHexString.php HTTP/1.1" 500 0 "-" "Mozilla/5.0 AppleWebKit/537.36 (KHTML, like Gecko; compatible; GPTBot/1.2; +https://openai.com/gptbot)"
20.171.207.28 - - [18/Sep/2025:20:44:00 +0000] "GET /vendor/setasign/fpdi/src/PdfReader/PdfReaderException.php HTTP/1.1" 500 0 "-" "Mozilla/5.0 AppleWebKit/537.36 (KHTML, like Gecko; compatible; GPTBot/1.2; +https://openai.com/gptbot)"
20.171.207.28 - - [18/Sep/2025:20:45:03 +0000] "GET /vendor/setasign/fpdi/src/PdfParser/Type/PdfArray.php HTTP/1.1" 500 0 "-" "Mozilla/5.0 AppleWebKit/537.36 (KHTML, like Gecko; compatible; GPTBot/1.2; +https://openai.com/gptbot)"
20.171.207.28 - - [18/Sep/2025:20:46:04 +0000] "GET /vendor/setasign/fpdi/src/PdfParser/Type/PdfStream.php HTTP/1.1" 500 0 "-" "Mozilla/5.0 AppleWebKit/537.36 (KHTML, like Gecko; compatible; GPTBot/1.2; +https://openai.com/gptbot)"
20.171.207.28 - - [18/Sep/2025:20:48:14 +0000] "GET /vendor/setasign/fpdi/src/PdfParser/Type/PdfTypeException.php HTTP/1.1" 500 0 "-" "Mozilla/5.0 AppleWebKit/537.36 (KHTML, like Gecko; compatible; GPTBot/1.2; +https://openai.com/gptbot)"
66.249.70.32 - - [18/Sep/2025:20:48:58 +0000] "GET /vendor/mpdf/?SA HTTP/1.1" 200 663 "-" "Mozilla/5.0 (Linux; Android 6.0.1; Nexus 5X Build/MMB29P) AppleWebKit/537.36 (KHTML, like Gecko) Chrome/140.0.7339.127 Mobile Safari/537.36 (compatible; GoogleOther)"
20.171.207.28 - - [18/Sep/2025:20:49:15 +0000] "GET /vendor/setasign/fpdi/src/PdfReader/DataStructure/?ND HTTP/1.1" 200 655 "-" "Mozilla/5.0 AppleWebKit/537.36 (KHTML, like Gecko; compatible; GPTBot/1.2; +https://openai.com/gptbot)"
20.171.207.28 - - [18/Sep/2025:20:52:48 +0000] "GET /vendor/setasign/fpdi/src/PdfParser/?ND HTTP/1.1" 200 1169 "-" "Mozilla/5.0 AppleWebKit/537.36 (KHTML, like Gecko; compatible; GPTBot/1.2; +https://openai.com/gptbot)"
66.249.70.34 - - [18/Sep/2025:20:55:16 +0000] "GET /vendor/lcobucci/ HTTP/1.1" 200 633 "-" "Mozilla/5.0 (Linux; Android 6.0.1; Nexus 5X Build/MMB29P) AppleWebKit/537.36 (KHTML, like Gecko) Chrome/140.0.7339.127 Mobile Safari/537.36 (compatible; GoogleOther)"
20.171.207.28 - - [18/Sep/2025:20:55:44 +0000] "GET /vendor/setasign/fpdi/src/Tcpdf/?SD HTTP/1.1" 200 694 "-" "Mozilla/5.0 AppleWebKit/537.36 (KHTML, like Gecko; compatible; GPTBot/1.2; +https://openai.com/gptbot)"
20.171.207.28 - - [18/Sep/2025:20:34:30 +0000] "GET /vendor/setasign/fpdi/src/PdfReader/?MA HTTP/1.1" 200 1106 "-" "Mozilla/5.0 AppleWebKit/537.36 (KHTML, like Gecko; compatible; GPTBot/1.2; +https://openai.com/gptbot)"
4.227.36.50 - - [18/Sep/2025:20:35:58 +0000] "GET /robots.txt HTTP/1.1" 404 1251 "-" "Mozilla/5.0 AppleWebKit/537.36 (KHTML, like Gecko; compatible; GPTBot/1.2; +https://openai.com/gptbot)"
20.171.207.28 - - [18/Sep/2025:20:36:21 +0000] "GET /vendor/setasign/fpdi/src/PdfParser/Filter/FlateException.php HTTP/1.1" 500 0 "-" "Mozilla/5.0 AppleWebKit/537.36 (KHTML, like Gecko; compatible; GPTBot/1.2; +https://openai.com/gptbot)"
20.171.207.28 - - [18/Sep/2025:20:36:51 +0000] "GET /vendor/setasign/fpdi/src/PdfParser/?SA HTTP/1.1" 200 1178 "-" "Mozilla/5.0 AppleWebKit/537.36 (KHTML, like Gecko; compatible; GPTBot/1.2; +https://openai.com/gptbot)"
20.171.207.28 - - [18/Sep/2025:20:37:52 +0000] "GET /vendor/setasign/fpdi/src/PdfParser/Type/PdfName.php HTTP/1.1" 500 0 "-" "Mozilla/5.0 AppleWebKit/537.36 (KHTML, like Gecko; compatible; GPTBot/1.2; +https://openai.com/gptbot)"
20.171.207.28 - - [18/Sep/2025:20:39:54 +0000] "GET /vendor/setasign/fpdi/src/PdfParser/Type/PdfToken.php HTTP/1.1" 500 0 "-" "Mozilla/5.0 AppleWebKit/537.36 (KHTML, like Gecko; compatible; GPTBot/1.2; +https://openai.com/gptbot)"
20.171.207.28 - - [18/Sep/2025:20:40:54 +0000] "GET /vendor/setasign/fpdi/src/PdfParser/Type/PdfNull.php HTTP/1.1" 500 0 "-" "Mozilla/5.0 AppleWebKit/537.36 (KHTML, like Gecko; compatible; GPTBot/1.2; +https://openai.com/gptbot)"
20.171.207.28 - - [18/Sep/2025:20:41:53 +0000] "GET /vendor/setasign/fpdi/src/PdfParser/Type/PdfString.php HTTP/1.1" 500 0 "-" "Mozilla/5.0 AppleWebKit/537.36 (KHTML, like Gecko; compatible; GPTBot/1.2; +https://openai.com/gptbot)"
65.21.208.232 - - [18/Sep/2025:20:43:08 +0000] "GET / HTTP/1.1" 200 1412 "-" "Python/3.11 aiohttp/3.9.2"
20.171.207.28 - - [18/Sep/2025:20:47:08 +0000] "GET /vendor/setasign/fpdi/src/PdfParser/PdfParserException.php HTTP/1.1" 500 0 "-" "Mozilla/5.0 AppleWebKit/537.36 (KHTML, like Gecko; compatible; GPTBot/1.2; +https://openai.com/gptbot)"
4.227.36.50 - - [18/Sep/2025:20:49:22 +0000] "GET /robots.txt HTTP/1.1" 404 1251 "-" "Mozilla/5.0 AppleWebKit/537.36 (KHTML, like Gecko; compatible; GPTBot/1.2; +https://openai.com/gptbot)"
20.171.207.28 - - [18/Sep/2025:20:50:16 +0000] "GET /vendor/setasign/fpdi/src/PdfReader/?NA HTTP/1.1" 200 1107 "-" "Mozilla/5.0 AppleWebKit/537.36 (KHTML, like Gecko; compatible; GPTBot/1.2; +https://openai.com/gptbot)"
20.171.207.28 - - [18/Sep/2025:20:51:12 +0000] "GET /vendor/setasign/fpdi/src/PdfReader/?MD HTTP/1.1" 200 1102 "-" "Mozilla/5.0 AppleWebKit/537.36 (KHTML, like Gecko; compatible; GPTBot/1.2; +https://openai.com/gptbot)"
20.171.207.28 - - [18/Sep/2025:20:52:02 +0000] "GET /vendor/setasign/fpdi/src/Tcpdf/?MD HTTP/1.1" 200 695 "-" "Mozilla/5.0 AppleWebKit/537.36 (KHTML, like Gecko; compatible; GPTBot/1.2; +https://openai.com/gptbot)"
20.171.207.28 - - [18/Sep/2025:20:53:29 +0000] "GET /vendor/setasign/fpdi/src/PdfReader/?SD HTTP/1.1" 200 1111 "-" "Mozilla/5.0 AppleWebKit/537.36 (KHTML, like Gecko; compatible; GPTBot/1.2; +https://openai.com/gptbot)"
20.171.207.28 - - [18/Sep/2025:20:54:07 +0000] "GET /vendor/setasign/fpdi/src/PdfParser/Type/PdfIndirectObjectReference.php HTTP/1.1" 500 0 "-" "Mozilla/5.0 AppleWebKit/537.36 (KHTML, like Gecko; compatible; GPTBot/1.2; +https://openai.com/gptbot)"
20.171.207.28 - - [18/Sep/2025:20:54:38 +0000] "GET /vendor/setasign/fpdi/src/PdfParser/?SD HTTP/1.1" 200 1173 "-" "Mozilla/5.0 AppleWebKit/537.36 (KHTML, like Gecko; compatible; GPTBot/1.2; +https://openai.com/gptbot)"
20.171.207.28 - - [18/Sep/2025:20:58:14 +0000] "GET /vendor/setasign/fpdi/src/PdfParser/Filter/?MA HTTP/1.1" 200 1178 "-" "Mozilla/5.0 AppleWebKit/537.36 (KHTML, like Gecko; compatible; GPTBot/1.2; +https://openai.com/gptbot)"
20.171.207.28 - - [18/Sep/2025:20:58:55 +0000] "GET /vendor/setasign/fpdi/src/PdfReader/PdfReaderException.php HTTP/1.1" 500 0 "-" "Mozilla/5.0 AppleWebKit/537.36 (KHTML, like Gecko; compatible; GPTBot/1.2; +https://openai.com/gptbot)"
20.171.207.28 - - [18/Sep/2025:20:59:29 +0000] "GET /vendor/setasign/fpdi/src/PdfParser/Filter/FilterInterface.php HTTP/1.1" 200 0 "-" "Mozilla/5.0 AppleWebKit/537.36 (KHTML, like Gecko; compatible; GPTBot/1.2; +https://openai.com/gptbot)"
20.171.207.28 - - [18/Sep/2025:21:00:32 +0000] "GET /vendor/setasign/fpdi/src/PdfParser/Filter/Ascii85Exception.php HTTP/1.1" 500 0 "-" "Mozilla/5.0 AppleWebKit/537.36 (KHTML, like Gecko; compatible; GPTBot/1.2; +https://openai.com/gptbot)"
20.171.207.28 - - [18/Sep/2025:21:04:23 +0000] "GET /vendor/setasign/fpdi/src/PdfParser/Tokenizer.php HTTP/1.1" 200 0 "-" "Mozilla/5.0 AppleWebKit/537.36 (KHTML, like Gecko; compatible; GPTBot/1.2; +https://openai.com/gptbot)"
66.249.70.32 - - [18/Sep/2025:21:06:39 +0000] "GET /vendor/mpdf/?MA HTTP/1.1" 200 666 "-" "Mozilla/5.0 (Linux; Android 6.0.1; Nexus 5X Build/MMB29P) AppleWebKit/537.36 (KHTML, like Gecko) Chrome/140.0.7339.127 Mobile Safari/537.36 (compatible; GoogleOther)"
20.171.207.28 - - [18/Sep/2025:21:06:43 +0000] "GET /vendor/setasign/fpdi/src/PdfReader/error_log HTTP/1.1" 403 1242 "-" "Mozilla/5.0 AppleWebKit/537.36 (KHTML, like Gecko; compatible; GPTBot/1.2; +https://openai.com/gptbot)"
20.171.207.28 - - [18/Sep/2025:20:56:38 +0000] "GET /vendor/setasign/fpdi/src/Tcpdf/?NA HTTP/1.1" 200 692 "-" "Mozilla/5.0 AppleWebKit/537.36 (KHTML, like Gecko; compatible; GPTBot/1.2; +https://openai.com/gptbot)"
20.171.207.28 - - [18/Sep/2025:20:57:29 +0000] "GET /vendor/setasign/fpdi/src/PdfParser/Type/PdfType.php HTTP/1.1" 200 0 "-" "Mozilla/5.0 AppleWebKit/537.36 (KHTML, like Gecko; compatible; GPTBot/1.2; +https://openai.com/gptbot)"
4.227.36.50 - - [18/Sep/2025:20:58:22 +0000] "GET /robots.txt HTTP/1.1" 404 1251 "-" "Mozilla/5.0 AppleWebKit/537.36 (KHTML, like Gecko; compatible; GPTBot/1.2; +https://openai.com/gptbot)"
20.171.207.28 - - [18/Sep/2025:21:01:26 +0000] "GET /vendor/setasign/fpdi/src/PdfParser/PdfParserException.php HTTP/1.1" 500 0 "-" "Mozilla/5.0 AppleWebKit/537.36 (KHTML, like Gecko; compatible; GPTBot/1.2; +https://openai.com/gptbot)"
20.171.207.28 - - [18/Sep/2025:21:02:27 +0000] "GET /vendor/setasign/fpdi/src/PdfParser/Filter/?SA HTTP/1.1" 200 1153 "-" "Mozilla/5.0 AppleWebKit/537.36 (KHTML, like Gecko; compatible; GPTBot/1.2; +https://openai.com/gptbot)"
20.171.207.28 - - [18/Sep/2025:21:03:30 +0000] "GET /vendor/setasign/fpdi/src/PdfParser/Type/?MD HTTP/1.1" 200 1308 "-" "Mozilla/5.0 AppleWebKit/537.36 (KHTML, like Gecko; compatible; GPTBot/1.2; +https://openai.com/gptbot)"
4.227.36.50 - - [18/Sep/2025:21:03:39 +0000] "GET /robots.txt HTTP/1.1" 404 1251 "-" "Mozilla/5.0 AppleWebKit/537.36 (KHTML, like Gecko; compatible; GPTBot/1.2; +https://openai.com/gptbot)"
20.171.207.28 - - [18/Sep/2025:21:05:13 +0000] "GET /vendor/setasign/fpdi/src/PdfParser/Filter/?ND HTTP/1.1" 200 1166 "-" "Mozilla/5.0 AppleWebKit/537.36 (KHTML, like Gecko; compatible; GPTBot/1.2; +https://openai.com/gptbot)"
66.249.70.34 - - [18/Sep/2025:21:05:31 +0000] "GET /vendor/markbaker/complex/ HTTP/1.1" 200 698 "-" "Mozilla/5.0 (Linux; Android 6.0.1; Nexus 5X Build/MMB29P) AppleWebKit/537.36 (KHTML, like Gecko) Chrome/140.0.7339.127 Mobile Safari/537.36 (compatible; GoogleOther)"
20.171.207.28 - - [18/Sep/2025:21:06:00 +0000] "GET /vendor/setasign/fpdi/src/PdfParser/Filter/FilterException.php HTTP/1.1" 500 0 "-" "Mozilla/5.0 AppleWebKit/537.36 (KHTML, like Gecko; compatible; GPTBot/1.2; +https://openai.com/gptbot)"
20.171.207.28 - - [18/Sep/2025:21:07:47 +0000] "GET /vendor/setasign/fpdi/src/Tcpdf/Fpdi.php HTTP/1.1" 500 0 "-" "Mozilla/5.0 AppleWebKit/537.36 (KHTML, like Gecko; compatible; GPTBot/1.2; +https://openai.com/gptbot)"
4.227.36.50 - - [18/Sep/2025:21:08:52 +0000] "GET /robots.txt HTTP/1.1" 404 1251 "-" "Mozilla/5.0 AppleWebKit/537.36 (KHTML, like Gecko; compatible; GPTBot/1.2; +https://openai.com/gptbot)"
20.171.207.28 - - [18/Sep/2025:21:09:51 +0000] "GET /vendor/setasign/fpdi/src/PdfParser/Filter/LzwException.php HTTP/1.1" 500 0 "-" "Mozilla/5.0 AppleWebKit/537.36 (KHTML, like Gecko; compatible; GPTBot/1.2; +https://openai.com/gptbot)"
20.171.207.28 - - [18/Sep/2025:21:10:53 +0000] "GET /vendor/setasign/fpdi/src/PdfParser/Type/PdfStream.php HTTP/1.1" 500 0 "-" "Mozilla/5.0 AppleWebKit/537.36 (KHTML, like Gecko; compatible; GPTBot/1.2; +https://openai.com/gptbot)"
20.171.207.28 - - [18/Sep/2025:21:11:59 +0000] "GET /vendor/setasign/fpdi/src/PdfParser/Type/PdfToken.php HTTP/1.1" 500 0 "-" "Mozilla/5.0 AppleWebKit/537.36 (KHTML, like Gecko; compatible; GPTBot/1.2; +https://openai.com/gptbot)"
65.21.208.232 - - [18/Sep/2025:21:12:19 +0000] "GET / HTTP/1.1" 200 1423 "-" "Python/3.11 aiohttp/3.9.2"
20.171.207.28 - - [18/Sep/2025:21:13:01 +0000] "GET /vendor/setasign/fpdi/src/PdfParser/Filter/Lzw.php HTTP/1.1" 500 0 "-" "Mozilla/5.0 AppleWebKit/537.36 (KHTML, like Gecko; compatible; GPTBot/1.2; +https://openai.com/gptbot)"
65.21.208.232 - - [18/Sep/2025:21:13:09 +0000] "GET / HTTP/1.1" 200 1412 "-" "Python/3.11 aiohttp/3.9.2"
20.171.207.28 - - [18/Sep/2025:21:16:10 +0000] "GET /vendor/setasign/fpdi/src/PdfParser/Type/PdfString.php HTTP/1.1" 500 0 "-" "Mozilla/5.0 AppleWebKit/537.36 (KHTML, like Gecko; compatible; GPTBot/1.2; +https://openai.com/gptbot)"
20.171.207.28 - - [18/Sep/2025:21:18:14 +0000] "GET /vendor/setasign/fpdi/src/PdfParser/Type/PdfArray.php HTTP/1.1" 500 0 "-" "Mozilla/5.0 AppleWebKit/537.36 (KHTML, like Gecko; compatible; GPTBot/1.2; +https://openai.com/gptbot)"
20.171.207.28 - - [18/Sep/2025:21:19:19 +0000] "GET /vendor/setasign/fpdi/src/PdfParser/Type/PdfNull.php HTTP/1.1" 500 0 "-" "Mozilla/5.0 AppleWebKit/537.36 (KHTML, like Gecko; compatible; GPTBot/1.2; +https://openai.com/gptbot)"
20.171.207.28 - - [18/Sep/2025:21:20:21 +0000] "GET /vendor/setasign/fpdi/src/PdfParser/Type/PdfHexString.php HTTP/1.1" 500 0 "-" "Mozilla/5.0 AppleWebKit/537.36 (KHTML, like Gecko; compatible; GPTBot/1.2; +https://openai.com/gptbot)"
4.227.36.50 - - [18/Sep/2025:21:20:24 +0000] "GET /robots.txt HTTP/1.1" 404 1251 "-" "Mozilla/5.0 AppleWebKit/537.36 (KHTML, like Gecko; compatible; GPTBot/1.2; +https://openai.com/gptbot)"
20.171.207.28 - - [18/Sep/2025:21:21:26 +0000] "GET /vendor/illuminate/database/Events/TransactionCommitted.php HTTP/1.1" 500 0 "-" "Mozilla/5.0 AppleWebKit/537.36 (KHTML, like Gecko; compatible; GPTBot/1.2; +https://openai.com/gptbot)"
20.171.207.28 - - [18/Sep/2025:21:22:31 +0000] "GET /vendor/myclabs/deep-copy/src/?SD HTTP/1.1" 200 632 "-" "Mozilla/5.0 AppleWebKit/537.36 (KHTML, like Gecko; compatible; GPTBot/1.2; +https://openai.com/gptbot)"
20.171.207.28 - - [18/Sep/2025:21:25:27 +0000] "GET /vendor/setasign/fpdi/src/PdfParser/Filter/FlateException.php HTTP/1.1" 500 0 "-" "Mozilla/5.0 AppleWebKit/537.36 (KHTML, like Gecko; compatible; GPTBot/1.2; +https://openai.com/gptbot)"
20.171.207.28 - - [18/Sep/2025:21:26:16 +0000] "GET /vendor/setasign/fpdi/src/PdfParser/Filter/?NA HTTP/1.1" 200 1161 "-" "Mozilla/5.0 AppleWebKit/537.36 (KHTML, like Gecko; compatible; GPTBot/1.2; +https://openai.com/gptbot)"
4.227.36.50 - - [18/Sep/2025:21:26:24 +0000] "GET /robots.txt HTTP/1.1" 404 1251 "-" "Mozilla/5.0 AppleWebKit/537.36 (KHTML, like Gecko; compatible; GPTBot/1.2; +https://openai.com/gptbot)"
182.44.2.148 - - [18/Sep/2025:21:29:57 +0000] "GET / HTTP/1.1" 200 1416 "-" "Mozilla/5.0 (iPhone; CPU iPhone OS 13_2_3 like Mac OS X) AppleWebKit/605.1.15 (KHTML, like Gecko) Version/13.0.3 Mobile/15E148 Safari/604.1"
4.227.36.50 - - [18/Sep/2025:21:34:49 +0000] "GET /robots.txt HTTP/1.1" 404 1251 "-" "Mozilla/5.0 AppleWebKit/537.36 (KHTML, like Gecko; compatible; GPTBot/1.2; +https://openai.com/gptbot)"
20.171.207.28 - - [18/Sep/2025:21:35:43 +0000] "GET /vendor/myclabs/deep-copy/src/?NA HTTP/1.1" 200 630 "-" "Mozilla/5.0 AppleWebKit/537.36 (KHTML, like Gecko; compatible; GPTBot/1.2; +https://openai.com/gptbot)"
66.249.70.33 - - [18/Sep/2025:21:35:59 +0000] "GET /vendor/mpdf/psr-http-message-shim/ HTTP/1.1" 200 680 "-" "Mozilla/5.0 (Linux; Android 6.0.1; Nexus 5X Build/MMB29P) AppleWebKit/537.36 (KHTML, like Gecko) Chrome/140.0.7339.127 Mobile Safari/537.36 (compatible; GoogleOther)"
20.171.207.28 - - [18/Sep/2025:21:37:28 +0000] "GET /vendor/guzzlehttp/psr7/?SD HTTP/1.1" 200 742 "-" "Mozilla/5.0 AppleWebKit/537.36 (KHTML, like Gecko; compatible; GPTBot/1.2; +https://openai.com/gptbot)"
20.171.207.28 - - [18/Sep/2025:21:38:54 +0000] "GET /vendor/setasign/fpdi/src/PdfParser/Filter/Flate.php HTTP/1.1" 500 0 "-" "Mozilla/5.0 AppleWebKit/537.36 (KHTML, like Gecko; compatible; GPTBot/1.2; +https://openai.com/gptbot)"
20.171.207.28 - - [18/Sep/2025:21:39:58 +0000] "GET /vendor/setasign/fpdi/src/PdfParser/Filter/Ascii85.php HTTP/1.1" 500 0 "-" "Mozilla/5.0 AppleWebKit/537.36 (KHTML, like Gecko; compatible; GPTBot/1.2; +https://openai.com/gptbot)"
20.171.207.28 - - [18/Sep/2025:21:41:03 +0000] "GET /vendor/setasign/fpdi/src/PdfParser/Filter/Ascii85Exception.php HTTP/1.1" 500 0 "-" "Mozilla/5.0 AppleWebKit/537.36 (KHTML, like Gecko; compatible; GPTBot/1.2; +https://openai.com/gptbot)"
20.171.207.28 - - [18/Sep/2025:21:42:06 +0000] "GET /vendor/setasign/fpdi/src/PdfParser/Type/PdfTypeException.php HTTP/1.1" 500 0 "-" "Mozilla/5.0 AppleWebKit/537.36 (KHTML, like Gecko; compatible; GPTBot/1.2; +https://openai.com/gptbot)"
20.171.207.28 - - [18/Sep/2025:21:43:12 +0000] "GET /vendor/setasign/fpdi/src/Tfpdf/Fpdi.php HTTP/1.1" 500 0 "-" "Mozilla/5.0 AppleWebKit/537.36 (KHTML, like Gecko; compatible; GPTBot/1.2; +https://openai.com/gptbot)"
20.171.207.28 - - [18/Sep/2025:21:45:17 +0000] "GET /vendor/setasign/fpdi/src/PdfParser/Filter/LzwException.php HTTP/1.1" 500 0 "-" "Mozilla/5.0 AppleWebKit/537.36 (KHTML, like Gecko; compatible; GPTBot/1.2; +https://openai.com/gptbot)"
20.171.207.28 - - [18/Sep/2025:21:46:16 +0000] "GET /vendor/erusev/?MA HTTP/1.1" 200 621 "-" "Mozilla/5.0 AppleWebKit/537.36 (KHTML, like Gecko; compatible; GPTBot/1.2; +https://openai.com/gptbot)"
196.217.138.14 - - [18/Sep/2025:21:47:12 +0000] "GET /.env HTTP/1.1" 404 1251 "-" "Mozlila/5.0 (Linux; Android 7.0; SM-G892A Bulid/NRD90M; wv) AppleWebKit/537.36 (KHTML, like Gecko) Version/4.0 Chrome/60.0.3112.107 Moblie Safari/537.36"
20.171.207.28 - - [18/Sep/2025:21:47:19 +0000] "GET /vendor/setasign/fpdi/src/PdfParser/Filter/FilterException.php HTTP/1.1" 500 0 "-" "Mozilla/5.0 AppleWebKit/537.36 (KHTML, like Gecko; compatible; GPTBot/1.2; +https://openai.com/gptbot)"
20.171.207.28 - - [18/Sep/2025:21:48:18 +0000] "GET /vendor/dragonmantank/cron-expression/src/Cron/FieldInterface.php HTTP/1.1" 200 0 "-" "Mozilla/5.0 AppleWebKit/537.36 (KHTML, like Gecko; compatible; GPTBot/1.2; +https://openai.com/gptbot)"
20.171.207.28 - - [18/Sep/2025:21:49:19 +0000] "GET /vendor/erusev/?ND HTTP/1.1" 200 616 "-" "Mozilla/5.0 AppleWebKit/537.36 (KHTML, like Gecko; compatible; GPTBot/1.2; +https://openai.com/gptbot)"
20.171.207.28 - - [18/Sep/2025:21:50:18 +0000] "GET /vendor/dragonmantank/cron-expression/src/Cron/FieldFactory.php HTTP/1.1" 500 0 "-" "Mozilla/5.0 AppleWebKit/537.36 (KHTML, like Gecko; compatible; GPTBot/1.2; +https://openai.com/gptbot)"
20.171.207.28 - - [18/Sep/2025:21:51:10 +0000] "GET /vendor/erusev/?SA HTTP/1.1" 200 621 "-" "Mozilla/5.0 AppleWebKit/537.36 (KHTML, like Gecko; compatible; GPTBot/1.2; +https://openai.com/gptbot)"
20.171.207.28 - - [18/Sep/2025:21:52:13 +0000] "GET /vendor/illuminate/validation/ValidationServiceProvider.php HTTP/1.1" 500 0 "-" "Mozilla/5.0 AppleWebKit/537.36 (KHTML, like Gecko; compatible; GPTBot/1.2; +https://openai.com/gptbot)"
20.171.207.28 - - [18/Sep/2025:21:08:50 +0000] "GET /vendor/setasign/fpdi/src/PdfParser/Filter/Ascii85.php HTTP/1.1" 500 0 "-" "Mozilla/5.0 AppleWebKit/537.36 (KHTML, like Gecko; compatible; GPTBot/1.2; +https://openai.com/gptbot)"
20.171.207.28 - - [18/Sep/2025:21:14:04 +0000] "GET /vendor/setasign/fpdi/src/PdfParser/Filter/Flate.php HTTP/1.1" 500 0 "-" "Mozilla/5.0 AppleWebKit/537.36 (KHTML, like Gecko; compatible; GPTBot/1.2; +https://openai.com/gptbot)"
20.171.207.28 - - [18/Sep/2025:21:15:10 +0000] "GET /vendor/setasign/fpdi/src/PdfParser/Filter/Ascii85Exception.php HTTP/1.1" 500 0 "-" "Mozilla/5.0 AppleWebKit/537.36 (KHTML, like Gecko; compatible; GPTBot/1.2; +https://openai.com/gptbot)"
20.171.207.28 - - [18/Sep/2025:21:17:12 +0000] "GET /vendor/setasign/fpdi/src/PdfParser/Type/PdfName.php HTTP/1.1" 500 0 "-" "Mozilla/5.0 AppleWebKit/537.36 (KHTML, like Gecko; compatible; GPTBot/1.2; +https://openai.com/gptbot)"
66.249.70.32 - - [18/Sep/2025:21:18:23 +0000] "GET /vendor/mpdf/mpdf/ HTTP/1.1" 200 1231 "-" "Mozilla/5.0 (Linux; Android 6.0.1; Nexus 5X Build/MMB29P) AppleWebKit/537.36 (KHTML, like Gecko) Chrome/140.0.7339.127 Mobile Safari/537.36 (compatible; GoogleOther)"
20.171.207.28 - - [18/Sep/2025:21:23:34 +0000] "GET /vendor/setasign/fpdi/src/PdfParser/error_log HTTP/1.1" 403 1242 "-" "Mozilla/5.0 AppleWebKit/537.36 (KHTML, like Gecko; compatible; GPTBot/1.2; +https://openai.com/gptbot)"
20.171.207.28 - - [18/Sep/2025:21:24:31 +0000] "GET /vendor/setasign/fpdi/src/PdfParser/Filter/?SD HTTP/1.1" 200 1163 "-" "Mozilla/5.0 AppleWebKit/537.36 (KHTML, like Gecko; compatible; GPTBot/1.2; +https://openai.com/gptbot)"
20.171.207.28 - - [18/Sep/2025:21:27:20 +0000] "GET /vendor/setasign/fpdi/src/Tfpdf/ HTTP/1.1" 200 655 "-" "Mozilla/5.0 AppleWebKit/537.36 (KHTML, like Gecko; compatible; GPTBot/1.2; +https://openai.com/gptbot)"
20.171.207.28 - - [18/Sep/2025:21:34:39 +0000] "GET /vendor/setasign/fpdi/src/PdfParser/Type/PdfIndirectObjectReference.php HTTP/1.1" 500 0 "-" "Mozilla/5.0 AppleWebKit/537.36 (KHTML, like Gecko; compatible; GPTBot/1.2; +https://openai.com/gptbot)"
20.171.207.28 - - [18/Sep/2025:21:34:48 +0000] "GET /vendor/myclabs/deep-copy/src/?MD HTTP/1.1" 200 635 "-" "Mozilla/5.0 AppleWebKit/537.36 (KHTML, like Gecko; compatible; GPTBot/1.2; +https://openai.com/gptbot)"
20.171.207.28 - - [18/Sep/2025:21:36:37 +0000] "GET /vendor/setasign/fpdi/src/PdfParser/Filter/?MD HTTP/1.1" 200 1161 "-" "Mozilla/5.0 AppleWebKit/537.36 (KHTML, like Gecko; compatible; GPTBot/1.2; +https://openai.com/gptbot)"
20.171.207.28 - - [18/Sep/2025:21:38:12 +0000] "GET /vendor/setasign/fpdi/src/PdfParser/Filter/Lzw.php HTTP/1.1" 500 0 "-" "Mozilla/5.0 AppleWebKit/537.36 (KHTML, like Gecko; compatible; GPTBot/1.2; +https://openai.com/gptbot)"
65.21.208.232 - - [18/Sep/2025:21:42:21 +0000] "GET / HTTP/1.1" 200 1423 "-" "Python/3.11 aiohttp/3.9.2"
65.21.208.232 - - [18/Sep/2025:21:43:12 +0000] "GET / HTTP/1.1" 200 1412 "-" "Python/3.11 aiohttp/3.9.2"
20.171.207.28 - - [18/Sep/2025:21:44:17 +0000] "GET /vendor/spatie/ray/LICENSE.md HTTP/1.1" 200 1090 "-" "Mozilla/5.0 AppleWebKit/537.36 (KHTML, like Gecko; compatible; GPTBot/1.2; +https://openai.com/gptbot)"
4.227.36.50 - - [18/Sep/2025:21:45:18 +0000] "GET /robots.txt HTTP/1.1" 404 1251 "-" "Mozilla/5.0 AppleWebKit/537.36 (KHTML, like Gecko; compatible; GPTBot/1.2; +https://openai.com/gptbot)"
66.249.70.34 - - [18/Sep/2025:21:48:20 +0000] "GET /vendor/mpdf/?ND HTTP/1.1" 200 660 "-" "Mozilla/5.0 (Linux; Android 6.0.1; Nexus 5X Build/MMB29P) AppleWebKit/537.36 (KHTML, like Gecko) Chrome/140.0.7339.127 Mobile Safari/537.36 (compatible; GoogleOther)"
4.227.36.50 - - [18/Sep/2025:21:51:15 +0000] "GET /robots.txt HTTP/1.1" 404 1251 "-" "Mozilla/5.0 AppleWebKit/537.36 (KHTML, like Gecko; compatible; GPTBot/1.2; +https://openai.com/gptbot)"
20.171.207.28 - - [18/Sep/2025:21:53:12 +0000] "GET /vendor/rector/?MA HTTP/1.1" 200 616 "-" "Mozilla/5.0 AppleWebKit/537.36 (KHTML, like Gecko; compatible; GPTBot/1.2; +https://openai.com/gptbot)"
20.171.207.28 - - [18/Sep/2025:21:59:48 +0000] "GET /ui/theme/default/img/backgrounds/prev-bg-1.png HTTP/1.1" 404 1251 "-" "Mozilla/5.0 AppleWebKit/537.36 (KHTML, like Gecko; compatible; GPTBot/1.2; +https://openai.com/gptbot)"
20.171.207.28 - - [18/Sep/2025:22:00:33 +0000] "GET /vendor/rector/?NA HTTP/1.1" 200 613 "-" "Mozilla/5.0 AppleWebKit/537.36 (KHTML, like Gecko; compatible; GPTBot/1.2; +https://openai.com/gptbot)"
20.171.207.28 - - [18/Sep/2025:22:01:18 +0000] "GET /ui/theme/default/img/backgrounds/prev-bg-3.png HTTP/1.1" 404 1251 "-" "Mozilla/5.0 AppleWebKit/537.36 (KHTML, like Gecko; compatible; GPTBot/1.2; +https://openai.com/gptbot)"
20.171.207.28 - - [18/Sep/2025:22:03:20 +0000] "GET /vendor/erusev/?NA HTTP/1.1" 200 617 "-" "Mozilla/5.0 AppleWebKit/537.36 (KHTML, like Gecko; compatible; GPTBot/1.2; +https://openai.com/gptbot)"
20.171.207.28 - - [18/Sep/2025:22:03:52 +0000] "GET /vendor/erusev/?MD HTTP/1.1" 200 621 "-" "Mozilla/5.0 AppleWebKit/537.36 (KHTML, like Gecko; compatible; GPTBot/1.2; +https://openai.com/gptbot)"
20.171.207.28 - - [18/Sep/2025:22:05:16 +0000] "GET /vendor/guzzlehttp/psr7/src/MultipartStream.php HTTP/1.1" 500 0 "-" "Mozilla/5.0 AppleWebKit/537.36 (KHTML, like Gecko; compatible; GPTBot/1.2; +https://openai.com/gptbot)"
20.171.207.28 - - [18/Sep/2025:22:06:46 +0000] "GET /vendor/setasign/fpdi/src/PdfParser/Filter/AsciiHex.php HTTP/1.1" 500 0 "-" "Mozilla/5.0 AppleWebKit/537.36 (KHTML, like Gecko; compatible; GPTBot/1.2; +https://openai.com/gptbot)"
66.249.70.33 - - [18/Sep/2025:22:09:22 +0000] "GET /vendor/markbaker/complex/ HTTP/1.1" 200 698 "-" "Mozilla/5.0 (Linux; Android 6.0.1; Nexus 5X Build/MMB29P) AppleWebKit/537.36 (KHTML, like Gecko) Chrome/140.0.7339.127 Mobile Safari/537.36 (compatible; GoogleOther)"
20.171.207.28 - - [18/Sep/2025:22:09:53 +0000] "GET /vendor/php-http/ HTTP/1.1" 200 652 "-" "Mozilla/5.0 AppleWebKit/537.36 (KHTML, like Gecko; compatible; GPTBot/1.2; +https://openai.com/gptbot)"
4.227.36.50 - - [18/Sep/2025:22:09:55 +0000] "GET /robots.txt HTTP/1.1" 404 1251 "-" "Mozilla/5.0 AppleWebKit/537.36 (KHTML, like Gecko; compatible; GPTBot/1.2; +https://openai.com/gptbot)"
20.171.207.28 - - [18/Sep/2025:22:10:52 +0000] "GET /vendor/guzzlehttp/psr7/src/Rfc7230.php HTTP/1.1" 200 0 "-" "Mozilla/5.0 AppleWebKit/537.36 (KHTML, like Gecko; compatible; GPTBot/1.2; +https://openai.com/gptbot)"
20.171.207.28 - - [18/Sep/2025:22:11:43 +0000] "GET /vendor/filp/whoops/ HTTP/1.1" 200 765 "-" "Mozilla/5.0 AppleWebKit/537.36 (KHTML, like Gecko; compatible; GPTBot/1.2; +https://openai.com/gptbot)"
65.21.208.232 - - [18/Sep/2025:22:12:20 +0000] "GET / HTTP/1.1" 200 1423 "-" "Python/3.11 aiohttp/3.9.2"
66.249.70.32 - - [18/Sep/2025:22:12:31 +0000] "GET /vendor/twig/ HTTP/1.1" 200 610 "-" "Mozilla/5.0 (Linux; Android 6.0.1; Nexus 5X Build/MMB29P) AppleWebKit/537.36 (KHTML, like Gecko) Chrome/140.0.7339.127 Mobile Safari/537.36 (compatible; GoogleOther)"
20.171.207.28 - - [18/Sep/2025:22:13:07 +0000] "GET /vendor/guzzlehttp/psr7/src/UploadedFile.php HTTP/1.1" 500 0 "-" "Mozilla/5.0 AppleWebKit/537.36 (KHTML, like Gecko; compatible; GPTBot/1.2; +https://openai.com/gptbot)"
65.21.208.232 - - [18/Sep/2025:22:13:12 +0000] "GET / HTTP/1.1" 200 1412 "-" "Python/3.11 aiohttp/3.9.2"
