66.249.70.34 - - [19/Sep/2025:00:18:00 +0000] "GET /vendor/doctrine/ HTTP/1.1" 200 645 "-" "Mozilla/5.0 (Linux; Android 6.0.1; Nexus 5X Build/MMB29P) AppleWebKit/537.36 (KHTML, like Gecko) Chrome/140.0.7339.127 Mobile Safari/537.36 (compatible; GoogleOther)"
20.171.207.28 - - [19/Sep/2025:00:18:34 +0000] "GET /vendor/php-http/discovery/src/Strategy/?NA HTTP/1.1" 200 1115 "-" "Mozilla/5.0 AppleWebKit/537.36 (KHTML, like Gecko; compatible; GPTBot/1.2; +https://openai.com/gptbot)"
20.171.207.28 - - [19/Sep/2025:00:19:24 +0000] "GET /vendor/php-http/discovery/src/Strategy/CommonPsr17ClassesStrategy.php HTTP/1.1" 500 0 "-" "Mozilla/5.0 AppleWebKit/537.36 (KHTML, like Gecko; compatible; GPTBot/1.2; +https://openai.com/gptbot)"
20.171.207.28 - - [19/Sep/2025:00:28:18 +0000] "GET /vendor/php-http/discovery/LICENSE HTTP/1.1" 200 1082 "-" "Mozilla/5.0 AppleWebKit/537.36 (KHTML, like Gecko; compatible; GPTBot/1.2; +https://openai.com/gptbot)"
20.171.207.28 - - [19/Sep/2025:00:30:08 +0000] "GET /vendor/php-http/discovery/src/Exception/StrategyUnavailableException.php HTTP/1.1" 500 0 "-" "Mozilla/5.0 AppleWebKit/537.36 (KHTML, like Gecko; compatible; GPTBot/1.2; +https://openai.com/gptbot)"
20.171.207.28 - - [19/Sep/2025:00:31:58 +0000] "GET /vendor/php-http/discovery/src/Exception/NoCandidateFoundException.php HTTP/1.1" 500 0 "-" "Mozilla/5.0 AppleWebKit/537.36 (KHTML, like Gecko; compatible; GPTBot/1.2; +https://openai.com/gptbot)"
20.171.207.28 - - [19/Sep/2025:00:35:45 +0000] "GET /vendor/illuminate/support/Facades/Blade.php HTTP/1.1" 500 0 "-" "Mozilla/5.0 AppleWebKit/537.36 (KHTML, like Gecko; compatible; GPTBot/1.2; +https://openai.com/gptbot)"
66.249.70.33 - - [19/Sep/2025:00:35:59 +0000] "GET /_autoindex/assets/js/tablesort.number.js HTTP/1.1" 200 322 "http://veroserv.com/vendor/carbonphp/" "Mozilla/5.0 (Linux; Android 6.0.1; Nexus 5X Build/MMB29P) AppleWebKit/537.36 (KHTML, like Gecko) Chrome/140.0.7339.127 Mobile Safari/537.36 (compatible; Googlebot/2.1; +http://www.google.com/bot.html)"
66.249.70.32 - - [19/Sep/2025:00:36:03 +0000] "GET /_autoindex/assets/css/autoindex.css HTTP/1.1" 200 1170 "http://veroserv.com/vendor/carbonphp/" "Mozilla/5.0 (Linux; Android 6.0.1; Nexus 5X Build/MMB29P) AppleWebKit/537.36 (KHTML, like Gecko) Chrome/140.0.7339.127 Mobile Safari/537.36 (compatible; Googlebot/2.1; +http://www.google.com/bot.html)"
66.249.70.32 - - [19/Sep/2025:00:27:59 +0000] "GET /client/ HTTP/1.1" 302 0 "-" "Mozilla/5.0 (Linux; Android 6.0.1; Nexus 5X Build/MMB29P) AppleWebKit/537.36 (KHTML, like Gecko) Chrome/140.0.7339.127 Mobile Safari/537.36 (compatible; GoogleOther)"
66.249.70.32 - - [19/Sep/2025:00:28:23 +0000] "GET /?ng=client/where/ HTTP/1.1" 200 1245 "-" "Mozilla/5.0 (Linux; Android 6.0.1; Nexus 5X Build/MMB29P) AppleWebKit/537.36 (KHTML, like Gecko) Chrome/140.0.7339.127 Mobile Safari/537.36 (compatible; GoogleOther)"
20.171.207.28 - - [19/Sep/2025:00:29:14 +0000] "GET /vendor/php-http/discovery/src/Exception.php HTTP/1.1" 200 0 "-" "Mozilla/5.0 AppleWebKit/537.36 (KHTML, like Gecko; compatible; GPTBot/1.2; +https://openai.com/gptbot)"
20.171.207.28 - - [19/Sep/2025:00:30:55 +0000] "GET /vendor/php-http/discovery/src/Strategy/?SD HTTP/1.1" 200 1111 "-" "Mozilla/5.0 AppleWebKit/537.36 (KHTML, like Gecko; compatible; GPTBot/1.2; +https://openai.com/gptbot)"
20.171.207.28 - - [19/Sep/2025:00:32:53 +0000] "GET /vendor/illuminate/database/Migrations/stubs/migration.stub HTTP/1.1" 200 376 "-" "Mozilla/5.0 AppleWebKit/537.36 (KHTML, like Gecko; compatible; GPTBot/1.2; +https://openai.com/gptbot)"
20.171.207.28 - - [19/Sep/2025:00:33:55 +0000] "GET /vendor/php-http/discovery/src/Strategy/DiscoveryStrategy.php HTTP/1.1" 200 0 "-" "Mozilla/5.0 AppleWebKit/537.36 (KHTML, like Gecko; compatible; GPTBot/1.2; +https://openai.com/gptbot)"
20.171.207.28 - - [19/Sep/2025:00:34:54 +0000] "GET /vendor/php-http/discovery/src/Composer/Plugin.php HTTP/1.1" 500 0 "-" "Mozilla/5.0 AppleWebKit/537.36 (KHTML, like Gecko; compatible; GPTBot/1.2; +https://openai.com/gptbot)"
66.249.70.33 - - [19/Sep/2025:00:35:56 +0000] "GET /vendor/carbonphp/ HTTP/1.1" 200 617 "-" "Mozilla/5.0 (Linux; Android 6.0.1; Nexus 5X Build/MMB29P) AppleWebKit/537.36 (KHTML, like Gecko) Chrome/140.0.7339.127 Mobile Safari/537.36 (compatible; GoogleOther)"
20.171.207.28 - - [19/Sep/2025:00:37:50 +0000] "GET /vendor/guzzlehttp/promises/src/error_log HTTP/1.1" 403 1242 "-" "Mozilla/5.0 AppleWebKit/537.36 (KHTML, like Gecko; compatible; GPTBot/1.2; +https://openai.com/gptbot)"
20.171.207.28 - - [19/Sep/2025:00:39:56 +0000] "GET /vendor/illuminate/database/Migrations/stubs/migration.create.stub HTTP/1.1" 200 539 "-" "Mozilla/5.0 AppleWebKit/537.36 (KHTML, like Gecko; compatible; GPTBot/1.2; +https://openai.com/gptbot)"
20.171.207.28 - - [19/Sep/2025:00:43:01 +0000] "GET /vendor/php-http/discovery/src/Strategy/CommonPsr17ClassesStrategy.php HTTP/1.1" 500 0 "-" "Mozilla/5.0 AppleWebKit/537.36 (KHTML, like Gecko; compatible; GPTBot/1.2; +https://openai.com/gptbot)"
65.21.208.232 - - [19/Sep/2025:00:43:25 +0000] "GET / HTTP/1.1" 200 1471 "-" "Python/3.11 aiohttp/3.9.2"
20.171.207.28 - - [19/Sep/2025:00:45:11 +0000] "GET /vendor/guzzlehttp/promises/LICENSE HTTP/1.1" 200 1284 "-" "Mozilla/5.0 AppleWebKit/537.36 (KHTML, like Gecko; compatible; GPTBot/1.2; +https://openai.com/gptbot)"
20.171.207.28 - - [19/Sep/2025:00:46:05 +0000] "GET /vendor/illuminate/database/Console/PruneCommand.php HTTP/1.1" 500 0 "-" "Mozilla/5.0 AppleWebKit/537.36 (KHTML, like Gecko; compatible; GPTBot/1.2; +https://openai.com/gptbot)"
66.249.70.34 - - [19/Sep/2025:00:47:40 +0000] "GET /vendor/mpdf/mpdf/CHANGELOG.md HTTP/1.1" 200 40268 "-" "Mozilla/5.0 (Linux; Android 6.0.1; Nexus 5X Build/MMB29P) AppleWebKit/537.36 (KHTML, like Gecko) Chrome/140.0.7339.127 Mobile Safari/537.36 (compatible; GoogleOther)"
20.171.207.28 - - [19/Sep/2025:00:48:00 +0000] "GET /vendor/illuminate/filesystem/LockableFile.php HTTP/1.1" 200 0 "-" "Mozilla/5.0 AppleWebKit/537.36 (KHTML, like Gecko; compatible; GPTBot/1.2; +https://openai.com/gptbot)"
20.171.207.28 - - [19/Sep/2025:00:48:59 +0000] "GET /vendor/masterminds/html5/ HTTP/1.1" 200 1111 "-" "Mozilla/5.0 AppleWebKit/537.36 (KHTML, like Gecko; compatible; GPTBot/1.2; +https://openai.com/gptbot)"
20.171.207.28 - - [19/Sep/2025:00:36:50 +0000] "GET /vendor/guzzlehttp/psr7/src/Uri.php HTTP/1.1" 500 0 "-" "Mozilla/5.0 AppleWebKit/537.36 (KHTML, like Gecko; compatible; GPTBot/1.2; +https://openai.com/gptbot)"
20.171.207.28 - - [19/Sep/2025:00:38:51 +0000] "GET /vendor/php-http/discovery/src/Strategy/PuliBetaStrategy.php HTTP/1.1" 500 0 "-" "Mozilla/5.0 AppleWebKit/537.36 (KHTML, like Gecko; compatible; GPTBot/1.2; +https://openai.com/gptbot)"
20.171.207.28 - - [19/Sep/2025:00:41:00 +0000] "GET /vendor/php-http/discovery/src/Strategy/CommonClassesStrategy.php HTTP/1.1" 500 0 "-" "Mozilla/5.0 AppleWebKit/537.36 (KHTML, like Gecko; compatible; GPTBot/1.2; +https://openai.com/gptbot)"
20.171.207.28 - - [19/Sep/2025:00:41:58 +0000] "GET /vendor/illuminate/support/Facades/Event.php HTTP/1.1" 500 0 "-" "Mozilla/5.0 AppleWebKit/537.36 (KHTML, like Gecko; compatible; GPTBot/1.2; +https://openai.com/gptbot)"
65.21.208.232 - - [19/Sep/2025:00:42:24 +0000] "GET / HTTP/1.1" 200 1482 "-" "Python/3.11 aiohttp/3.9.2"
4.227.36.50 - - [19/Sep/2025:00:43:03 +0000] "GET /robots.txt HTTP/1.1" 404 1251 "-" "Mozilla/5.0 AppleWebKit/537.36 (KHTML, like Gecko; compatible; GPTBot/1.2; +https://openai.com/gptbot)"
20.171.207.28 - - [19/Sep/2025:00:44:06 +0000] "GET /vendor/filp/whoops/composer.json HTTP/1.1" 200 472 "-" "Mozilla/5.0 AppleWebKit/537.36 (KHTML, like Gecko; compatible; GPTBot/1.2; +https://openai.com/gptbot)"
20.171.207.28 - - [19/Sep/2025:00:46:56 +0000] "GET /vendor/illuminate/console/Concerns/HasParameters.php HTTP/1.1" 200 0 "-" "Mozilla/5.0 AppleWebKit/537.36 (KHTML, like Gecko; compatible; GPTBot/1.2; +https://openai.com/gptbot)"
4.227.36.50 - - [19/Sep/2025:00:49:01 +0000] "GET /robots.txt HTTP/1.1" 404 1251 "-" "Mozilla/5.0 AppleWebKit/537.36 (KHTML, like Gecko; compatible; GPTBot/1.2; +https://openai.com/gptbot)"
20.171.207.28 - - [19/Sep/2025:00:50:37 +0000] "GET /vendor/intervention/ HTTP/1.1" 200 618 "-" "Mozilla/5.0 AppleWebKit/537.36 (KHTML, like Gecko; compatible; GPTBot/1.2; +https://openai.com/gptbot)"
20.171.207.28 - - [19/Sep/2025:00:51:53 +0000] "GET /vendor/spatie/ray/src/Payloads/ApplicationLogPayload.php HTTP/1.1" 500 0 "-" "Mozilla/5.0 AppleWebKit/537.36 (KHTML, like Gecko; compatible; GPTBot/1.2; +https://openai.com/gptbot)"
66.249.70.33 - - [19/Sep/2025:00:52:24 +0000] "GET /vendor/psr/ HTTP/1.1" 200 1008 "-" "Mozilla/5.0 (Linux; Android 6.0.1; Nexus 5X Build/MMB29P) AppleWebKit/537.36 (KHTML, like Gecko) Chrome/140.0.7339.127 Mobile Safari/537.36 (compatible; GoogleOther)"
20.171.207.28 - - [19/Sep/2025:00:52:58 +0000] "GET /vendor/illuminate/database/Console/Migrations/FreshCommand.php HTTP/1.1" 500 0 "-" "Mozilla/5.0 AppleWebKit/537.36 (KHTML, like Gecko; compatible; GPTBot/1.2; +https://openai.com/gptbot)"
66.249.70.33 - - [19/Sep/2025:00:53:11 +0000] "GET /vendor/fakerphp/faker/ HTTP/1.1" 200 771 "-" "Mozilla/5.0 (Linux; Android 6.0.1; Nexus 5X Build/MMB29P) AppleWebKit/537.36 (KHTML, like Gecko) Chrome/140.0.7339.127 Mobile Safari/537.36 (compatible; GoogleOther)"
20.171.207.28 - - [19/Sep/2025:00:54:01 +0000] "GET /vendor/illuminate/events/functions.php HTTP/1.1" 200 0 "-" "Mozilla/5.0 AppleWebKit/537.36 (KHTML, like Gecko; compatible; GPTBot/1.2; +https://openai.com/gptbot)"
4.227.36.50 - - [19/Sep/2025:00:54:02 +0000] "GET /robots.txt HTTP/1.1" 404 1251 "-" "Mozilla/5.0 AppleWebKit/537.36 (KHTML, like Gecko; compatible; GPTBot/1.2; +https://openai.com/gptbot)"
66.249.70.34 - - [19/Sep/2025:00:54:53 +0000] "GET /vendor/lcobucci/clock/ HTTP/1.1" 200 694 "-" "Mozilla/5.0 (Linux; Android 6.0.1; Nexus 5X Build/MMB29P) AppleWebKit/537.36 (KHTML, like Gecko) Chrome/140.0.7339.127 Mobile Safari/537.36 (compatible; GoogleOther)"
66.249.70.32 - - [19/Sep/2025:00:55:19 +0000] "GET /vendor/lcobucci/?MA HTTP/1.1" 200 633 "-" "Mozilla/5.0 (Linux; Android 6.0.1; Nexus 5X Build/MMB29P) AppleWebKit/537.36 (KHTML, like Gecko) Chrome/140.0.7339.127 Mobile Safari/537.36 (compatible; GoogleOther)"
20.171.207.28 - - [19/Sep/2025:00:56:01 +0000] "GET /vendor/masterminds/html5/?SA HTTP/1.1" 200 1112 "-" "Mozilla/5.0 AppleWebKit/537.36 (KHTML, like Gecko; compatible; GPTBot/1.2; +https://openai.com/gptbot)"
20.171.207.28 - - [19/Sep/2025:00:57:59 +0000] "GET /vendor/illuminate/database/Console/Migrations/InstallCommand.php HTTP/1.1" 500 0 "-" "Mozilla/5.0 AppleWebKit/537.36 (KHTML, like Gecko; compatible; GPTBot/1.2; +https://openai.com/gptbot)"
66.249.70.33 - - [19/Sep/2025:00:58:41 +0000] "GET /vendor/markbaker/complex/classes/src/ HTTP/1.1" 200 713 "-" "Mozilla/5.0 (Linux; Android 6.0.1; Nexus 5X Build/MMB29P) AppleWebKit/537.36 (KHTML, like Gecko) Chrome/140.0.7339.127 Mobile Safari/537.36 (compatible; GoogleOther)"
20.171.207.28 - - [19/Sep/2025:01:00:57 +0000] "GET /vendor/illuminate/database/Console/Seeds/WithoutModelEvents.php HTTP/1.1" 200 0 "-" "Mozilla/5.0 AppleWebKit/537.36 (KHTML, like Gecko; compatible; GPTBot/1.2; +https://openai.com/gptbot)"
20.171.207.28 - - [19/Sep/2025:01:01:47 +0000] "GET /vendor/illuminate/database/Console/Migrations/ResetCommand.php HTTP/1.1" 500 0 "-" "Mozilla/5.0 AppleWebKit/537.36 (KHTML, like Gecko; compatible; GPTBot/1.2; +https://openai.com/gptbot)"
4.227.36.50 - - [19/Sep/2025:01:02:33 +0000] "GET /robots.txt HTTP/1.1" 404 1251 "-" "Mozilla/5.0 AppleWebKit/537.36 (KHTML, like Gecko; compatible; GPTBot/1.2; +https://openai.com/gptbot)"
20.171.207.28 - - [19/Sep/2025:00:49:49 +0000] "GET /vendor/illuminate/events/ HTTP/1.1" 200 1213 "-" "Mozilla/5.0 AppleWebKit/537.36 (KHTML, like Gecko; compatible; GPTBot/1.2; +https://openai.com/gptbot)"
20.171.207.28 - - [19/Sep/2025:00:51:17 +0000] "GET /vendor/illuminate/database/Console/TableCommand.php HTTP/1.1" 500 0 "-" "Mozilla/5.0 AppleWebKit/537.36 (KHTML, like Gecko; compatible; GPTBot/1.2; +https://openai.com/gptbot)"
20.171.207.28 - - [19/Sep/2025:00:55:06 +0000] "GET /vendor/illuminate/database/Console/Migrations/RefreshCommand.php HTTP/1.1" 500 0 "-" "Mozilla/5.0 AppleWebKit/537.36 (KHTML, like Gecko; compatible; GPTBot/1.2; +https://openai.com/gptbot)"
20.171.207.28 - - [19/Sep/2025:00:57:05 +0000] "GET /vendor/illuminate/events/EventServiceProvider.php HTTP/1.1" 500 0 "-" "Mozilla/5.0 AppleWebKit/537.36 (KHTML, like Gecko; compatible; GPTBot/1.2; +https://openai.com/gptbot)"
20.171.207.28 - - [19/Sep/2025:00:58:59 +0000] "GET /vendor/illuminate/http/Client/Concerns/DeterminesStatusCode.php HTTP/1.1" 200 0 "-" "Mozilla/5.0 AppleWebKit/537.36 (KHTML, like Gecko; compatible; GPTBot/1.2; +https://openai.com/gptbot)"
20.171.207.28 - - [19/Sep/2025:01:00:00 +0000] "GET /vendor/masterminds/html5/RELEASE.md HTTP/1.1" 200 5070 "-" "Mozilla/5.0 AppleWebKit/537.36 (KHTML, like Gecko; compatible; GPTBot/1.2; +https://openai.com/gptbot)"
20.171.207.28 - - [19/Sep/2025:01:02:33 +0000] "GET /vendor/masterminds/html5/?MA HTTP/1.1" 200 1111 "-" "Mozilla/5.0 AppleWebKit/537.36 (KHTML, like Gecko; compatible; GPTBot/1.2; +https://openai.com/gptbot)"
20.171.207.28 - - [19/Sep/2025:01:03:36 +0000] "GET /vendor/masterminds/html5/?ND HTTP/1.1" 200 1116 "-" "Mozilla/5.0 AppleWebKit/537.36 (KHTML, like Gecko; compatible; GPTBot/1.2; +https://openai.com/gptbot)"
66.249.70.33 - - [19/Sep/2025:01:04:39 +0000] "GET /vendor/lcobucci/jwt/ HTTP/1.1" 200 692 "-" "Mozilla/5.0 (Linux; Android 6.0.1; Nexus 5X Build/MMB29P) AppleWebKit/537.36 (KHTML, like Gecko) Chrome/140.0.7339.127 Mobile Safari/537.36 (compatible; GoogleOther)"
20.171.207.28 - - [19/Sep/2025:01:04:31 +0000] "GET /vendor/masterminds/html5/?SD HTTP/1.1" 200 1113 "-" "Mozilla/5.0 AppleWebKit/537.36 (KHTML, like Gecko; compatible; GPTBot/1.2; +https://openai.com/gptbot)"
20.171.207.28 - - [19/Sep/2025:01:05:19 +0000] "GET /vendor/illuminate/events/LICENSE.md HTTP/1.1" 200 1075 "-" "Mozilla/5.0 AppleWebKit/537.36 (KHTML, like Gecko; compatible; GPTBot/1.2; +https://openai.com/gptbot)"
20.171.207.28 - - [19/Sep/2025:01:06:03 +0000] "GET /vendor/masterminds/html5/composer.json HTTP/1.1" 200 420 "-" "Mozilla/5.0 AppleWebKit/537.36 (KHTML, like Gecko; compatible; GPTBot/1.2; +https://openai.com/gptbot)"
66.249.70.33 - - [19/Sep/2025:01:06:09 +0000] "GET /vendor/ HTTP/1.1" 200 2047 "-" "Mozilla/5.0 (Linux; Android 6.0.1; Nexus 5X Build/MMB29P) AppleWebKit/537.36 (KHTML, like Gecko) Chrome/140.0.7339.127 Mobile Safari/537.36 (compatible; Googlebot/2.1; +http://www.google.com/bot.html)"
20.171.207.28 - - [19/Sep/2025:01:07:22 +0000] "GET /vendor/masterminds/html5/CREDITS HTTP/1.1" 200 687 "-" "Mozilla/5.0 AppleWebKit/537.36 (KHTML, like Gecko; compatible; GPTBot/1.2; +https://openai.com/gptbot)"
20.171.207.28 - - [19/Sep/2025:01:08:26 +0000] "GET /vendor/masterminds/html5/src/ HTTP/1.1" 200 670 "-" "Mozilla/5.0 AppleWebKit/537.36 (KHTML, like Gecko; compatible; GPTBot/1.2; +https://openai.com/gptbot)"
20.171.207.28 - - [19/Sep/2025:01:09:40 +0000] "GET /vendor/illuminate/events/InvokeQueuedClosure.php HTTP/1.1" 200 0 "-" "Mozilla/5.0 AppleWebKit/537.36 (KHTML, like Gecko; compatible; GPTBot/1.2; +https://openai.com/gptbot)"
20.171.207.28 - - [19/Sep/2025:01:10:00 +0000] "GET /vendor/intervention/image/ HTTP/1.1" 200 712 "-" "Mozilla/5.0 AppleWebKit/537.36 (KHTML, like Gecko; compatible; GPTBot/1.2; +https://openai.com/gptbot)"
20.171.207.28 - - [19/Sep/2025:01:10:34 +0000] "GET /vendor/masterminds/html5/src/HTML5/ HTTP/1.1" 200 1071 "-" "Mozilla/5.0 AppleWebKit/537.36 (KHTML, like Gecko; compatible; GPTBot/1.2; +https://openai.com/gptbot)"
20.171.207.28 - - [19/Sep/2025:01:11:01 +0000] "GET /vendor/masterminds/html5/bin/?MA HTTP/1.1" 200 639 "-" "Mozilla/5.0 AppleWebKit/537.36 (KHTML, like Gecko; compatible; GPTBot/1.2; +https://openai.com/gptbot)"
20.171.207.28 - - [19/Sep/2025:01:11:13 +0000] "GET /vendor/masterminds/html5/bin/?ND HTTP/1.1" 200 630 "-" "Mozilla/5.0 AppleWebKit/537.36 (KHTML, like Gecko; compatible; GPTBot/1.2; +https://openai.com/gptbot)"
20.171.207.28 - - [19/Sep/2025:01:11:23 +0000] "GET /vendor/masterminds/html5/bin/?SA HTTP/1.1" 200 637 "-" "Mozilla/5.0 AppleWebKit/537.36 (KHTML, like Gecko; compatible; GPTBot/1.2; +https://openai.com/gptbot)"
20.171.207.28 - - [19/Sep/2025:01:11:33 +0000] "GET /vendor/illuminate/events/?MA HTTP/1.1" 200 1211 "-" "Mozilla/5.0 AppleWebKit/537.36 (KHTML, like Gecko; compatible; GPTBot/1.2; +https://openai.com/gptbot)"
20.171.207.28 - - [19/Sep/2025:01:11:41 +0000] "GET /vendor/illuminate/events/?SA HTTP/1.1" 200 1210 "-" "Mozilla/5.0 AppleWebKit/537.36 (KHTML, like Gecko; compatible; GPTBot/1.2; +https://openai.com/gptbot)"
20.171.207.28 - - [19/Sep/2025:01:11:49 +0000] "GET /vendor/masterminds/html5/src/HTML5.php HTTP/1.1" 200 0 "-" "Mozilla/5.0 AppleWebKit/537.36 (KHTML, like Gecko; compatible; GPTBot/1.2; +https://openai.com/gptbot)"
20.171.207.28 - - [19/Sep/2025:01:11:56 +0000] "GET /vendor/illuminate/events/?ND HTTP/1.1" 200 1210 "-" "Mozilla/5.0 AppleWebKit/537.36 (KHTML, like Gecko; compatible; GPTBot/1.2; +https://openai.com/gptbot)"
20.171.207.28 - - [19/Sep/2025:01:12:02 +0000] "GET /vendor/intervention/image/LICENSE HTTP/1.1" 200 1078 "-" "Mozilla/5.0 AppleWebKit/537.36 (KHTML, like Gecko; compatible; GPTBot/1.2; +https://openai.com/gptbot)"
20.171.207.28 - - [19/Sep/2025:01:12:08 +0000] "GET /vendor/masterminds/html5/src/HTML5/Entities.php HTTP/1.1" 200 0 "-" "Mozilla/5.0 AppleWebKit/537.36 (KHTML, like Gecko; compatible; GPTBot/1.2; +https://openai.com/gptbot)"
20.171.207.28 - - [19/Sep/2025:01:12:13 +0000] "GET /vendor/masterminds/html5/src/HTML5/Exception.php HTTP/1.1" 200 0 "-" "Mozilla/5.0 AppleWebKit/537.36 (KHTML, like Gecko; compatible; GPTBot/1.2; +https://openai.com/gptbot)"
20.171.207.28 - - [19/Sep/2025:01:12:17 +0000] "GET /vendor/intervention/image/?SA HTTP/1.1" 200 721 "-" "Mozilla/5.0 AppleWebKit/537.36 (KHTML, like Gecko; compatible; GPTBot/1.2; +https://openai.com/gptbot)"
20.171.207.28 - - [19/Sep/2025:01:12:22 +0000] "GET /vendor/masterminds/html5/src/HTML5/Serializer/ HTTP/1.1" 200 748 "-" "Mozilla/5.0 AppleWebKit/537.36 (KHTML, like Gecko; compatible; GPTBot/1.2; +https://openai.com/gptbot)"
65.21.208.232 - - [19/Sep/2025:01:12:23 +0000] "GET / HTTP/1.1" 200 1482 "-" "Python/3.11 aiohttp/3.9.2"
20.171.207.28 - - [19/Sep/2025:01:12:25 +0000] "GET /vendor/masterminds/html5/src/HTML5/?MA HTTP/1.1" 200 1077 "-" "Mozilla/5.0 AppleWebKit/537.36 (KHTML, like Gecko; compatible; GPTBot/1.2; +https://openai.com/gptbot)"
20.171.207.28 - - [19/Sep/2025:01:12:28 +0000] "GET /vendor/illuminate/events/EventServiceProvider.php HTTP/1.1" 500 0 "-" "Mozilla/5.0 AppleWebKit/537.36 (KHTML, like Gecko; compatible; GPTBot/1.2; +https://openai.com/gptbot)"
20.171.207.28 - - [19/Sep/2025:01:12:31 +0000] "GET /vendor/intervention/image/?MA HTTP/1.1" 200 716 "-" "Mozilla/5.0 AppleWebKit/537.36 (KHTML, like Gecko; compatible; GPTBot/1.2; +https://openai.com/gptbot)"
20.171.207.28 - - [19/Sep/2025:01:12:40 +0000] "GET /vendor/masterminds/html5/src/HTML5/Parser/ HTTP/1.1" 200 1228 "-" "Mozilla/5.0 AppleWebKit/537.36 (KHTML, like Gecko; compatible; GPTBot/1.2; +https://openai.com/gptbot)"
20.171.207.28 - - [19/Sep/2025:01:12:48 +0000] "GET /vendor/masterminds/html5/bin/?SD HTTP/1.1" 200 636 "-" "Mozilla/5.0 AppleWebKit/537.36 (KHTML, like Gecko; compatible; GPTBot/1.2; +https://openai.com/gptbot)"
20.171.207.28 - - [19/Sep/2025:01:12:55 +0000] "GET /vendor/masterminds/html5/src/HTML5/?MD HTTP/1.1" 200 1070 "-" "Mozilla/5.0 AppleWebKit/537.36 (KHTML, like Gecko; compatible; GPTBot/1.2; +https://openai.com/gptbot)"
20.171.207.28 - - [19/Sep/2025:01:13:02 +0000] "GET /vendor/masterminds/html5/src/HTML5/Parser/CharacterReference.php HTTP/1.1" 200 0 "-" "Mozilla/5.0 AppleWebKit/537.36 (KHTML, like Gecko; compatible; GPTBot/1.2; +https://openai.com/gptbot)"
20.171.207.28 - - [19/Sep/2025:01:13:08 +0000] "GET /vendor/masterminds/html5/src/HTML5/Parser/FileInputStream.php HTTP/1.1" 500 0 "-" "Mozilla/5.0 AppleWebKit/537.36 (KHTML, like Gecko; compatible; GPTBot/1.2; +https://openai.com/gptbot)"
20.171.207.28 - - [19/Sep/2025:01:13:13 +0000] "GET /vendor/masterminds/html5/src/HTML5/Parser/InputStream.php HTTP/1.1" 200 0 "-" "Mozilla/5.0 AppleWebKit/537.36 (KHTML, like Gecko; compatible; GPTBot/1.2; +https://openai.com/gptbot)"
65.21.208.232 - - [19/Sep/2025:01:13:27 +0000] "GET / HTTP/1.1" 200 1471 "-" "Python/3.11 aiohttp/3.9.2"
20.171.207.28 - - [19/Sep/2025:01:13:28 +0000] "GET /vendor/masterminds/html5/src/HTML5/Parser/EventHandler.php HTTP/1.1" 200 0 "-" "Mozilla/5.0 AppleWebKit/537.36 (KHTML, like Gecko; compatible; GPTBot/1.2; +https://openai.com/gptbot)"
20.171.207.28 - - [19/Sep/2025:01:14:07 +0000] "GET /vendor/intervention/image/?SD HTTP/1.1" 200 716 "-" "Mozilla/5.0 AppleWebKit/537.36 (KHTML, like Gecko; compatible; GPTBot/1.2; +https://openai.com/gptbot)"
20.171.207.28 - - [19/Sep/2025:01:14:17 +0000] "GET /vendor/masterminds/html5/src/HTML5/InstructionProcessor.php HTTP/1.1" 200 0 "-" "Mozilla/5.0 AppleWebKit/537.36 (KHTML, like Gecko; compatible; GPTBot/1.2; +https://openai.com/gptbot)"
20.171.207.28 - - [19/Sep/2025:01:14:26 +0000] "GET /vendor/intervention/image/?NA HTTP/1.1" 200 712 "-" "Mozilla/5.0 AppleWebKit/537.36 (KHTML, like Gecko; compatible; GPTBot/1.2; +https://openai.com/gptbot)"
20.171.207.28 - - [19/Sep/2025:01:14:34 +0000] "GET /vendor/intervention/image/?ND HTTP/1.1" 200 714 "-" "Mozilla/5.0 AppleWebKit/537.36 (KHTML, like Gecko; compatible; GPTBot/1.2; +https://openai.com/gptbot)"
20.171.207.28 - - [19/Sep/2025:01:14:42 +0000] "GET /vendor/masterminds/html5/src/?NA HTTP/1.1" 200 670 "-" "Mozilla/5.0 AppleWebKit/537.36 (KHTML, like Gecko; compatible; GPTBot/1.2; +https://openai.com/gptbot)"
20.171.207.28 - - [19/Sep/2025:01:06:46 +0000] "GET /vendor/masterminds/html5/bin/ HTTP/1.1" 200 635 "-" "Mozilla/5.0 AppleWebKit/537.36 (KHTML, like Gecko; compatible; GPTBot/1.2; +https://openai.com/gptbot)"
20.171.207.28 - - [19/Sep/2025:01:07:57 +0000] "GET /vendor/illuminate/events/composer.json HTTP/1.1" 200 369 "-" "Mozilla/5.0 AppleWebKit/537.36 (KHTML, like Gecko; compatible; GPTBot/1.2; +https://openai.com/gptbot)"
4.227.36.50 - - [19/Sep/2025:01:08:28 +0000] "GET /robots.txt HTTP/1.1" 404 1251 "-" "Mozilla/5.0 AppleWebKit/537.36 (KHTML, like Gecko; compatible; GPTBot/1.2; +https://openai.com/gptbot)"
20.171.207.28 - - [19/Sep/2025:01:08:53 +0000] "GET /vendor/masterminds/html5/?NA HTTP/1.1" 200 1111 "-" "Mozilla/5.0 AppleWebKit/537.36 (KHTML, like Gecko; compatible; GPTBot/1.2; +https://openai.com/gptbot)"
20.171.207.28 - - [19/Sep/2025:01:09:18 +0000] "GET /vendor/masterminds/html5/?MD HTTP/1.1" 200 1112 "-" "Mozilla/5.0 AppleWebKit/537.36 (KHTML, like Gecko; compatible; GPTBot/1.2; +https://openai.com/gptbot)"
20.171.207.28 - - [19/Sep/2025:01:10:17 +0000] "GET /vendor/masterminds/html5/src/?SA HTTP/1.1" 200 675 "-" "Mozilla/5.0 AppleWebKit/537.36 (KHTML, like Gecko; compatible; GPTBot/1.2; +https://openai.com/gptbot)"
20.171.207.28 - - [19/Sep/2025:01:10:48 +0000] "GET /vendor/masterminds/html5/src/?MA HTTP/1.1" 200 676 "-" "Mozilla/5.0 AppleWebKit/537.36 (KHTML, like Gecko; compatible; GPTBot/1.2; +https://openai.com/gptbot)"
104.210.140.133 - - [19/Sep/2025:01:11:53 +0000] "GET /robots.txt HTTP/1.1" 404 1251 "-" "Mozilla/5.0 (Macintosh; Intel Mac OS X 10_15_7) AppleWebKit/537.36 (KHTML, like Gecko) Chrome/131.0.0.0 Safari/537.36; compatible; OAI-SearchBot/1.0; +https://openai.com/searchbot"
20.171.207.28 - - [19/Sep/2025:01:13:43 +0000] "GET /vendor/masterminds/html5/src/HTML5/Parser/?ND HTTP/1.1" 200 1284 "-" "Mozilla/5.0 AppleWebKit/537.36 (KHTML, like Gecko; compatible; GPTBot/1.2; +https://openai.com/gptbot)"
4.227.36.50 - - [19/Sep/2025:01:13:43 +0000] "GET /robots.txt HTTP/1.1" 404 1251 "-" "Mozilla/5.0 AppleWebKit/537.36 (KHTML, like Gecko; compatible; GPTBot/1.2; +https://openai.com/gptbot)"
20.171.207.28 - - [19/Sep/2025:01:13:55 +0000] "GET /vendor/masterminds/html5/src/HTML5/Serializer/HTML5Entities.php HTTP/1.1" 200 0 "-" "Mozilla/5.0 AppleWebKit/537.36 (KHTML, like Gecko; compatible; GPTBot/1.2; +https://openai.com/gptbot)"
20.171.207.28 - - [19/Sep/2025:01:15:26 +0000] "GET /vendor/masterminds/html5/src/HTML5/Parser/UTF8Utils.php HTTP/1.1" 200 0 "-" "Mozilla/5.0 AppleWebKit/537.36 (KHTML, like Gecko; compatible; GPTBot/1.2; +https://openai.com/gptbot)"
20.171.207.28 - - [19/Sep/2025:01:15:37 +0000] "GET /vendor/masterminds/html5/src/HTML5/Parser/?SD HTTP/1.1" 200 1277 "-" "Mozilla/5.0 AppleWebKit/537.36 (KHTML, like Gecko; compatible; GPTBot/1.2; +https://openai.com/gptbot)"
20.171.207.28 - - [19/Sep/2025:01:15:46 +0000] "GET /vendor/masterminds/html5/src/?MD HTTP/1.1" 200 676 "-" "Mozilla/5.0 AppleWebKit/537.36 (KHTML, like Gecko; compatible; GPTBot/1.2; +https://openai.com/gptbot)"
20.171.207.28 - - [19/Sep/2025:01:15:55 +0000] "GET /vendor/masterminds/html5/src/?SD HTTP/1.1" 200 675 "-" "Mozilla/5.0 AppleWebKit/537.36 (KHTML, like Gecko; compatible; GPTBot/1.2; +https://openai.com/gptbot)"
20.171.207.28 - - [19/Sep/2025:01:16:03 +0000] "GET /vendor/masterminds/html5/src/HTML5/Parser/FileInputStream.php HTTP/1.1" 500 0 "-" "Mozilla/5.0 AppleWebKit/537.36 (KHTML, like Gecko; compatible; GPTBot/1.2; +https://openai.com/gptbot)"
20.171.207.28 - - [19/Sep/2025:01:16:10 +0000] "GET /vendor/masterminds/html5/src/HTML5/Parser/?NA HTTP/1.1" 200 1285 "-" "Mozilla/5.0 AppleWebKit/537.36 (KHTML, like Gecko; compatible; GPTBot/1.2; +https://openai.com/gptbot)"
20.171.207.28 - - [19/Sep/2025:01:17:38 +0000] "GET /vendor/illuminate/events/?SD HTTP/1.1" 200 1208 "-" "Mozilla/5.0 AppleWebKit/537.36 (KHTML, like Gecko; compatible; GPTBot/1.2; +https://openai.com/gptbot)"
20.171.207.28 - - [19/Sep/2025:01:14:49 +0000] "GET /vendor/masterminds/html5/src/HTML5/Parser/?MA HTTP/1.1" 200 1281 "-" "Mozilla/5.0 AppleWebKit/537.36 (KHTML, like Gecko; compatible; GPTBot/1.2; +https://openai.com/gptbot)"
20.171.207.28 - - [19/Sep/2025:01:14:55 +0000] "GET /vendor/masterminds/html5/src/HTML5/Parser/ParseError.php HTTP/1.1" 200 0 "-" "Mozilla/5.0 AppleWebKit/537.36 (KHTML, like Gecko; compatible; GPTBot/1.2; +https://openai.com/gptbot)"
20.171.207.28 - - [19/Sep/2025:01:15:00 +0000] "GET /vendor/masterminds/html5/bin/?NA HTTP/1.1" 200 635 "-" "Mozilla/5.0 AppleWebKit/537.36 (KHTML, like Gecko; compatible; GPTBot/1.2; +https://openai.com/gptbot)"
20.171.207.28 - - [19/Sep/2025:01:15:05 +0000] "GET /vendor/masterminds/html5/src/HTML5/Parser/?SA HTTP/1.1" 200 1277 "-" "Mozilla/5.0 AppleWebKit/537.36 (KHTML, like Gecko; compatible; GPTBot/1.2; +https://openai.com/gptbot)"
20.171.207.28 - - [19/Sep/2025:01:15:10 +0000] "GET /vendor/masterminds/html5/src/HTML5/Parser/FileInputStream.php HTTP/1.1" 500 0 "-" "Mozilla/5.0 AppleWebKit/537.36 (KHTML, like Gecko; compatible; GPTBot/1.2; +https://openai.com/gptbot)"
20.171.207.28 - - [19/Sep/2025:01:15:13 +0000] "GET /vendor/intervention/image/?MD HTTP/1.1" 200 715 "-" "Mozilla/5.0 AppleWebKit/537.36 (KHTML, like Gecko; compatible; GPTBot/1.2; +https://openai.com/gptbot)"
20.171.207.28 - - [19/Sep/2025:01:16:32 +0000] "GET /vendor/illuminate/events/?MD HTTP/1.1" 200 1210 "-" "Mozilla/5.0 AppleWebKit/537.36 (KHTML, like Gecko; compatible; GPTBot/1.2; +https://openai.com/gptbot)"
20.171.207.28 - - [19/Sep/2025:01:16:51 +0000] "GET /vendor/masterminds/html5/src/HTML5/Elements.php HTTP/1.1" 200 0 "-" "Mozilla/5.0 AppleWebKit/537.36 (KHTML, like Gecko; compatible; GPTBot/1.2; +https://openai.com/gptbot)"
20.171.207.28 - - [19/Sep/2025:01:17:08 +0000] "GET /vendor/illuminate/events/?NA HTTP/1.1" 200 1216 "-" "Mozilla/5.0 AppleWebKit/537.36 (KHTML, like Gecko; compatible; GPTBot/1.2; +https://openai.com/gptbot)"
20.171.207.28 - - [19/Sep/2025:01:17:24 +0000] "GET /vendor/masterminds/html5/src/HTML5/Parser/?MD HTTP/1.1" 200 1280 "-" "Mozilla/5.0 AppleWebKit/537.36 (KHTML, like Gecko; compatible; GPTBot/1.2; +https://openai.com/gptbot)"
20.171.207.28 - - [19/Sep/2025:01:18:47 +0000] "GET /vendor/masterminds/html5/src/HTML5/Serializer/OutputRules.php HTTP/1.1" 500 0 "-" "Mozilla/5.0 AppleWebKit/537.36 (KHTML, like Gecko; compatible; GPTBot/1.2; +https://openai.com/gptbot)"
20.171.207.28 - - [19/Sep/2025:01:20:57 +0000] "GET /vendor/masterminds/html5/src/HTML5/Parser/TreeBuildingRules.php HTTP/1.1" 200 0 "-" "Mozilla/5.0 AppleWebKit/537.36 (KHTML, like Gecko; compatible; GPTBot/1.2; +https://openai.com/gptbot)"
20.171.207.28 - - [19/Sep/2025:01:21:58 +0000] "GET /vendor/masterminds/html5/LICENSE.txt HTTP/1.1" 200 1070 "-" "Mozilla/5.0 AppleWebKit/537.36 (KHTML, like Gecko; compatible; GPTBot/1.2; +https://openai.com/gptbot)"
20.171.207.28 - - [19/Sep/2025:01:23:30 +0000] "GET /vendor/masterminds/html5/src/HTML5/Parser/Tokenizer.php HTTP/1.1" 200 0 "-" "Mozilla/5.0 AppleWebKit/537.36 (KHTML, like Gecko; compatible; GPTBot/1.2; +https://openai.com/gptbot)"
20.171.207.28 - - [19/Sep/2025:01:24:12 +0000] "GET /vendor/illuminate/events/CallQueuedListener.php HTTP/1.1" 500 0 "-" "Mozilla/5.0 AppleWebKit/537.36 (KHTML, like Gecko; compatible; GPTBot/1.2; +https://openai.com/gptbot)"
4.227.36.50 - - [19/Sep/2025:01:25:54 +0000] "GET /robots.txt HTTP/1.1" 404 1251 "-" "Mozilla/5.0 AppleWebKit/537.36 (KHTML, like Gecko; compatible; GPTBot/1.2; +https://openai.com/gptbot)"
20.171.207.28 - - [19/Sep/2025:01:26:50 +0000] "GET /vendor/illuminate/cache/ArrayStore.php HTTP/1.1" 500 0 "-" "Mozilla/5.0 AppleWebKit/537.36 (KHTML, like Gecko; compatible; GPTBot/1.2; +https://openai.com/gptbot)"
66.249.70.34 - - [19/Sep/2025:01:27:11 +0000] "GET /vendor/mpdf/mpdf/tmp/ HTTP/1.1" 200 611 "-" "Mozilla/5.0 (Linux; Android 6.0.1; Nexus 5X Build/MMB29P) AppleWebKit/537.36 (KHTML, like Gecko) Chrome/140.0.7339.127 Mobile Safari/537.36 (compatible; GoogleOther)"
20.171.207.28 - - [19/Sep/2025:01:17:50 +0000] "GET /vendor/masterminds/html5/bin/?MD HTTP/1.1" 200 637 "-" "Mozilla/5.0 AppleWebKit/537.36 (KHTML, like Gecko; compatible; GPTBot/1.2; +https://openai.com/gptbot)"
20.171.207.28 - - [19/Sep/2025:01:18:01 +0000] "GET /vendor/masterminds/html5/src/?ND HTTP/1.1" 200 672 "-" "Mozilla/5.0 AppleWebKit/537.36 (KHTML, like Gecko; compatible; GPTBot/1.2; +https://openai.com/gptbot)"
20.171.207.28 - - [19/Sep/2025:01:18:11 +0000] "GET /vendor/masterminds/html5/src/HTML5/Parser/FileInputStream.php HTTP/1.1" 500 0 "-" "Mozilla/5.0 AppleWebKit/537.36 (KHTML, like Gecko; compatible; GPTBot/1.2; +https://openai.com/gptbot)"
20.171.207.28 - - [19/Sep/2025:01:18:20 +0000] "GET /vendor/illuminate/events/EventServiceProvider.php HTTP/1.1" 500 0 "-" "Mozilla/5.0 AppleWebKit/537.36 (KHTML, like Gecko; compatible; GPTBot/1.2; +https://openai.com/gptbot)"
20.171.207.28 - - [19/Sep/2025:01:19:52 +0000] "GET /vendor/masterminds/html5/src/HTML5/Serializer/RulesInterface.php HTTP/1.1" 200 0 "-" "Mozilla/5.0 AppleWebKit/537.36 (KHTML, like Gecko; compatible; GPTBot/1.2; +https://openai.com/gptbot)"
129.211.215.233 - - [19/Sep/2025:01:20:44 +0000] "GET / HTTP/1.1" 200 1471 "-" "Mozilla/5.0 (iPhone; CPU iPhone OS 13_2_3 like Mac OS X) AppleWebKit/605.1.15 (KHTML, like Gecko) Version/13.0.3 Mobile/15E148 Safari/604.1"
20.171.207.28 - - [19/Sep/2025:01:22:46 +0000] "GET /vendor/intervention/image/provides.json HTTP/1.1" 200 183 "-" "Mozilla/5.0 AppleWebKit/537.36 (KHTML, like Gecko; compatible; GPTBot/1.2; +https://openai.com/gptbot)"
66.249.70.34 - - [19/Sep/2025:01:24:20 +0000] "GET /vendor/mpdf/mpdf/phpunit.xml HTTP/1.1" 200 250 "-" "Mozilla/5.0 (Linux; Android 6.0.1; Nexus 5X Build/MMB29P) AppleWebKit/537.36 (KHTML, like Gecko) Chrome/140.0.7339.127 Mobile Safari/537.36 (compatible; GoogleOther)"
20.171.207.28 - - [19/Sep/2025:01:24:50 +0000] "GET /vendor/intervention/image/composer.json HTTP/1.1" 200 532 "-" "Mozilla/5.0 AppleWebKit/537.36 (KHTML, like Gecko; compatible; GPTBot/1.2; +https://openai.com/gptbot)"
20.171.207.28 - - [19/Sep/2025:01:25:52 +0000] "GET /vendor/masterminds/html5/src/HTML5/Parser/Scanner.php HTTP/1.1" 200 0 "-" "Mozilla/5.0 AppleWebKit/537.36 (KHTML, like Gecko; compatible; GPTBot/1.2; +https://openai.com/gptbot)"
66.249.70.33 - - [19/Sep/2025:01:29:18 +0000] "GET /vendor/mpdf/mpdf/data/ HTTP/1.1" 200 1369 "-" "Mozilla/5.0 (Linux; Android 6.0.1; Nexus 5X Build/MMB29P) AppleWebKit/537.36 (KHTML, like Gecko) Chrome/140.0.7339.127 Mobile Safari/537.36 (compatible; GoogleOther)"
20.171.207.28 - - [19/Sep/2025:01:29:42 +0000] "GET /vendor/illuminate/console/View/Components/TwoColumnDetail.php HTTP/1.1" 500 0 "-" "Mozilla/5.0 AppleWebKit/537.36 (KHTML, like Gecko; compatible; GPTBot/1.2; +https://openai.com/gptbot)"
20.171.207.28 - - [19/Sep/2025:01:30:45 +0000] "GET /vendor/masterminds/html5/src/HTML5/Parser/DOMTreeBuilder.php HTTP/1.1" 500 0 "-" "Mozilla/5.0 AppleWebKit/537.36 (KHTML, like Gecko; compatible; GPTBot/1.2; +https://openai.com/gptbot)"
20.171.207.28 - - [19/Sep/2025:01:31:49 +0000] "GET /vendor/illuminate/database/Console/Migrations/StatusCommand.php HTTP/1.1" 500 0 "-" "Mozilla/5.0 AppleWebKit/537.36 (KHTML, like Gecko; compatible; GPTBot/1.2; +https://openai.com/gptbot)"
66.249.70.33 - - [19/Sep/2025:01:35:45 +0000] "GET /vendor/mpdf/mpdf/composer.json HTTP/1.1" 200 853 "-" "Mozilla/5.0 (Linux; Android 6.0.1; Nexus 5X Build/MMB29P) AppleWebKit/537.36 (KHTML, like Gecko) Chrome/140.0.7339.127 Mobile Safari/537.36 (compatible; GoogleOther)"
65.21.208.232 - - [19/Sep/2025:01:43:20 +0000] "GET / HTTP/1.1" 200 1471 "-" "Python/3.11 aiohttp/3.9.2"
20.171.207.28 - - [19/Sep/2025:01:45:37 +0000] "GET /vendor/masterminds/html5/src/HTML5/Serializer/Traverser.php HTTP/1.1" 200 0 "-" "Mozilla/5.0 AppleWebKit/537.36 (KHTML, like Gecko; compatible; GPTBot/1.2; +https://openai.com/gptbot)"
20.171.207.28 - - [19/Sep/2025:01:45:50 +0000] "GET /vendor/illuminate/contracts/Container/Container.php HTTP/1.1" 500 0 "-" "Mozilla/5.0 AppleWebKit/537.36 (KHTML, like Gecko; compatible; GPTBot/1.2; +https://openai.com/gptbot)"
66.249.70.34 - - [19/Sep/2025:01:47:04 +0000] "GET /vendor/mpdf/psr-http-message-shim/?SA HTTP/1.1" 200 686 "-" "Mozilla/5.0 (Linux; Android 6.0.1; Nexus 5X Build/MMB29P) AppleWebKit/537.36 (KHTML, like Gecko) Chrome/140.0.7339.127 Mobile Safari/537.36 (compatible; GoogleOther)"
20.171.207.28 - - [19/Sep/2025:01:47:32 +0000] "GET /vendor/illuminate/cache/Repository.php HTTP/1.1" 500 0 "-" "Mozilla/5.0 AppleWebKit/537.36 (KHTML, like Gecko; compatible; GPTBot/1.2; +https://openai.com/gptbot)"
20.171.207.28 - - [19/Sep/2025:01:48:30 +0000] "GET /vendor/spatie/backtrace/src/ HTTP/1.1" 200 725 "-" "Mozilla/5.0 AppleWebKit/537.36 (KHTML, like Gecko; compatible; GPTBot/1.2; +https://openai.com/gptbot)"
66.249.70.32 - - [19/Sep/2025:01:48:53 +0000] "GET /vendor/io-developer/php-whois/ HTTP/1.1" 200 1182 "-" "Mozilla/5.0 (Linux; Android 6.0.1; Nexus 5X Build/MMB29P) AppleWebKit/537.36 (KHTML, like Gecko) Chrome/140.0.7339.127 Mobile Safari/537.36 (compatible; GoogleOther)"
20.171.207.28 - - [19/Sep/2025:01:49:31 +0000] "GET /vendor/illuminate/support/Traits/?MA HTTP/1.1" 200 1121 "-" "Mozilla/5.0 AppleWebKit/537.36 (KHTML, like Gecko; compatible; GPTBot/1.2; +https://openai.com/gptbot)"
20.171.207.28 - - [19/Sep/2025:01:50:30 +0000] "GET /vendor/illuminate/support/Traits/?ND HTTP/1.1" 200 1118 "-" "Mozilla/5.0 AppleWebKit/537.36 (KHTML, like Gecko; compatible; GPTBot/1.2; +https://openai.com/gptbot)"
20.171.207.28 - - [19/Sep/2025:01:51:23 +0000] "GET /vendor/illuminate/support/Onceable.php HTTP/1.1" 200 0 "-" "Mozilla/5.0 AppleWebKit/537.36 (KHTML, like Gecko; compatible; GPTBot/1.2; +https://openai.com/gptbot)"
20.171.207.28 - - [19/Sep/2025:01:52:09 +0000] "GET /vendor/setasign/fpdi/src/Tfpdf/FpdfTpl.php HTTP/1.1" 500 0 "-" "Mozilla/5.0 AppleWebKit/537.36 (KHTML, like Gecko; compatible; GPTBot/1.2; +https://openai.com/gptbot)"
20.171.207.28 - - [19/Sep/2025:01:53:53 +0000] "GET /vendor/illuminate/support/Traits/?SA HTTP/1.1" 200 1111 "-" "Mozilla/5.0 AppleWebKit/537.36 (KHTML, like Gecko; compatible; GPTBot/1.2; +https://openai.com/gptbot)"
66.249.70.32 - - [19/Sep/2025:01:54:12 +0000] "GET /vendor/mpdf/mpdf/?ND HTTP/1.1" 200 1227 "-" "Mozilla/5.0 (Linux; Android 6.0.1; Nexus 5X Build/MMB29P) AppleWebKit/537.36 (KHTML, like Gecko) Chrome/140.0.7339.127 Mobile Safari/537.36 (compatible; GoogleOther)"
20.171.207.28 - - [19/Sep/2025:01:54:55 +0000] "GET /vendor/voku/portable-ascii/LICENSE.txt HTTP/1.1" 200 598 "-" "Mozilla/5.0 AppleWebKit/537.36 (KHTML, like Gecko; compatible; GPTBot/1.2; +https://openai.com/gptbot)"
66.249.70.34 - - [19/Sep/2025:01:55:22 +0000] "GET /vendor/fakerphp/faker/?SA HTTP/1.1" 200 780 "-" "Mozilla/5.0 (Linux; Android 6.0.1; Nexus 5X Build/MMB29P) AppleWebKit/537.36 (KHTML, like Gecko) Chrome/140.0.7339.127 Mobile Safari/537.36 (compatible; GoogleOther)"
20.171.207.28 - - [19/Sep/2025:01:55:52 +0000] "GET /vendor/spatie/backtrace/src/Frame.php HTTP/1.1" 200 0 "-" "Mozilla/5.0 AppleWebKit/537.36 (KHTML, like Gecko; compatible; GPTBot/1.2; +https://openai.com/gptbot)"
20.171.207.28 - - [19/Sep/2025:01:56:45 +0000] "GET /vendor/guzzlehttp/psr7/src/CachingStream.php HTTP/1.1" 500 0 "-" "Mozilla/5.0 AppleWebKit/537.36 (KHTML, like Gecko; compatible; GPTBot/1.2; +https://openai.com/gptbot)"
20.171.207.28 - - [19/Sep/2025:01:58:34 +0000] "GET /vendor/spatie/backtrace/src/CodeSnippets/ HTTP/1.1" 200 776 "-" "Mozilla/5.0 AppleWebKit/537.36 (KHTML, like Gecko; compatible; GPTBot/1.2; +https://openai.com/gptbot)"
20.171.207.28 - - [19/Sep/2025:02:00:31 +0000] "GET /vendor/guzzlehttp/psr7/src/LazyOpenStream.php HTTP/1.1" 500 0 "-" "Mozilla/5.0 AppleWebKit/537.36 (KHTML, like Gecko; compatible; GPTBot/1.2; +https://openai.com/gptbot)"
20.171.207.28 - - [19/Sep/2025:01:27:40 +0000] "GET /vendor/setasign/fpdi/src/PdfParser/Type/PdfDictionary.php HTTP/1.1" 500 0 "-" "Mozilla/5.0 AppleWebKit/537.36 (KHTML, like Gecko; compatible; GPTBot/1.2; +https://openai.com/gptbot)"
20.171.207.28 - - [19/Sep/2025:01:28:41 +0000] "GET /vendor/php-http/discovery/src/Strategy/error_log HTTP/1.1" 403 1242 "-" "Mozilla/5.0 AppleWebKit/537.36 (KHTML, like Gecko; compatible; GPTBot/1.2; +https://openai.com/gptbot)"
20.171.207.28 - - [19/Sep/2025:01:36:41 +0000] "GET /vendor/masterminds/html5/UPGRADING.md HTTP/1.1" 200 496 "-" "Mozilla/5.0 AppleWebKit/537.36 (KHTML, like Gecko; compatible; GPTBot/1.2; +https://openai.com/gptbot)"
20.171.207.28 - - [19/Sep/2025:01:36:46 +0000] "GET /vendor/illuminate/database/Console/Migrations/BaseCommand.php HTTP/1.1" 500 0 "-" "Mozilla/5.0 AppleWebKit/537.36 (KHTML, like Gecko; compatible; GPTBot/1.2; +https://openai.com/gptbot)"
20.171.207.28 - - [19/Sep/2025:01:37:40 +0000] "GET /vendor/php-http/discovery/src/Composer/error_log HTTP/1.1" 403 1242 "-" "Mozilla/5.0 AppleWebKit/537.36 (KHTML, like Gecko; compatible; GPTBot/1.2; +https://openai.com/gptbot)"
65.21.208.232 - - [19/Sep/2025:01:42:23 +0000] "GET / HTTP/1.1" 200 1482 "-" "Python/3.11 aiohttp/3.9.2"
4.227.36.50 - - [19/Sep/2025:01:42:30 +0000] "GET /robots.txt HTTP/1.1" 404 1251 "-" "Mozilla/5.0 AppleWebKit/537.36 (KHTML, like Gecko; compatible; GPTBot/1.2; +https://openai.com/gptbot)"
20.171.207.28 - - [19/Sep/2025:01:46:32 +0000] "GET /vendor/illuminate/cache/LuaScripts.php HTTP/1.1" 200 0 "-" "Mozilla/5.0 AppleWebKit/537.36 (KHTML, like Gecko; compatible; GPTBot/1.2; +https://openai.com/gptbot)"
4.227.36.50 - - [19/Sep/2025:01:48:31 +0000] "GET /robots.txt HTTP/1.1" 404 1251 "-" "Mozilla/5.0 AppleWebKit/537.36 (KHTML, like Gecko; compatible; GPTBot/1.2; +https://openai.com/gptbot)"
66.249.70.32 - - [19/Sep/2025:01:52:48 +0000] "GET /vendor/mpdf/psr-log-aware-trait/src/ HTTP/1.1" 200 670 "-" "Mozilla/5.0 (Linux; Android 6.0.1; Nexus 5X Build/MMB29P) AppleWebKit/537.36 (KHTML, like Gecko) Chrome/140.0.7339.127 Mobile Safari/537.36 (compatible; GoogleOther)"
20.171.207.28 - - [19/Sep/2025:01:52:51 +0000] "GET /vendor/illuminate/cache/RedisStore.php HTTP/1.1" 500 0 "-" "Mozilla/5.0 AppleWebKit/537.36 (KHTML, like Gecko; compatible; GPTBot/1.2; +https://openai.com/gptbot)"
4.227.36.50 - - [19/Sep/2025:01:53:54 +0000] "GET /robots.txt HTTP/1.1" 404 1251 "-" "Mozilla/5.0 AppleWebKit/537.36 (KHTML, like Gecko; compatible; GPTBot/1.2; +https://openai.com/gptbot)"
20.171.207.28 - - [19/Sep/2025:01:57:28 +0000] "GET /vendor/illuminate/http/Exceptions/PostTooLargeException.php HTTP/1.1" 500 0 "-" "Mozilla/5.0 AppleWebKit/537.36 (KHTML, like Gecko; compatible; GPTBot/1.2; +https://openai.com/gptbot)"
20.171.207.28 - - [19/Sep/2025:01:59:36 +0000] "GET /vendor/illuminate/support/Traits/?MD HTTP/1.1" 200 1125 "-" "Mozilla/5.0 AppleWebKit/537.36 (KHTML, like Gecko; compatible; GPTBot/1.2; +https://openai.com/gptbot)"
20.171.207.28 - - [19/Sep/2025:02:01:22 +0000] "GET /vendor/spatie/backtrace/src/?SA HTTP/1.1" 200 729 "-" "Mozilla/5.0 AppleWebKit/537.36 (KHTML, like Gecko; compatible; GPTBot/1.2; +https://openai.com/gptbot)"
20.171.207.28 - - [19/Sep/2025:02:04:58 +0000] "GET /vendor/spatie/backtrace/src/CodeSnippets/CodeSnippet.php HTTP/1.1" 200 0 "-" "Mozilla/5.0 AppleWebKit/537.36 (KHTML, like Gecko; compatible; GPTBot/1.2; +https://openai.com/gptbot)"
20.171.207.28 - - [19/Sep/2025:02:06:16 +0000] "GET /vendor/spatie/backtrace/src/?NA HTTP/1.1" 200 725 "-" "Mozilla/5.0 AppleWebKit/537.36 (KHTML, like Gecko; compatible; GPTBot/1.2; +https://openai.com/gptbot)"
20.171.207.28 - - [19/Sep/2025:02:06:50 +0000] "GET /vendor/spatie/backtrace/src/?MD HTTP/1.1" 200 731 "-" "Mozilla/5.0 AppleWebKit/537.36 (KHTML, like Gecko; compatible; GPTBot/1.2; +https://openai.com/gptbot)"
4.227.36.50 - - [19/Sep/2025:02:01:23 +0000] "GET /robots.txt HTTP/1.1" 404 1251 "-" "Mozilla/5.0 AppleWebKit/537.36 (KHTML, like Gecko; compatible; GPTBot/1.2; +https://openai.com/gptbot)"
66.249.70.33 - - [19/Sep/2025:02:01:47 +0000] "GET /vendor/ezyang/htmlpurifier/VERSION HTTP/1.1" 200 6 "-" "Mozilla/5.0 (Linux; Android 6.0.1; Nexus 5X Build/MMB29P) AppleWebKit/537.36 (KHTML, like Gecko) Chrome/140.0.7339.127 Mobile Safari/537.36 (compatible; GoogleOther)"
20.171.207.28 - - [19/Sep/2025:02:02:23 +0000] "GET /vendor/spatie/backtrace/src/?MA HTTP/1.1" 200 730 "-" "Mozilla/5.0 AppleWebKit/537.36 (KHTML, like Gecko; compatible; GPTBot/1.2; +https://openai.com/gptbot)"
20.171.207.28 - - [19/Sep/2025:02:03:20 +0000] "GET /vendor/spatie/backtrace/src/?ND HTTP/1.1" 200 727 "-" "Mozilla/5.0 AppleWebKit/537.36 (KHTML, like Gecko; compatible; GPTBot/1.2; +https://openai.com/gptbot)"
20.171.207.28 - - [19/Sep/2025:02:04:12 +0000] "GET /vendor/illuminate/support/Traits/?NA HTTP/1.1" 200 1112 "-" "Mozilla/5.0 AppleWebKit/537.36 (KHTML, like Gecko; compatible; GPTBot/1.2; +https://openai.com/gptbot)"
20.171.207.28 - - [19/Sep/2025:02:05:38 +0000] "GET /vendor/illuminate/support/Traits/?SD HTTP/1.1" 200 1118 "-" "Mozilla/5.0 AppleWebKit/537.36 (KHTML, like Gecko; compatible; GPTBot/1.2; +https://openai.com/gptbot)"
66.249.70.33 - - [19/Sep/2025:02:08:39 +0000] "GET /vendor/fakerphp/faker/composer.json HTTP/1.1" 200 618 "-" "Mozilla/5.0 (Linux; Android 6.0.1; Nexus 5X Build/MMB29P) AppleWebKit/537.36 (KHTML, like Gecko) Chrome/140.0.7339.127 Mobile Safari/537.36 (compatible; GoogleOther)"
20.171.207.28 - - [19/Sep/2025:02:09:55 +0000] "GET /vendor/spatie/backtrace/src/?SD HTTP/1.1" 200 748 "-" "Mozilla/5.0 AppleWebKit/537.36 (KHTML, like Gecko; compatible; GPTBot/1.2; +https://openai.com/gptbot)"
20.171.207.28 - - [19/Sep/2025:02:10:56 +0000] "GET /vendor/illuminate/database/Connectors/ConnectionFactory.php HTTP/1.1" 200 0 "-" "Mozilla/5.0 AppleWebKit/537.36 (KHTML, like Gecko; compatible; GPTBot/1.2; +https://openai.com/gptbot)"
20.171.207.28 - - [19/Sep/2025:02:12:42 +0000] "GET /vendor/illuminate/console/Scheduling/ScheduleRunCommand.php HTTP/1.1" 500 0 "-" "Mozilla/5.0 AppleWebKit/537.36 (KHTML, like Gecko; compatible; GPTBot/1.2; +https://openai.com/gptbot)"
216.10.4.243 - - [19/Sep/2025:02:13:04 +0000] "GET / HTTP/1.1" 200 1245 "-" "Mozilla/5.0 (Windows NT 10.0; Win64; x64) AppleWebKit/537.36 (KHTML, like Gecko) Chrome/91.0.4472.124 Safari/537.36"
65.21.208.232 - - [19/Sep/2025:02:13:21 +0000] "GET / HTTP/1.1" 200 1471 "-" "Python/3.11 aiohttp/3.9.2"
20.171.207.28 - - [19/Sep/2025:02:16:31 +0000] "GET /vendor/illuminate/cache/TaggableStore.php HTTP/1.1" 500 0 "-" "Mozilla/5.0 AppleWebKit/537.36 (KHTML, like Gecko; compatible; GPTBot/1.2; +https://openai.com/gptbot)"
20.171.207.28 - - [19/Sep/2025:02:18:23 +0000] "GET /vendor/illuminate/cache/TagSet.php HTTP/1.1" 200 0 "-" "Mozilla/5.0 AppleWebKit/537.36 (KHTML, like Gecko; compatible; GPTBot/1.2; +https://openai.com/gptbot)"
20.171.207.28 - - [19/Sep/2025:02:20:10 +0000] "GET /vendor/filp/whoops/CHANGELOG.md HTTP/1.1" 200 3019 "-" "Mozilla/5.0 AppleWebKit/537.36 (KHTML, like Gecko; compatible; GPTBot/1.2; +https://openai.com/gptbot)"
20.171.207.28 - - [19/Sep/2025:02:24:00 +0000] "GET /vendor/dragonmantank/cron-expression/?NA HTTP/1.1" 200 743 "-" "Mozilla/5.0 AppleWebKit/537.36 (KHTML, like Gecko; compatible; GPTBot/1.2; +https://openai.com/gptbot)"
20.171.207.28 - - [19/Sep/2025:02:25:05 +0000] "GET /vendor/fakerphp/faker/ HTTP/1.1" 200 774 "-" "Mozilla/5.0 AppleWebKit/537.36 (KHTML, like Gecko; compatible; GPTBot/1.2; +https://openai.com/gptbot)"
20.171.207.28 - - [19/Sep/2025:02:26:04 +0000] "GET /vendor/psr/ HTTP/1.1" 200 1012 "-" "Mozilla/5.0 AppleWebKit/537.36 (KHTML, like Gecko; compatible; GPTBot/1.2; +https://openai.com/gptbot)"
20.171.207.28 - - [19/Sep/2025:02:27:01 +0000] "GET /vendor/illuminate/cache/DynamoDbStore.php HTTP/1.1" 500 0 "-" "Mozilla/5.0 AppleWebKit/537.36 (KHTML, like Gecko; compatible; GPTBot/1.2; +https://openai.com/gptbot)"
20.171.207.28 - - [19/Sep/2025:02:07:21 +0000] "GET /vendor/spatie/backtrace/src/CodeSnippets/LaravelSerializableClosureSnippetProvider.php HTTP/1.1" 500 0 "-" "Mozilla/5.0 AppleWebKit/537.36 (KHTML, like Gecko; compatible; GPTBot/1.2; +https://openai.com/gptbot)"
20.171.207.28 - - [19/Sep/2025:02:07:48 +0000] "GET /vendor/spatie/backtrace/src/CodeSnippets/FileSnippetProvider.php HTTP/1.1" 500 0 "-" "Mozilla/5.0 AppleWebKit/537.36 (KHTML, like Gecko; compatible; GPTBot/1.2; +https://openai.com/gptbot)"
20.171.207.28 - - [19/Sep/2025:02:08:50 +0000] "GET /vendor/illuminate/database/Connectors/PostgresConnector.php HTTP/1.1" 500 0 "-" "Mozilla/5.0 AppleWebKit/537.36 (KHTML, like Gecko; compatible; GPTBot/1.2; +https://openai.com/gptbot)"
66.249.70.34 - - [19/Sep/2025:02:10:04 +0000] "GET /vendor/mpdf/mpdf/ruleset.xml HTTP/1.1" 200 554 "-" "Mozilla/5.0 (Linux; Android 6.0.1; Nexus 5X Build/MMB29P) AppleWebKit/537.36 (KHTML, like Gecko) Chrome/140.0.7339.127 Mobile Safari/537.36 (compatible; GoogleOther)"
20.171.207.28 - - [19/Sep/2025:02:11:50 +0000] "GET /vendor/illuminate/contracts/Encryption/EncryptException.php HTTP/1.1" 200 0 "-" "Mozilla/5.0 AppleWebKit/537.36 (KHTML, like Gecko; compatible; GPTBot/1.2; +https://openai.com/gptbot)"
65.21.208.232 - - [19/Sep/2025:02:12:23 +0000] "GET / HTTP/1.1" 200 1482 "-" "Python/3.11 aiohttp/3.9.2"
4.227.36.50 - - [19/Sep/2025:02:12:42 +0000] "GET /robots.txt HTTP/1.1" 404 1251 "-" "Mozilla/5.0 AppleWebKit/537.36 (KHTML, like Gecko; compatible; GPTBot/1.2; +https://openai.com/gptbot)"
20.171.207.28 - - [19/Sep/2025:02:13:30 +0000] "GET /vendor/illuminate/cache/NoLock.php HTTP/1.1" 500 0 "-" "Mozilla/5.0 AppleWebKit/537.36 (KHTML, like Gecko; compatible; GPTBot/1.2; +https://openai.com/gptbot)"
20.171.207.28 - - [19/Sep/2025:02:14:31 +0000] "GET /vendor/dragonmantank/cron-expression/?ND HTTP/1.1" 200 740 "-" "Mozilla/5.0 AppleWebKit/537.36 (KHTML, like Gecko; compatible; GPTBot/1.2; +https://openai.com/gptbot)"
20.171.207.28 - - [19/Sep/2025:02:15:35 +0000] "GET /vendor/dragonmantank/cron-expression/?MA HTTP/1.1" 200 750 "-" "Mozilla/5.0 AppleWebKit/537.36 (KHTML, like Gecko; compatible; GPTBot/1.2; +https://openai.com/gptbot)"
20.171.207.28 - - [19/Sep/2025:02:17:20 +0000] "GET /vendor/dragonmantank/cron-expression/?SA HTTP/1.1" 200 746 "-" "Mozilla/5.0 AppleWebKit/537.36 (KHTML, like Gecko; compatible; GPTBot/1.2; +https://openai.com/gptbot)"
20.171.207.28 - - [19/Sep/2025:02:19:19 +0000] "GET /vendor/illuminate/database/Connection.php HTTP/1.1" 500 0 "-" "Mozilla/5.0 AppleWebKit/537.36 (KHTML, like Gecko; compatible; GPTBot/1.2; +https://openai.com/gptbot)"
20.171.207.28 - - [19/Sep/2025:02:21:14 +0000] "GET /vendor/illuminate/http/Exceptions/HttpResponseException.php HTTP/1.1" 200 0 "-" "Mozilla/5.0 AppleWebKit/537.36 (KHTML, like Gecko; compatible; GPTBot/1.2; +https://openai.com/gptbot)"
20.171.207.28 - - [19/Sep/2025:02:22:11 +0000] "GET /vendor/illuminate/database/Connectors/MariaDbConnector.php HTTP/1.1" 500 0 "-" "Mozilla/5.0 AppleWebKit/537.36 (KHTML, like Gecko; compatible; GPTBot/1.2; +https://openai.com/gptbot)"
20.171.207.28 - - [19/Sep/2025:02:23:00 +0000] "GET /vendor/illuminate/console/OutputStyle.php HTTP/1.1" 500 0 "-" "Mozilla/5.0 AppleWebKit/537.36 (KHTML, like Gecko; compatible; GPTBot/1.2; +https://openai.com/gptbot)"
4.227.36.50 - - [19/Sep/2025:02:23:01 +0000] "GET /robots.txt HTTP/1.1" 404 1251 "-" "Mozilla/5.0 AppleWebKit/537.36 (KHTML, like Gecko; compatible; GPTBot/1.2; +https://openai.com/gptbot)"
20.171.207.28 - - [19/Sep/2025:02:27:43 +0000] "GET /vendor/dragonmantank/cron-expression/?SD HTTP/1.1" 200 748 "-" "Mozilla/5.0 AppleWebKit/537.36 (KHTML, like Gecko; compatible; GPTBot/1.2; +https://openai.com/gptbot)"
20.171.207.28 - - [19/Sep/2025:02:28:45 +0000] "GET /vendor/illuminate/cache/DatabaseStore.php HTTP/1.1" 500 0 "-" "Mozilla/5.0 AppleWebKit/537.36 (KHTML, like Gecko; compatible; GPTBot/1.2; +https://openai.com/gptbot)"
66.249.70.32 - - [19/Sep/2025:02:27:27 +0000] "GET /vendor/ezyang/htmlpurifier/LICENSE HTTP/1.1" 200 26456 "-" "Mozilla/5.0 (Linux; Android 6.0.1; Nexus 5X Build/MMB29P) AppleWebKit/537.36 (KHTML, like Gecko) Chrome/140.0.7339.127 Mobile Safari/537.36 (compatible; GoogleOther)"
