20.171.207.48 - - [18/Sep/2025:10:45:32 +0000] "GET /vendor/illuminate/validation/PresenceVerifierInterface.php HTTP/1.1" 200 0 "-" "Mozilla/5.0 AppleWebKit/537.36 (KHTML, like Gecko; compatible; GPTBot/1.2; +https://openai.com/gptbot)"
4.227.36.50 - - [18/Sep/2025:10:45:33 +0000] "GET /robots.txt HTTP/1.1" 404 1251 "-" "Mozilla/5.0 AppleWebKit/537.36 (KHTML, like Gecko; compatible; GPTBot/1.2; +https://openai.com/gptbot)"
4.227.36.50 - - [18/Sep/2025:10:50:42 +0000] "GET /robots.txt HTTP/1.1" 404 1251 "-" "Mozilla/5.0 AppleWebKit/537.36 (KHTML, like Gecko; compatible; GPTBot/1.2; +https://openai.com/gptbot)"
20.171.207.48 - - [18/Sep/2025:10:51:40 +0000] "GET /vendor/illuminate/cache/Events/KeyForgotten.php HTTP/1.1" 500 0 "-" "Mozilla/5.0 AppleWebKit/537.36 (KHTML, like Gecko; compatible; GPTBot/1.2; +https://openai.com/gptbot)"
20.171.207.48 - - [18/Sep/2025:10:52:36 +0000] "GET /vendor/illuminate/translation/lang/?ND HTTP/1.1" 200 622 "-" "Mozilla/5.0 AppleWebKit/537.36 (KHTML, like Gecko; compatible; GPTBot/1.2; +https://openai.com/gptbot)"
20.171.207.48 - - [18/Sep/2025:10:55:25 +0000] "GET /vendor/illuminate/cache/MemcachedConnector.php HTTP/1.1" 200 0 "-" "Mozilla/5.0 AppleWebKit/537.36 (KHTML, like Gecko; compatible; GPTBot/1.2; +https://openai.com/gptbot)"
20.171.207.48 - - [18/Sep/2025:10:56:13 +0000] "GET /vendor/illuminate/support/Process/PhpExecutableFinder.php HTTP/1.1" 500 0 "-" "Mozilla/5.0 AppleWebKit/537.36 (KHTML, like Gecko; compatible; GPTBot/1.2; +https://openai.com/gptbot)"
20.171.207.48 - - [18/Sep/2025:10:57:56 +0000] "GET /vendor/illuminate/cache/Events/KeyForgetFailed.php HTTP/1.1" 500 0 "-" "Mozilla/5.0 AppleWebKit/537.36 (KHTML, like Gecko; compatible; GPTBot/1.2; +https://openai.com/gptbot)"
20.171.207.48 - - [18/Sep/2025:10:59:57 +0000] "GET /vendor/illuminate/support/Testing/Fakes/QueueFake.php HTTP/1.1" 500 0 "-" "Mozilla/5.0 AppleWebKit/537.36 (KHTML, like Gecko; compatible; GPTBot/1.2; +https://openai.com/gptbot)"
20.171.207.48 - - [18/Sep/2025:10:39:33 +0000] "GET /vendor/guzzlehttp/promises/src/EachPromise.php HTTP/1.1" 500 0 "-" "Mozilla/5.0 AppleWebKit/537.36 (KHTML, like Gecko; compatible; GPTBot/1.2; +https://openai.com/gptbot)"
20.171.207.48 - - [18/Sep/2025:10:40:27 +0000] "GET /vendor/illuminate/database/ConnectionResolverInterface.php HTTP/1.1" 200 0 "-" "Mozilla/5.0 AppleWebKit/537.36 (KHTML, like Gecko; compatible; GPTBot/1.2; +https://openai.com/gptbot)"
20.171.207.48 - - [18/Sep/2025:10:41:30 +0000] "GET /vendor/guzzlehttp/promises/src/Promise.php HTTP/1.1" 500 0 "-" "Mozilla/5.0 AppleWebKit/537.36 (KHTML, like Gecko; compatible; GPTBot/1.2; +https://openai.com/gptbot)"
65.21.208.232 - - [18/Sep/2025:10:43:13 +0000] "GET / HTTP/1.1" 200 1412 "-" "Python/3.11 aiohttp/3.9.2"
20.171.207.48 - - [18/Sep/2025:10:43:33 +0000] "GET /vendor/illuminate/contracts/Broadcasting/ShouldBroadcast.php HTTP/1.1" 200 0 "-" "Mozilla/5.0 AppleWebKit/537.36 (KHTML, like Gecko; compatible; GPTBot/1.2; +https://openai.com/gptbot)"
20.171.207.48 - - [18/Sep/2025:10:44:37 +0000] "GET /vendor/guzzlehttp/promises/src/AggregateException.php HTTP/1.1" 500 0 "-" "Mozilla/5.0 AppleWebKit/537.36 (KHTML, like Gecko; compatible; GPTBot/1.2; +https://openai.com/gptbot)"
20.171.207.48 - - [18/Sep/2025:10:46:34 +0000] "GET /vendor/illuminate/filesystem/Filesystem.php HTTP/1.1" 500 0 "-" "Mozilla/5.0 AppleWebKit/537.36 (KHTML, like Gecko; compatible; GPTBot/1.2; +https://openai.com/gptbot)"
20.171.207.48 - - [18/Sep/2025:10:47:31 +0000] "GET /vendor/illuminate/database/Schema/SqliteSchemaState.php HTTP/1.1" 500 0 "-" "Mozilla/5.0 AppleWebKit/537.36 (KHTML, like Gecko; compatible; GPTBot/1.2; +https://openai.com/gptbot)"
20.171.207.48 - - [18/Sep/2025:10:48:31 +0000] "GET /vendor/illuminate/translation/lang/en/ HTTP/1.1" 200 714 "-" "Mozilla/5.0 AppleWebKit/537.36 (KHTML, like Gecko; compatible; GPTBot/1.2; +https://openai.com/gptbot)"
20.171.207.48 - - [18/Sep/2025:10:49:33 +0000] "GET /vendor/illuminate/cache/RedisTaggedCache.php HTTP/1.1" 500 0 "-" "Mozilla/5.0 AppleWebKit/537.36 (KHTML, like Gecko; compatible; GPTBot/1.2; +https://openai.com/gptbot)"
20.171.207.48 - - [18/Sep/2025:10:50:33 +0000] "GET /vendor/illuminate/translation/lang/?SA HTTP/1.1" 200 630 "-" "Mozilla/5.0 AppleWebKit/537.36 (KHTML, like Gecko; compatible; GPTBot/1.2; +https://openai.com/gptbot)"
20.171.207.48 - - [18/Sep/2025:10:53:40 +0000] "GET /vendor/illuminate/support/Testing/Fakes/ HTTP/1.1" 200 1239 "-" "Mozilla/5.0 AppleWebKit/537.36 (KHTML, like Gecko; compatible; GPTBot/1.2; +https://openai.com/gptbot)"
20.171.207.48 - - [18/Sep/2025:10:54:42 +0000] "GET /vendor/illuminate/translation/lang/?MA HTTP/1.1" 200 629 "-" "Mozilla/5.0 AppleWebKit/537.36 (KHTML, like Gecko; compatible; GPTBot/1.2; +https://openai.com/gptbot)"
4.227.36.50 - - [18/Sep/2025:10:56:15 +0000] "GET /robots.txt HTTP/1.1" 404 1251 "-" "Mozilla/5.0 AppleWebKit/537.36 (KHTML, like Gecko; compatible; GPTBot/1.2; +https://openai.com/gptbot)"
20.171.207.48 - - [18/Sep/2025:10:56:52 +0000] "GET /vendor/illuminate/translation/lang/?SD HTTP/1.1" 200 630 "-" "Mozilla/5.0 AppleWebKit/537.36 (KHTML, like Gecko; compatible; GPTBot/1.2; +https://openai.com/gptbot)"
20.171.207.48 - - [18/Sep/2025:10:58:51 +0000] "GET /vendor/illuminate/translation/lang/en/pagination.php HTTP/1.1" 200 0 "-" "Mozilla/5.0 AppleWebKit/537.36 (KHTML, like Gecko; compatible; GPTBot/1.2; +https://openai.com/gptbot)"
20.171.207.48 - - [18/Sep/2025:11:00:53 +0000] "GET /vendor/illuminate/translation/lang/?NA HTTP/1.1" 200 624 "-" "Mozilla/5.0 AppleWebKit/537.36 (KHTML, like Gecko; compatible; GPTBot/1.2; +https://openai.com/gptbot)"
20.171.207.48 - - [18/Sep/2025:11:03:46 +0000] "GET /vendor/illuminate/support/Testing/Fakes/EventFake.php HTTP/1.1" 500 0 "-" "Mozilla/5.0 AppleWebKit/537.36 (KHTML, like Gecko; compatible; GPTBot/1.2; +https://openai.com/gptbot)"
20.171.207.48 - - [18/Sep/2025:11:05:35 +0000] "GET /vendor/illuminate/support/Testing/Fakes/BatchRepositoryFake.php HTTP/1.1" 500 0 "-" "Mozilla/5.0 AppleWebKit/537.36 (KHTML, like Gecko; compatible; GPTBot/1.2; +https://openai.com/gptbot)"
20.171.207.48 - - [18/Sep/2025:11:06:32 +0000] "GET /vendor/illuminate/support/Testing/Fakes/ChainedBatchTruthTest.php HTTP/1.1" 200 0 "-" "Mozilla/5.0 AppleWebKit/537.36 (KHTML, like Gecko; compatible; GPTBot/1.2; +https://openai.com/gptbot)"
20.171.207.48 - - [18/Sep/2025:11:01:59 +0000] "GET /vendor/illuminate/database/RecordsNotFoundException.php HTTP/1.1" 200 0 "-" "Mozilla/5.0 AppleWebKit/537.36 (KHTML, like Gecko; compatible; GPTBot/1.2; +https://openai.com/gptbot)"
20.171.207.48 - - [18/Sep/2025:11:02:53 +0000] "GET /vendor/illuminate/translation/lang/en/passwords.php HTTP/1.1" 200 0 "-" "Mozilla/5.0 AppleWebKit/537.36 (KHTML, like Gecko; compatible; GPTBot/1.2; +https://openai.com/gptbot)"
20.171.207.48 - - [18/Sep/2025:11:04:33 +0000] "GET /vendor/illuminate/translation/lang/en/validation.php HTTP/1.1" 200 0 "-" "Mozilla/5.0 AppleWebKit/537.36 (KHTML, like Gecko; compatible; GPTBot/1.2; +https://openai.com/gptbot)"
4.227.36.50 - - [18/Sep/2025:11:06:33 +0000] "GET /robots.txt HTTP/1.1" 404 1251 "-" "Mozilla/5.0 AppleWebKit/537.36 (KHTML, like Gecko; compatible; GPTBot/1.2; +https://openai.com/gptbot)"
20.171.207.48 - - [18/Sep/2025:11:07:33 +0000] "GET /vendor/illuminate/translation/lang/en/?ND HTTP/1.1" 200 709 "-" "Mozilla/5.0 AppleWebKit/537.36 (KHTML, like Gecko; compatible; GPTBot/1.2; +https://openai.com/gptbot)"
20.171.207.48 - - [18/Sep/2025:11:08:32 +0000] "GET /vendor/illuminate/support/Testing/Fakes/NotificationFake.php HTTP/1.1" 500 0 "-" "Mozilla/5.0 AppleWebKit/537.36 (KHTML, like Gecko; compatible; GPTBot/1.2; +https://openai.com/gptbot)"
20.171.207.48 - - [18/Sep/2025:11:09:23 +0000] "GET /vendor/illuminate/support/Testing/Fakes/?MA HTTP/1.1" 200 1308 "-" "Mozilla/5.0 AppleWebKit/537.36 (KHTML, like Gecko; compatible; GPTBot/1.2; +https://openai.com/gptbot)"
20.171.207.48 - - [18/Sep/2025:11:10:25 +0000] "GET /vendor/illuminate/translation/lang/en/auth.php HTTP/1.1" 200 0 "-" "Mozilla/5.0 AppleWebKit/537.36 (KHTML, like Gecko; compatible; GPTBot/1.2; +https://openai.com/gptbot)"
65.21.208.232 - - [18/Sep/2025:11:13:12 +0000] "GET / HTTP/1.1" 200 1412 "-" "Python/3.11 aiohttp/3.9.2"
20.171.207.48 - - [18/Sep/2025:11:13:21 +0000] "GET /vendor/illuminate/support/Testing/Fakes/?SA HTTP/1.1" 200 1292 "-" "Mozilla/5.0 AppleWebKit/537.36 (KHTML, like Gecko; compatible; GPTBot/1.2; +https://openai.com/gptbot)"
4.227.36.50 - - [18/Sep/2025:11:13:31 +0000] "GET /robots.txt HTTP/1.1" 404 1251 "-" "Mozilla/5.0 AppleWebKit/537.36 (KHTML, like Gecko; compatible; GPTBot/1.2; +https://openai.com/gptbot)"
14.185.132.195 - - [18/Sep/2025:11:13:55 +0000] "GET /?ND HTTP/1.1" 200 1180 "http://veroserv.com" "Mozilla/5.0 (Macintosh; Intel Mac OS X 12_5) AppleWebKit/537.36 (KHTML, like Gecko) Chrome/114.0.0.0 Safari/537.36 OPR/89.0.4447.51"
14.185.132.195 - - [18/Sep/2025:11:13:56 +0000] "GET /composer.lock HTTP/1.1" 200 366237 "http://veroserv.com" "Mozilla/5.0 (Macintosh; Intel Mac OS X 12_5) AppleWebKit/537.36 (KHTML, like Gecko) Chrome/114.0.0.0 Safari/537.36 OPR/89.0.4447.51"
14.185.132.195 - - [18/Sep/2025:11:13:59 +0000] "GET /?SA HTTP/1.1" 200 1190 "http://veroserv.com" "Mozilla/5.0 (Macintosh; Intel Mac OS X 12_5) AppleWebKit/537.36 (KHTML, like Gecko) Chrome/114.0.0.0 Safari/537.36 OPR/89.0.4447.51"
14.185.132.195 - - [18/Sep/2025:11:14:00 +0000] "GET /clx HTTP/1.1" 200 639 "http://veroserv.com" "Mozilla/5.0 (Macintosh; Intel Mac OS X 12_5) AppleWebKit/537.36 (KHTML, like Gecko) Chrome/114.0.0.0 Safari/537.36 OPR/89.0.4447.51"
14.185.132.195 - - [18/Sep/2025:11:14:01 +0000] "GET /business-suite-open-source.zip HTTP/1.1" 200 5886408 "http://veroserv.com" "Mozilla/5.0 (Macintosh; Intel Mac OS X 12_5) AppleWebKit/537.36 (KHTML, like Gecko) Chrome/114.0.0.0 Safari/537.36 OPR/89.0.4447.51"
14.185.132.195 - - [18/Sep/2025:11:14:22 +0000] "GET /apps/ HTTP/1.1" 200 116 "http://veroserv.com" "Mozilla/5.0 (Macintosh; Intel Mac OS X 12_5) AppleWebKit/537.36 (KHTML, like Gecko) Chrome/114.0.0.0 Safari/537.36 OPR/89.0.4447.51"
14.185.132.195 - - [18/Sep/2025:11:14:23 +0000] "GET /vendor/ HTTP/1.1" 200 2048 "http://veroserv.com" "Mozilla/5.0 (Macintosh; Intel Mac OS X 12_5) AppleWebKit/537.36 (KHTML, like Gecko) Chrome/114.0.0.0 Safari/537.36 OPR/89.0.4447.51"
14.185.132.195 - - [18/Sep/2025:11:14:24 +0000] "GET /?ng=client/where/ HTTP/1.1" 200 1189 "http://veroserv.com/client/" "Mozilla/5.0 (Macintosh; Intel Mac OS X 12_5) AppleWebKit/537.36 (KHTML, like Gecko) Chrome/114.0.0.0 Safari/537.36 OPR/89.0.4447.51"
14.185.132.195 - - [18/Sep/2025:11:14:25 +0000] "GET /?ng=updating HTTP/1.1" 200 1189 "http://veroserv.com/update/" "Mozilla/5.0 (Macintosh; Intel Mac OS X 12_5) AppleWebKit/537.36 (KHTML, like Gecko) Chrome/114.0.0.0 Safari/537.36 OPR/89.0.4447.51"
14.185.132.195 - - [18/Sep/2025:11:14:26 +0000] "GET /console/ HTTP/1.1" 200 116 "http://veroserv.com" "Mozilla/5.0 (Macintosh; Intel Mac OS X 12_5) AppleWebKit/537.36 (KHTML, like Gecko) Chrome/114.0.0.0 Safari/537.36 OPR/89.0.4447.51"
14.185.132.195 - - [18/Sep/2025:11:14:28 +0000] "GET /install/ HTTP/1.1" 200 536 "http://veroserv.com" "Mozilla/5.0 (Macintosh; Intel Mac OS X 12_5) AppleWebKit/537.36 (KHTML, like Gecko) Chrome/114.0.0.0 Safari/537.36 OPR/89.0.4447.51"
20.171.207.48 - - [18/Sep/2025:11:11:23 +0000] "GET /vendor/illuminate/support/Testing/Fakes/BatchFake.php HTTP/1.1" 500 0 "-" "Mozilla/5.0 AppleWebKit/537.36 (KHTML, like Gecko; compatible; GPTBot/1.2; +https://openai.com/gptbot)"
20.171.207.48 - - [18/Sep/2025:11:12:16 +0000] "GET /vendor/illuminate/translation/lang/?MD HTTP/1.1" 200 629 "-" "Mozilla/5.0 AppleWebKit/537.36 (KHTML, like Gecko; compatible; GPTBot/1.2; +https://openai.com/gptbot)"
65.21.208.232 - - [18/Sep/2025:11:12:17 +0000] "GET / HTTP/1.1" 200 1423 "-" "Python/3.11 aiohttp/3.9.2"
14.185.132.195 - - [18/Sep/2025:11:13:55 +0000] "GET / HTTP/1.1" 200 1189 "-" "Mozilla/5.0 (Macintosh; Intel Mac OS X 12_5) AppleWebKit/537.36 (KHTML, like Gecko) Chrome/114.0.0.0 Safari/537.36 OPR/89.0.4447.51"
14.185.132.195 - - [18/Sep/2025:11:13:58 +0000] "GET /?MA HTTP/1.1" 200 1179 "http://veroserv.com" "Mozilla/5.0 (Macintosh; Intel Mac OS X 12_5) AppleWebKit/537.36 (KHTML, like Gecko) Chrome/114.0.0.0 Safari/537.36 OPR/89.0.4447.51"
14.185.132.195 - - [18/Sep/2025:11:13:59 +0000] "GET /composer.json HTTP/1.1" 200 919 "http://veroserv.com" "Mozilla/5.0 (Macintosh; Intel Mac OS X 12_5) AppleWebKit/537.36 (KHTML, like Gecko) Chrome/114.0.0.0 Safari/537.36 OPR/89.0.4447.51"
14.185.132.195 - - [18/Sep/2025:11:14:00 +0000] "GET /admin/ HTTP/1.1" 302 0 "http://veroserv.com" "Mozilla/5.0 (Macintosh; Intel Mac OS X 12_5) AppleWebKit/537.36 (KHTML, like Gecko) Chrome/114.0.0.0 Safari/537.36 OPR/89.0.4447.51"
14.185.132.195 - - [18/Sep/2025:11:14:01 +0000] "GET /?ng=login/where/ HTTP/1.1" 200 1189 "http://veroserv.com/admin/" "Mozilla/5.0 (Macintosh; Intel Mac OS X 12_5) AppleWebKit/537.36 (KHTML, like Gecko) Chrome/114.0.0.0 Safari/537.36 OPR/89.0.4447.51"
20.171.207.48 - - [18/Sep/2025:11:14:19 +0000] "GET /vendor/illuminate/support/Testing/Fakes/?ND HTTP/1.1" 200 1294 "-" "Mozilla/5.0 AppleWebKit/537.36 (KHTML, like Gecko; compatible; GPTBot/1.2; +https://openai.com/gptbot)"
14.185.132.195 - - [18/Sep/2025:11:14:23 +0000] "GET /client/ HTTP/1.1" 302 0 "http://veroserv.com" "Mozilla/5.0 (Macintosh; Intel Mac OS X 12_5) AppleWebKit/537.36 (KHTML, like Gecko) Chrome/114.0.0.0 Safari/537.36 OPR/89.0.4447.51"
14.185.132.195 - - [18/Sep/2025:11:14:24 +0000] "GET /update/ HTTP/1.1" 302 0 "http://veroserv.com" "Mozilla/5.0 (Macintosh; Intel Mac OS X 12_5) AppleWebKit/537.36 (KHTML, like Gecko) Chrome/114.0.0.0 Safari/537.36 OPR/89.0.4447.51"
14.185.132.195 - - [18/Sep/2025:11:14:26 +0000] "GET /ui/ HTTP/1.1" 200 116 "http://veroserv.com" "Mozilla/5.0 (Macintosh; Intel Mac OS X 12_5) AppleWebKit/537.36 (KHTML, like Gecko) Chrome/114.0.0.0 Safari/537.36 OPR/89.0.4447.51"
14.185.132.195 - - [18/Sep/2025:11:14:27 +0000] "GET /hooks/ HTTP/1.1" 200 116 "http://veroserv.com" "Mozilla/5.0 (Macintosh; Intel Mac OS X 12_5) AppleWebKit/537.36 (KHTML, like Gecko) Chrome/114.0.0.0 Safari/537.36 OPR/89.0.4447.51"
14.185.132.195 - - [18/Sep/2025:11:14:27 +0000] "GET /system/ HTTP/1.1" 200 116 "http://veroserv.com" "Mozilla/5.0 (Macintosh; Intel Mac OS X 12_5) AppleWebKit/537.36 (KHTML, like Gecko) Chrome/114.0.0.0 Safari/537.36 OPR/89.0.4447.51"
14.185.132.195 - - [18/Sep/2025:11:14:28 +0000] "GET /storage/ HTTP/1.1" 200 116 "http://veroserv.com" "Mozilla/5.0 (Macintosh; Intel Mac OS X 12_5) AppleWebKit/537.36 (KHTML, like Gecko) Chrome/114.0.0.0 Safari/537.36 OPR/89.0.4447.51"
216.73.216.169 - - [18/Sep/2025:11:15:04 +0000] "GET /vendor/symfony/service-contracts/ServiceSubscriberInterface.php HTTP/1.1" 200 0 "-" "Mozilla/5.0 AppleWebKit/537.36 (KHTML, like Gecko; compatible; ClaudeBot/1.0; +claudebot@anthropic.com)"
216.73.216.169 - - [18/Sep/2025:11:15:04 +0000] "GET /vendor/symfony/http-foundation/RequestMatcher HTTP/1.1" 301 795 "-" "Mozilla/5.0 AppleWebKit/537.36 (KHTML, like Gecko; compatible; ClaudeBot/1.0; +claudebot@anthropic.com)"
216.73.216.169 - - [18/Sep/2025:11:15:04 +0000] "GET /vendor/symfony/http-foundation/RequestMatcher/ HTTP/1.1" 200 1155 "http://veroserv.com/vendor/symfony/http-foundation/RequestMatcher" "Mozilla/5.0 AppleWebKit/537.36 (KHTML, like Gecko; compatible; ClaudeBot/1.0; +claudebot@anthropic.com)"
216.73.216.169 - - [18/Sep/2025:11:15:05 +0000] "GET /vendor/symfony/service-contracts/ServiceCollectionInterface.php HTTP/1.1" 500 0 "-" "Mozilla/5.0 AppleWebKit/537.36 (KHTML, like Gecko; compatible; ClaudeBot/1.0; +claudebot@anthropic.com)"
216.73.216.169 - - [18/Sep/2025:11:15:05 +0000] "GET /vendor/phpstan/phpdoc-parser/UPGRADING.md HTTP/1.1" 200 5923 "-" "Mozilla/5.0 AppleWebKit/537.36 (KHTML, like Gecko; compatible; ClaudeBot/1.0; +claudebot@anthropic.com)"
216.73.216.169 - - [18/Sep/2025:11:15:06 +0000] "GET /vendor/symfony/http-foundation/RequestMatcherInterface.php HTTP/1.1" 200 0 "-" "Mozilla/5.0 AppleWebKit/537.36 (KHTML, like Gecko; compatible; ClaudeBot/1.0; +claudebot@anthropic.com)"
216.73.216.169 - - [18/Sep/2025:11:15:06 +0000] "GET /vendor/symfony/http-foundation/RequestStack.php HTTP/1.1" 200 0 "-" "Mozilla/5.0 AppleWebKit/537.36 (KHTML, like Gecko; compatible; ClaudeBot/1.0; +claudebot@anthropic.com)"
216.73.216.169 - - [18/Sep/2025:11:15:06 +0000] "GET /vendor/symfony/http-foundation/BinaryFileResponse.php HTTP/1.1" 500 0 "-" "Mozilla/5.0 AppleWebKit/537.36 (KHTML, like Gecko; compatible; ClaudeBot/1.0; +claudebot@anthropic.com)"
216.73.216.169 - - [18/Sep/2025:11:15:06 +0000] "GET /vendor/phpstan/phpdoc-parser/src HTTP/1.1" 301 795 "-" "Mozilla/5.0 AppleWebKit/537.36 (KHTML, like Gecko; compatible; ClaudeBot/1.0; +claudebot@anthropic.com)"
216.73.216.169 - - [18/Sep/2025:11:15:07 +0000] "GET /vendor/phpstan/phpdoc-parser/src/ HTTP/1.1" 200 727 "http://veroserv.com/vendor/phpstan/phpdoc-parser/src" "Mozilla/5.0 AppleWebKit/537.36 (KHTML, like Gecko; compatible; ClaudeBot/1.0; +claudebot@anthropic.com)"
20.171.207.48 - - [18/Sep/2025:11:15:11 +0000] "GET /vendor/illuminate/support/Testing/Fakes/ExceptionHandlerFake.php HTTP/1.1" 500 0 "-" "Mozilla/5.0 AppleWebKit/537.36 (KHTML, like Gecko; compatible; GPTBot/1.2; +https://openai.com/gptbot)"
20.171.207.48 - - [18/Sep/2025:11:15:56 +0000] "GET /vendor/illuminate/support/Testing/Fakes/MailFake.php HTTP/1.1" 500 0 "-" "Mozilla/5.0 AppleWebKit/537.36 (KHTML, like Gecko; compatible; GPTBot/1.2; +https://openai.com/gptbot)"
216.73.216.169 - - [18/Sep/2025:11:16:35 +0000] "GET /vendor/symfony/event-dispatcher/EventSubscriberInterface.php HTTP/1.1" 200 0 "-" "Mozilla/5.0 AppleWebKit/537.36 (KHTML, like Gecko; compatible; ClaudeBot/1.0; +claudebot@anthropic.com)"
216.73.216.169 - - [18/Sep/2025:11:16:35 +0000] "GET /vendor/symfony/http-foundation/HeaderUtils.php HTTP/1.1" 200 0 "-" "Mozilla/5.0 AppleWebKit/537.36 (KHTML, like Gecko; compatible; ClaudeBot/1.0; +claudebot@anthropic.com)"
216.73.216.169 - - [18/Sep/2025:11:16:35 +0000] "GET /vendor/symfony/http-foundation/Test HTTP/1.1" 301 795 "-" "Mozilla/5.0 AppleWebKit/537.36 (KHTML, like Gecko; compatible; ClaudeBot/1.0; +claudebot@anthropic.com)"
216.73.216.169 - - [18/Sep/2025:11:16:35 +0000] "GET /vendor/symfony/http-foundation/Test/ HTTP/1.1" 200 632 "http://veroserv.com/vendor/symfony/http-foundation/Test" "Mozilla/5.0 AppleWebKit/537.36 (KHTML, like Gecko; compatible; ClaudeBot/1.0; +claudebot@anthropic.com)"
20.171.207.48 - - [18/Sep/2025:11:16:58 +0000] "GET /vendor/illuminate/support/Testing/Fakes/?SD HTTP/1.1" 200 1287 "-" "Mozilla/5.0 AppleWebKit/537.36 (KHTML, like Gecko; compatible; GPTBot/1.2; +https://openai.com/gptbot)"
216.73.216.169 - - [18/Sep/2025:11:17:02 +0000] "GET /vendor/symfony/http-foundation/AcceptHeader.php HTTP/1.1" 200 0 "-" "Mozilla/5.0 AppleWebKit/537.36 (KHTML, like Gecko; compatible; ClaudeBot/1.0; +claudebot@anthropic.com)"
216.73.216.169 - - [18/Sep/2025:11:17:03 +0000] "GET /vendor/symfony/console/Color.php HTTP/1.1" 200 0 "-" "Mozilla/5.0 AppleWebKit/537.36 (KHTML, like Gecko; compatible; ClaudeBot/1.0; +claudebot@anthropic.com)"
216.73.216.169 - - [18/Sep/2025:11:17:03 +0000] "GET /vendor/symfony/http-foundation/InputBag.php HTTP/1.1" 500 0 "-" "Mozilla/5.0 AppleWebKit/537.36 (KHTML, like Gecko; compatible; ClaudeBot/1.0; +claudebot@anthropic.com)"
216.73.216.169 - - [18/Sep/2025:11:17:03 +0000] "GET /vendor/symfony/polyfill-intl-grapheme/bootstrap.php HTTP/1.1" 200 0 "-" "Mozilla/5.0 AppleWebKit/537.36 (KHTML, like Gecko; compatible; ClaudeBot/1.0; +claudebot@anthropic.com)"
216.73.216.169 - - [18/Sep/2025:11:17:03 +0000] "GET /vendor/symfony/http-foundation/UrlHelper.php HTTP/1.1" 200 0 "-" "Mozilla/5.0 AppleWebKit/537.36 (KHTML, like Gecko; compatible; ClaudeBot/1.0; +claudebot@anthropic.com)"
216.73.216.169 - - [18/Sep/2025:11:17:03 +0000] "GET /vendor/symfony/console/Descriptor HTTP/1.1" 301 795 "-" "Mozilla/5.0 AppleWebKit/537.36 (KHTML, like Gecko; compatible; ClaudeBot/1.0; +claudebot@anthropic.com)"
216.73.216.169 - - [18/Sep/2025:11:17:04 +0000] "GET /vendor/symfony/console/Descriptor/ HTTP/1.1" 200 1111 "http://veroserv.com/vendor/symfony/console/Descriptor" "Mozilla/5.0 AppleWebKit/537.36 (KHTML, like Gecko; compatible; ClaudeBot/1.0; +claudebot@anthropic.com)"
216.73.216.169 - - [18/Sep/2025:11:17:05 +0000] "GET /vendor/symfony/http-foundation/Exception HTTP/1.1" 301 795 "-" "Mozilla/5.0 AppleWebKit/537.36 (KHTML, like Gecko; compatible; ClaudeBot/1.0; +claudebot@anthropic.com)"
216.73.216.169 - - [18/Sep/2025:11:17:05 +0000] "GET /vendor/symfony/console/Cursor.php HTTP/1.1" 200 0 "-" "Mozilla/5.0 AppleWebKit/537.36 (KHTML, like Gecko; compatible; ClaudeBot/1.0; +claudebot@anthropic.com)"
216.73.216.169 - - [18/Sep/2025:11:17:05 +0000] "GET /vendor/symfony/console/ConsoleEvents.php HTTP/1.1" 200 0 "-" "Mozilla/5.0 AppleWebKit/537.36 (KHTML, like Gecko; compatible; ClaudeBot/1.0; +claudebot@anthropic.com)"
216.73.216.169 - - [18/Sep/2025:11:17:07 +0000] "GET /vendor/symfony/http-foundation/Exception/ HTTP/1.1" 200 1158 "http://veroserv.com/vendor/symfony/http-foundation/Exception" "Mozilla/5.0 AppleWebKit/537.36 (KHTML, like Gecko; compatible; ClaudeBot/1.0; +claudebot@anthropic.com)"
216.73.216.169 - - [18/Sep/2025:11:17:39 +0000] "GET /vendor/symfony/event-dispatcher/GenericEvent.php HTTP/1.1" 500 0 "-" "Mozilla/5.0 AppleWebKit/537.36 (KHTML, like Gecko; compatible; ClaudeBot/1.0; +claudebot@anthropic.com)"
216.73.216.169 - - [18/Sep/2025:11:17:39 +0000] "GET /vendor/symfony/service-contracts/ServiceSubscriberTrait.php HTTP/1.1" 500 0 "-" "Mozilla/5.0 AppleWebKit/537.36 (KHTML, like Gecko; compatible; ClaudeBot/1.0; +claudebot@anthropic.com)"
216.73.216.169 - - [18/Sep/2025:11:17:39 +0000] "GET /vendor/symfony/console/DependencyInjection HTTP/1.1" 301 795 "-" "Mozilla/5.0 AppleWebKit/537.36 (KHTML, like Gecko; compatible; ClaudeBot/1.0; +claudebot@anthropic.com)"
216.73.216.169 - - [18/Sep/2025:11:17:39 +0000] "GET /vendor/symfony/console/DependencyInjection/ HTTP/1.1" 200 664 "http://veroserv.com/vendor/symfony/console/DependencyInjection" "Mozilla/5.0 AppleWebKit/537.36 (KHTML, like Gecko; compatible; ClaudeBot/1.0; +claudebot@anthropic.com)"
216.73.216.169 - - [18/Sep/2025:11:17:39 +0000] "GET /vendor/symfony/polyfill-mbstring/bootstrap.php HTTP/1.1" 200 0 "-" "Mozilla/5.0 AppleWebKit/537.36 (KHTML, like Gecko; compatible; ClaudeBot/1.0; +claudebot@anthropic.com)"
216.73.216.169 - - [18/Sep/2025:11:17:39 +0000] "GET /vendor/symfony/event-dispatcher/EventDispatcherInterface.php HTTP/1.1" 500 0 "-" "Mozilla/5.0 AppleWebKit/537.36 (KHTML, like Gecko; compatible; ClaudeBot/1.0; +claudebot@anthropic.com)"
216.73.216.169 - - [18/Sep/2025:11:17:40 +0000] "GET /vendor/symfony/event-dispatcher-contracts/EventDispatcherInterface.php HTTP/1.1" 500 0 "-" "Mozilla/5.0 AppleWebKit/537.36 (KHTML, like Gecko; compatible; ClaudeBot/1.0; +claudebot@anthropic.com)"
216.73.216.169 - - [18/Sep/2025:11:17:40 +0000] "GET /vendor/symfony/http-foundation/ServerBag.php HTTP/1.1" 500 0 "-" "Mozilla/5.0 AppleWebKit/537.36 (KHTML, like Gecko; compatible; ClaudeBot/1.0; +claudebot@anthropic.com)"
216.73.216.169 - - [18/Sep/2025:11:15:02 +0000] "GET /robots.txt HTTP/1.1" 404 1251 "-" "Mozilla/5.0 AppleWebKit/537.36 (KHTML, like Gecko; compatible; ClaudeBot/1.0; +claudebot@anthropic.com)"
216.73.216.169 - - [18/Sep/2025:11:15:03 +0000] "GET /vendor/symfony/http-foundation/Request.php HTTP/1.1" 200 0 "-" "Mozilla/5.0 AppleWebKit/537.36 (KHTML, like Gecko; compatible; ClaudeBot/1.0; +claudebot@anthropic.com)"
216.73.216.169 - - [18/Sep/2025:11:15:04 +0000] "GET /vendor/symfony/http-foundation/File HTTP/1.1" 301 795 "-" "Mozilla/5.0 AppleWebKit/537.36 (KHTML, like Gecko; compatible; ClaudeBot/1.0; +claudebot@anthropic.com)"
216.73.216.169 - - [18/Sep/2025:11:15:04 +0000] "GET /vendor/symfony/http-foundation/File/ HTTP/1.1" 200 732 "http://veroserv.com/vendor/symfony/http-foundation/File" "Mozilla/5.0 AppleWebKit/537.36 (KHTML, like Gecko; compatible; ClaudeBot/1.0; +claudebot@anthropic.com)"
216.73.216.169 - - [18/Sep/2025:11:16:33 +0000] "GET /vendor/symfony/http-foundation/ChainRequestMatcher.php HTTP/1.1" 500 0 "-" "Mozilla/5.0 AppleWebKit/537.36 (KHTML, like Gecko; compatible; ClaudeBot/1.0; +claudebot@anthropic.com)"
216.73.216.169 - - [18/Sep/2025:11:16:33 +0000] "GET /vendor/symfony/console/Command HTTP/1.1" 301 795 "-" "Mozilla/5.0 AppleWebKit/537.36 (KHTML, like Gecko; compatible; ClaudeBot/1.0; +claudebot@anthropic.com)"
216.73.216.169 - - [18/Sep/2025:11:16:34 +0000] "GET /vendor/symfony/console/Terminal.php HTTP/1.1" 200 0 "-" "Mozilla/5.0 AppleWebKit/537.36 (KHTML, like Gecko; compatible; ClaudeBot/1.0; +claudebot@anthropic.com)"
216.73.216.169 - - [18/Sep/2025:11:16:34 +0000] "GET /vendor/symfony/console/SingleCommandApplication.php HTTP/1.1" 500 0 "-" "Mozilla/5.0 AppleWebKit/537.36 (KHTML, like Gecko; compatible; ClaudeBot/1.0; +claudebot@anthropic.com)"
216.73.216.169 - - [18/Sep/2025:11:16:34 +0000] "GET /vendor/symfony/service-contracts/ServiceProviderInterface.php HTTP/1.1" 500 0 "-" "Mozilla/5.0 AppleWebKit/537.36 (KHTML, like Gecko; compatible; ClaudeBot/1.0; +claudebot@anthropic.com)"
216.73.216.169 - - [18/Sep/2025:11:16:35 +0000] "GET /vendor/symfony/service-contracts/ServiceMethodsSubscriberTrait.php HTTP/1.1" 200 0 "-" "Mozilla/5.0 AppleWebKit/537.36 (KHTML, like Gecko; compatible; ClaudeBot/1.0; +claudebot@anthropic.com)"
216.73.216.169 - - [18/Sep/2025:11:16:35 +0000] "GET /vendor/symfony/console/Command/ HTTP/1.1" 200 1146 "http://veroserv.com/vendor/symfony/console/Command" "Mozilla/5.0 AppleWebKit/537.36 (KHTML, like Gecko; compatible; ClaudeBot/1.0; +claudebot@anthropic.com)"
216.73.216.169 - - [18/Sep/2025:11:16:35 +0000] "GET /vendor/symfony/console/CommandLoader HTTP/1.1" 301 795 "-" "Mozilla/5.0 AppleWebKit/537.36 (KHTML, like Gecko; compatible; ClaudeBot/1.0; +claudebot@anthropic.com)"
216.73.216.169 - - [18/Sep/2025:11:16:36 +0000] "GET /vendor/symfony/console/CommandLoader/ HTTP/1.1" 200 705 "http://veroserv.com/vendor/symfony/console/CommandLoader" "Mozilla/5.0 AppleWebKit/537.36 (KHTML, like Gecko; compatible; ClaudeBot/1.0; +claudebot@anthropic.com)"
216.73.216.169 - - [18/Sep/2025:11:17:05 +0000] "GET /vendor/symfony/http-foundation/FileBag.php HTTP/1.1" 500 0 "-" "Mozilla/5.0 AppleWebKit/537.36 (KHTML, like Gecko; compatible; ClaudeBot/1.0; +claudebot@anthropic.com)"
216.73.216.169 - - [18/Sep/2025:11:19:04 +0000] "GET /vendor/symfony/http-foundation/StreamedJsonResponse.php HTTP/1.1" 500 0 "-" "Mozilla/5.0 AppleWebKit/537.36 (KHTML, like Gecko; compatible; ClaudeBot/1.0; +claudebot@anthropic.com)"
216.73.216.169 - - [18/Sep/2025:11:19:05 +0000] "GET /vendor/symfony/http-foundation/HeaderBag.php HTTP/1.1" 200 0 "-" "Mozilla/5.0 AppleWebKit/537.36 (KHTML, like Gecko; compatible; ClaudeBot/1.0; +claudebot@anthropic.com)"
216.73.216.169 - - [18/Sep/2025:11:19:05 +0000] "GET /vendor/symfony/http-foundation/Cookie.php HTTP/1.1" 200 0 "-" "Mozilla/5.0 AppleWebKit/537.36 (KHTML, like Gecko; compatible; ClaudeBot/1.0; +claudebot@anthropic.com)"
216.73.216.169 - - [18/Sep/2025:11:17:40 +0000] "GET /vendor/symfony/http-foundation/error_log HTTP/1.1" 403 1242 "-" "Mozilla/5.0 AppleWebKit/537.36 (KHTML, like Gecko; compatible; ClaudeBot/1.0; +claudebot@anthropic.com)"
216.73.216.169 - - [18/Sep/2025:11:17:40 +0000] "GET /vendor/symfony/service-contracts/Test HTTP/1.1" 301 795 "-" "Mozilla/5.0 AppleWebKit/537.36 (KHTML, like Gecko; compatible; ClaudeBot/1.0; +claudebot@anthropic.com)"
216.73.216.169 - - [18/Sep/2025:11:17:41 +0000] "GET /vendor/symfony/http-foundation/AcceptHeaderItem.php HTTP/1.1" 200 0 "-" "Mozilla/5.0 AppleWebKit/537.36 (KHTML, like Gecko; compatible; ClaudeBot/1.0; +claudebot@anthropic.com)"
216.73.216.169 - - [18/Sep/2025:11:17:41 +0000] "GET /vendor/symfony/service-contracts/Test/ HTTP/1.1" 200 678 "http://veroserv.com/vendor/symfony/service-contracts/Test" "Mozilla/5.0 AppleWebKit/537.36 (KHTML, like Gecko; compatible; ClaudeBot/1.0; +claudebot@anthropic.com)"
20.171.207.48 - - [18/Sep/2025:11:18:00 +0000] "GET /vendor/illuminate/translation/lang/en/?NA HTTP/1.1" 200 714 "-" "Mozilla/5.0 AppleWebKit/537.36 (KHTML, like Gecko; compatible; GPTBot/1.2; +https://openai.com/gptbot)"
20.171.207.48 - - [18/Sep/2025:11:18:58 +0000] "GET /vendor/illuminate/support/Testing/Fakes/?NA HTTP/1.1" 200 1295 "-" "Mozilla/5.0 AppleWebKit/537.36 (KHTML, like Gecko; compatible; GPTBot/1.2; +https://openai.com/gptbot)"
216.73.216.169 - - [18/Sep/2025:11:19:04 +0000] "GET /vendor/symfony/console/DataCollector HTTP/1.1" 301 795 "-" "Mozilla/5.0 AppleWebKit/537.36 (KHTML, like Gecko; compatible; ClaudeBot/1.0; +claudebot@anthropic.com)"
216.73.216.169 - - [18/Sep/2025:11:19:04 +0000] "GET /vendor/symfony/console/DataCollector/ HTTP/1.1" 200 651 "http://veroserv.com/vendor/symfony/console/DataCollector" "Mozilla/5.0 AppleWebKit/537.36 (KHTML, like Gecko; compatible; ClaudeBot/1.0; +claudebot@anthropic.com)"
216.73.216.169 - - [18/Sep/2025:11:19:04 +0000] "GET /vendor/symfony/console/Application.php HTTP/1.1" 500 0 "-" "Mozilla/5.0 AppleWebKit/537.36 (KHTML, like Gecko; compatible; ClaudeBot/1.0; +claudebot@anthropic.com)"
216.73.216.169 - - [18/Sep/2025:11:19:05 +0000] "GET /vendor/symfony/console/Output HTTP/1.1" 301 795 "-" "Mozilla/5.0 AppleWebKit/537.36 (KHTML, like Gecko; compatible; ClaudeBot/1.0; +claudebot@anthropic.com)"
216.73.216.169 - - [18/Sep/2025:11:19:05 +0000] "GET /vendor/symfony/event-dispatcher/ImmutableEventDispatcher.php HTTP/1.1" 500 0 "-" "Mozilla/5.0 AppleWebKit/537.36 (KHTML, like Gecko; compatible; ClaudeBot/1.0; +claudebot@anthropic.com)"
216.73.216.169 - - [18/Sep/2025:11:19:33 +0000] "GET /vendor/symfony/console/SignalRegistry HTTP/1.1" 301 795 "-" "Mozilla/5.0 AppleWebKit/537.36 (KHTML, like Gecko; compatible; ClaudeBot/1.0; +claudebot@anthropic.com)"
216.73.216.169 - - [18/Sep/2025:11:19:33 +0000] "GET /vendor/symfony/event-dispatcher-contracts/Event.php HTTP/1.1" 500 0 "-" "Mozilla/5.0 AppleWebKit/537.36 (KHTML, like Gecko; compatible; ClaudeBot/1.0; +claudebot@anthropic.com)"
216.73.216.169 - - [18/Sep/2025:11:19:33 +0000] "GET /vendor/symfony/console/Question HTTP/1.1" 301 795 "-" "Mozilla/5.0 AppleWebKit/537.36 (KHTML, like Gecko; compatible; ClaudeBot/1.0; +claudebot@anthropic.com)"
216.73.216.169 - - [18/Sep/2025:11:19:35 +0000] "GET /vendor/symfony/event-dispatcher/error_log HTTP/1.1" 403 1242 "-" "Mozilla/5.0 AppleWebKit/537.36 (KHTML, like Gecko; compatible; ClaudeBot/1.0; +claudebot@anthropic.com)"
216.73.216.169 - - [18/Sep/2025:11:19:36 +0000] "GET /vendor/symfony/console/Helper HTTP/1.1" 301 795 "-" "Mozilla/5.0 AppleWebKit/537.36 (KHTML, like Gecko; compatible; ClaudeBot/1.0; +claudebot@anthropic.com)"
216.73.216.169 - - [18/Sep/2025:11:19:36 +0000] "GET /vendor/symfony/console/Helper/ HTTP/1.1" 200 1394 "http://veroserv.com/vendor/symfony/console/Helper" "Mozilla/5.0 AppleWebKit/537.36 (KHTML, like Gecko; compatible; ClaudeBot/1.0; +claudebot@anthropic.com)"
216.73.216.169 - - [18/Sep/2025:11:19:05 +0000] "GET /vendor/symfony/console/Debug HTTP/1.1" 301 795 "-" "Mozilla/5.0 AppleWebKit/537.36 (KHTML, like Gecko; compatible; ClaudeBot/1.0; +claudebot@anthropic.com)"
216.73.216.169 - - [18/Sep/2025:11:19:05 +0000] "GET /vendor/symfony/console/Debug/ HTTP/1.1" 200 638 "http://veroserv.com/vendor/symfony/console/Debug" "Mozilla/5.0 AppleWebKit/537.36 (KHTML, like Gecko; compatible; ClaudeBot/1.0; +claudebot@anthropic.com)"
216.73.216.169 - - [18/Sep/2025:11:19:05 +0000] "GET /vendor/symfony/http-foundation/JsonResponse.php HTTP/1.1" 500 0 "-" "Mozilla/5.0 AppleWebKit/537.36 (KHTML, like Gecko; compatible; ClaudeBot/1.0; +claudebot@anthropic.com)"
216.73.216.169 - - [18/Sep/2025:11:19:07 +0000] "GET /vendor/symfony/console/Output/ HTTP/1.1" 200 1162 "http://veroserv.com/vendor/symfony/console/Output" "Mozilla/5.0 AppleWebKit/537.36 (KHTML, like Gecko; compatible; ClaudeBot/1.0; +claudebot@anthropic.com)"
216.73.216.169 - - [18/Sep/2025:11:19:08 +0000] "GET /vendor/symfony/http-foundation/StreamedResponse.php HTTP/1.1" 500 0 "-" "Mozilla/5.0 AppleWebKit/537.36 (KHTML, like Gecko; compatible; ClaudeBot/1.0; +claudebot@anthropic.com)"
216.73.216.169 - - [18/Sep/2025:11:19:32 +0000] "GET /vendor/symfony/http-foundation/ParameterBag.php HTTP/1.1" 200 0 "-" "Mozilla/5.0 AppleWebKit/537.36 (KHTML, like Gecko; compatible; ClaudeBot/1.0; +claudebot@anthropic.com)"
216.73.216.169 - - [18/Sep/2025:11:19:32 +0000] "GET /vendor/symfony/console/EventListener HTTP/1.1" 301 795 "-" "Mozilla/5.0 AppleWebKit/537.36 (KHTML, like Gecko; compatible; ClaudeBot/1.0; +claudebot@anthropic.com)"
216.73.216.169 - - [18/Sep/2025:11:19:33 +0000] "GET /vendor/symfony/service-contracts/ResetInterface.php HTTP/1.1" 200 0 "-" "Mozilla/5.0 AppleWebKit/537.36 (KHTML, like Gecko; compatible; ClaudeBot/1.0; +claudebot@anthropic.com)"
216.73.216.169 - - [18/Sep/2025:11:19:33 +0000] "GET /vendor/symfony/http-foundation/ResponseHeaderBag.php HTTP/1.1" 500 0 "-" "Mozilla/5.0 AppleWebKit/537.36 (KHTML, like Gecko; compatible; ClaudeBot/1.0; +claudebot@anthropic.com)"
216.73.216.169 - - [18/Sep/2025:11:19:34 +0000] "GET /vendor/symfony/polyfill-mbstring/bootstrap80.php HTTP/1.1" 200 0 "-" "Mozilla/5.0 AppleWebKit/537.36 (KHTML, like Gecko; compatible; ClaudeBot/1.0; +claudebot@anthropic.com)"
216.73.216.169 - - [18/Sep/2025:11:19:35 +0000] "GET /vendor/symfony/console/EventListener/ HTTP/1.1" 200 648 "http://veroserv.com/vendor/symfony/console/EventListener" "Mozilla/5.0 AppleWebKit/537.36 (KHTML, like Gecko; compatible; ClaudeBot/1.0; +claudebot@anthropic.com)"
216.73.216.169 - - [18/Sep/2025:11:19:36 +0000] "GET /vendor/symfony/console/SignalRegistry/ HTTP/1.1" 200 670 "http://veroserv.com/vendor/symfony/console/SignalRegistry" "Mozilla/5.0 AppleWebKit/537.36 (KHTML, like Gecko; compatible; ClaudeBot/1.0; +claudebot@anthropic.com)"
20.171.207.48 - - [18/Sep/2025:11:19:48 +0000] "GET /vendor/illuminate/support/Testing/Fakes/QueueFake.php HTTP/1.1" 500 0 "-" "Mozilla/5.0 AppleWebKit/537.36 (KHTML, like Gecko; compatible; GPTBot/1.2; +https://openai.com/gptbot)"
216.73.216.169 - - [18/Sep/2025:11:19:51 +0000] "GET /vendor/symfony/console/Style HTTP/1.1" 301 795 "-" "Mozilla/5.0 AppleWebKit/537.36 (KHTML, like Gecko; compatible; ClaudeBot/1.0; +claudebot@anthropic.com)"
216.73.216.169 - - [18/Sep/2025:11:19:54 +0000] "GET /vendor/symfony/console/Tester/ HTTP/1.1" 200 763 "http://veroserv.com/vendor/symfony/console/Tester" "Mozilla/5.0 AppleWebKit/537.36 (KHTML, like Gecko; compatible; ClaudeBot/1.0; +claudebot@anthropic.com)"
216.73.216.169 - - [18/Sep/2025:11:19:55 +0000] "GET /vendor/symfony/http-foundation/RateLimiter/ HTTP/1.1" 200 771 "http://veroserv.com/vendor/symfony/http-foundation/RateLimiter" "Mozilla/5.0 AppleWebKit/537.36 (KHTML, like Gecko; compatible; ClaudeBot/1.0; +claudebot@anthropic.com)"
216.73.216.169 - - [18/Sep/2025:11:19:36 +0000] "GET /vendor/symfony/console/Question/ HTTP/1.1" 200 688 "http://veroserv.com/vendor/symfony/console/Question" "Mozilla/5.0 AppleWebKit/537.36 (KHTML, like Gecko; compatible; ClaudeBot/1.0; +claudebot@anthropic.com)"
216.73.216.169 - - [18/Sep/2025:11:19:51 +0000] "GET /vendor/symfony/console/Tester HTTP/1.1" 301 795 "-" "Mozilla/5.0 AppleWebKit/537.36 (KHTML, like Gecko; compatible; ClaudeBot/1.0; +claudebot@anthropic.com)"
216.73.216.169 - - [18/Sep/2025:11:19:52 +0000] "GET /vendor/symfony/console/Input HTTP/1.1" 301 795 "-" "Mozilla/5.0 AppleWebKit/537.36 (KHTML, like Gecko; compatible; ClaudeBot/1.0; +claudebot@anthropic.com)"
216.73.216.169 - - [18/Sep/2025:11:19:52 +0000] "GET /vendor/symfony/http-foundation/RateLimiter HTTP/1.1" 301 795 "-" "Mozilla/5.0 AppleWebKit/537.36 (KHTML, like Gecko; compatible; ClaudeBot/1.0; +claudebot@anthropic.com)"
216.73.216.169 - - [18/Sep/2025:11:19:53 +0000] "GET /vendor/symfony/console/error_log HTTP/1.1" 403 1242 "-" "Mozilla/5.0 AppleWebKit/537.36 (KHTML, like Gecko; compatible; ClaudeBot/1.0; +claudebot@anthropic.com)"
216.73.216.169 - - [18/Sep/2025:11:19:53 +0000] "GET /vendor/symfony/event-dispatcher/EventDispatcher.php HTTP/1.1" 500 0 "-" "Mozilla/5.0 AppleWebKit/537.36 (KHTML, like Gecko; compatible; ClaudeBot/1.0; +claudebot@anthropic.com)"
216.73.216.169 - - [18/Sep/2025:11:19:53 +0000] "GET /vendor/symfony/polyfill-mbstring/Mbstring.php HTTP/1.1" 200 0 "-" "Mozilla/5.0 AppleWebKit/537.36 (KHTML, like Gecko; compatible; ClaudeBot/1.0; +claudebot@anthropic.com)"
216.73.216.169 - - [18/Sep/2025:11:19:54 +0000] "GET /vendor/phpoffice/phpspreadsheet/src HTTP/1.1" 301 795 "-" "Mozilla/5.0 AppleWebKit/537.36 (KHTML, like Gecko; compatible; ClaudeBot/1.0; +claudebot@anthropic.com)"
216.73.216.169 - - [18/Sep/2025:11:19:54 +0000] "GET /vendor/symfony/console/Style/ HTTP/1.1" 200 694 "http://veroserv.com/vendor/symfony/console/Style" "Mozilla/5.0 AppleWebKit/537.36 (KHTML, like Gecko; compatible; ClaudeBot/1.0; +claudebot@anthropic.com)"
216.73.216.169 - - [18/Sep/2025:11:19:54 +0000] "GET /vendor/symfony/console/Exception HTTP/1.1" 301 795 "-" "Mozilla/5.0 AppleWebKit/537.36 (KHTML, like Gecko; compatible; ClaudeBot/1.0; +claudebot@anthropic.com)"
216.73.216.169 - - [18/Sep/2025:11:19:54 +0000] "GET /vendor/symfony/console/Exception/ HTTP/1.1" 200 1156 "http://veroserv.com/vendor/symfony/console/Exception" "Mozilla/5.0 AppleWebKit/537.36 (KHTML, like Gecko; compatible; ClaudeBot/1.0; +claudebot@anthropic.com)"
216.73.216.169 - - [18/Sep/2025:11:19:54 +0000] "GET /vendor/symfony/console/Input/ HTTP/1.1" 200 1142 "http://veroserv.com/vendor/symfony/console/Input" "Mozilla/5.0 AppleWebKit/537.36 (KHTML, like Gecko; compatible; ClaudeBot/1.0; +claudebot@anthropic.com)"
216.73.216.169 - - [18/Sep/2025:11:19:55 +0000] "GET /vendor/symfony/http-foundation/Session HTTP/1.1" 301 795 "-" "Mozilla/5.0 AppleWebKit/537.36 (KHTML, like Gecko; compatible; ClaudeBot/1.0; +claudebot@anthropic.com)"
216.73.216.169 - - [18/Sep/2025:11:19:55 +0000] "GET /vendor/symfony/http-foundation/Session/ HTTP/1.1" 200 1182 "http://veroserv.com/vendor/symfony/http-foundation/Session" "Mozilla/5.0 AppleWebKit/537.36 (KHTML, like Gecko; compatible; ClaudeBot/1.0; +claudebot@anthropic.com)"
216.73.216.169 - - [18/Sep/2025:11:21:23 +0000] "GET /vendor/symfony/console/CI HTTP/1.1" 301 795 "-" "Mozilla/5.0 AppleWebKit/537.36 (KHTML, like Gecko; compatible; ClaudeBot/1.0; +claudebot@anthropic.com)"
216.73.216.169 - - [18/Sep/2025:11:21:23 +0000] "GET /vendor/symfony/console/Attribute HTTP/1.1" 301 795 "-" "Mozilla/5.0 AppleWebKit/537.36 (KHTML, like Gecko; compatible; ClaudeBot/1.0; +claudebot@anthropic.com)"
216.73.216.169 - - [18/Sep/2025:11:21:23 +0000] "GET /vendor/symfony/console/CI/ HTTP/1.1" 200 648 "http://veroserv.com/vendor/symfony/console/CI" "Mozilla/5.0 AppleWebKit/537.36 (KHTML, like Gecko; compatible; ClaudeBot/1.0; +claudebot@anthropic.com)"
216.73.216.169 - - [18/Sep/2025:11:21:23 +0000] "GET /vendor/symfony/console/Event HTTP/1.1" 301 795 "-" "Mozilla/5.0 AppleWebKit/537.36 (KHTML, like Gecko; compatible; ClaudeBot/1.0; +claudebot@anthropic.com)"
216.73.216.169 - - [18/Sep/2025:11:21:23 +0000] "GET /vendor/symfony/console/Completion HTTP/1.1" 301 795 "-" "Mozilla/5.0 AppleWebKit/537.36 (KHTML, like Gecko; compatible; ClaudeBot/1.0; +claudebot@anthropic.com)"
216.73.216.169 - - [18/Sep/2025:11:21:24 +0000] "GET /vendor/symfony/event-dispatcher/Attribute HTTP/1.1" 301 795 "-" "Mozilla/5.0 AppleWebKit/537.36 (KHTML, like Gecko; compatible; ClaudeBot/1.0; +claudebot@anthropic.com)"
216.73.216.169 - - [18/Sep/2025:11:21:24 +0000] "GET /vendor/symfony/console/Attribute/ HTTP/1.1" 200 637 "http://veroserv.com/vendor/symfony/console/Attribute" "Mozilla/5.0 AppleWebKit/537.36 (KHTML, like Gecko; compatible; ClaudeBot/1.0; +claudebot@anthropic.com)"
216.73.216.169 - - [18/Sep/2025:11:21:24 +0000] "GET /vendor/symfony/service-contracts/Attribute HTTP/1.1" 301 795 "-" "Mozilla/5.0 AppleWebKit/537.36 (KHTML, like Gecko; compatible; ClaudeBot/1.0; +claudebot@anthropic.com)"
216.73.216.169 - - [18/Sep/2025:11:21:25 +0000] "GET /vendor/symfony/service-contracts/Attribute/ HTTP/1.1" 200 669 "http://veroserv.com/vendor/symfony/service-contracts/Attribute" "Mozilla/5.0 AppleWebKit/537.36 (KHTML, like Gecko; compatible; ClaudeBot/1.0; +claudebot@anthropic.com)"
216.73.216.169 - - [18/Sep/2025:11:21:25 +0000] "GET /vendor/symfony/http-foundation/UriSigner.php HTTP/1.1" 200 0 "-" "Mozilla/5.0 AppleWebKit/537.36 (KHTML, like Gecko; compatible; ClaudeBot/1.0; +claudebot@anthropic.com)"
216.73.216.169 - - [18/Sep/2025:11:21:25 +0000] "GET /vendor/symfony/console/Event/ HTTP/1.1" 200 1043 "http://veroserv.com/vendor/symfony/console/Event" "Mozilla/5.0 AppleWebKit/537.36 (KHTML, like Gecko; compatible; ClaudeBot/1.0; +claudebot@anthropic.com)"
216.73.216.169 - - [18/Sep/2025:11:21:25 +0000] "GET /vendor/phpstan/phpdoc-parser/composer.json HTTP/1.1" 200 393 "-" "Mozilla/5.0 AppleWebKit/537.36 (KHTML, like Gecko; compatible; ClaudeBot/1.0; +claudebot@anthropic.com)"
216.73.216.169 - - [18/Sep/2025:11:21:25 +0000] "GET /vendor/symfony/console/Completion/ HTTP/1.1" 200 731 "http://veroserv.com/vendor/symfony/console/Completion" "Mozilla/5.0 AppleWebKit/537.36 (KHTML, like Gecko; compatible; ClaudeBot/1.0; +claudebot@anthropic.com)"
20.171.207.48 - - [18/Sep/2025:11:21:35 +0000] "GET /vendor/illuminate/support/Testing/Fakes/EventFake.php HTTP/1.1" 500 0 "-" "Mozilla/5.0 AppleWebKit/537.36 (KHTML, like Gecko; compatible; GPTBot/1.2; +https://openai.com/gptbot)"
216.73.216.169 - - [18/Sep/2025:11:21:49 +0000] "GET /vendor/symfony/service-contracts/composer.json HTTP/1.1" 200 474 "-" "Mozilla/5.0 AppleWebKit/537.36 (KHTML, like Gecko; compatible; ClaudeBot/1.0; +claudebot@anthropic.com)"
216.73.216.169 - - [18/Sep/2025:11:21:49 +0000] "GET /vendor/symfony/event-dispatcher/composer.json HTTP/1.1" 200 502 "-" "Mozilla/5.0 AppleWebKit/537.36 (KHTML, like Gecko; compatible; ClaudeBot/1.0; +claudebot@anthropic.com)"
216.73.216.169 - - [18/Sep/2025:11:21:49 +0000] "GET /vendor/symfony/polyfill-mbstring/composer.json HTTP/1.1" 200 379 "-" "Mozilla/5.0 AppleWebKit/537.36 (KHTML, like Gecko; compatible; ClaudeBot/1.0; +claudebot@anthropic.com)"
216.73.216.169 - - [18/Sep/2025:11:21:49 +0000] "GET /vendor/symfony/http-foundation/composer.json HTTP/1.1" 200 505 "-" "Mozilla/5.0 AppleWebKit/537.36 (KHTML, like Gecko; compatible; ClaudeBot/1.0; +claudebot@anthropic.com)"
216.73.216.169 - - [18/Sep/2025:11:21:49 +0000] "GET /vendor/symfony/http-foundation/CHANGELOG.md HTTP/1.1" 200 21326 "-" "Mozilla/5.0 AppleWebKit/537.36 (KHTML, like Gecko; compatible; ClaudeBot/1.0; +claudebot@anthropic.com)"
216.73.216.169 - - [18/Sep/2025:11:21:49 +0000] "GET /vendor/symfony/event-dispatcher-contracts/CHANGELOG.md HTTP/1.1" 200 157 "-" "Mozilla/5.0 AppleWebKit/537.36 (KHTML, like Gecko; compatible; ClaudeBot/1.0; +claudebot@anthropic.com)"
216.73.216.169 - - [18/Sep/2025:11:19:55 +0000] "GET /vendor/phpoffice/phpspreadsheet/src/ HTTP/1.1" 200 626 "http://veroserv.com/vendor/phpoffice/phpspreadsheet/src" "Mozilla/5.0 AppleWebKit/537.36 (KHTML, like Gecko; compatible; ClaudeBot/1.0; +claudebot@anthropic.com)"
20.171.207.48 - - [18/Sep/2025:11:20:36 +0000] "GET /vendor/illuminate/support/Testing/Fakes/NotificationFake.php HTTP/1.1" 500 0 "-" "Mozilla/5.0 AppleWebKit/537.36 (KHTML, like Gecko; compatible; GPTBot/1.2; +https://openai.com/gptbot)"
216.73.216.169 - - [18/Sep/2025:11:21:25 +0000] "GET /vendor/symfony/polyfill-intl-grapheme/Grapheme.php HTTP/1.1" 200 0 "-" "Mozilla/5.0 AppleWebKit/537.36 (KHTML, like Gecko; compatible; ClaudeBot/1.0; +claudebot@anthropic.com)"
216.73.216.169 - - [18/Sep/2025:11:21:25 +0000] "GET /vendor/symfony/console/Formatter HTTP/1.1" 301 795 "-" "Mozilla/5.0 AppleWebKit/537.36 (KHTML, like Gecko; compatible; ClaudeBot/1.0; +claudebot@anthropic.com)"
216.73.216.169 - - [18/Sep/2025:11:21:25 +0000] "GET /vendor/symfony/console/Formatter/ HTTP/1.1" 200 1097 "http://veroserv.com/vendor/symfony/console/Formatter" "Mozilla/5.0 AppleWebKit/537.36 (KHTML, like Gecko; compatible; ClaudeBot/1.0; +claudebot@anthropic.com)"
216.73.216.169 - - [18/Sep/2025:11:21:25 +0000] "GET /vendor/symfony/event-dispatcher/Attribute/ HTTP/1.1" 200 652 "http://veroserv.com/vendor/symfony/event-dispatcher/Attribute" "Mozilla/5.0 AppleWebKit/537.36 (KHTML, like Gecko; compatible; ClaudeBot/1.0; +claudebot@anthropic.com)"
20.171.207.48 - - [18/Sep/2025:11:22:38 +0000] "GET /vendor/illuminate/translation/lang/en/?SA HTTP/1.1" 200 718 "-" "Mozilla/5.0 AppleWebKit/537.36 (KHTML, like Gecko; compatible; GPTBot/1.2; +https://openai.com/gptbot)"
4.227.36.50 - - [18/Sep/2025:11:22:46 +0000] "GET /robots.txt HTTP/1.1" 404 1251 "-" "Mozilla/5.0 AppleWebKit/537.36 (KHTML, like Gecko; compatible; GPTBot/1.2; +https://openai.com/gptbot)"
20.171.207.48 - - [18/Sep/2025:11:23:38 +0000] "GET /vendor/illuminate/support/Testing/Fakes/?MD HTTP/1.1" 200 1304 "-" "Mozilla/5.0 AppleWebKit/537.36 (KHTML, like Gecko; compatible; GPTBot/1.2; +https://openai.com/gptbot)"
216.73.216.169 - - [18/Sep/2025:11:23:45 +0000] "GET /vendor/mpdf/psr-log-aware-trait/composer.json HTTP/1.1" 200 256 "-" "Mozilla/5.0 AppleWebKit/537.36 (KHTML, like Gecko; compatible; ClaudeBot/1.0; +claudebot@anthropic.com)"
216.73.216.169 - - [18/Sep/2025:11:23:45 +0000] "GET /vendor/symfony/console/CHANGELOG.md HTTP/1.1" 200 11640 "-" "Mozilla/5.0 AppleWebKit/537.36 (KHTML, like Gecko; compatible; ClaudeBot/1.0; +claudebot@anthropic.com)"
216.73.216.169 - - [18/Sep/2025:11:23:45 +0000] "GET /vendor/phpoffice/phpspreadsheet/composer.json HTTP/1.1" 200 1093 "-" "Mozilla/5.0 AppleWebKit/537.36 (KHTML, like Gecko; compatible; ClaudeBot/1.0; +claudebot@anthropic.com)"
216.73.216.169 - - [18/Sep/2025:11:23:45 +0000] "GET /vendor/symfony/service-contracts/CHANGELOG.md HTTP/1.1" 200 157 "-" "Mozilla/5.0 AppleWebKit/537.36 (KHTML, like Gecko; compatible; ClaudeBot/1.0; +claudebot@anthropic.com)"
216.73.216.169 - - [18/Sep/2025:11:23:46 +0000] "GET /vendor/symfony/console/composer.json HTTP/1.1" 200 555 "-" "Mozilla/5.0 AppleWebKit/537.36 (KHTML, like Gecko; compatible; ClaudeBot/1.0; +claudebot@anthropic.com)"
216.73.216.169 - - [18/Sep/2025:11:23:46 +0000] "GET /vendor/symfony/event-dispatcher-contracts/LICENSE HTTP/1.1" 200 1068 "-" "Mozilla/5.0 AppleWebKit/537.36 (KHTML, like Gecko; compatible; ClaudeBot/1.0; +claudebot@anthropic.com)"
216.73.216.169 - - [18/Sep/2025:11:23:47 +0000] "GET /vendor/symfony/polyfill-intl-grapheme/LICENSE HTTP/1.1" 200 1068 "-" "Mozilla/5.0 AppleWebKit/537.36 (KHTML, like Gecko; compatible; ClaudeBot/1.0; +claudebot@anthropic.com)"
216.73.216.169 - - [18/Sep/2025:11:23:48 +0000] "GET /vendor/phpoffice/phpspreadsheet/CHANGELOG.md HTTP/1.1" 200 115384 "-" "Mozilla/5.0 AppleWebKit/537.36 (KHTML, like Gecko; compatible; ClaudeBot/1.0; +claudebot@anthropic.com)"
216.73.216.169 - - [18/Sep/2025:11:21:49 +0000] "GET /vendor/symfony/event-dispatcher-contracts/composer.json HTTP/1.1" 200 407 "-" "Mozilla/5.0 AppleWebKit/537.36 (KHTML, like Gecko; compatible; ClaudeBot/1.0; +claudebot@anthropic.com)"
216.73.216.169 - - [18/Sep/2025:11:21:49 +0000] "GET /vendor/symfony/polyfill-intl-grapheme/composer.json HTTP/1.1" 200 388 "-" "Mozilla/5.0 AppleWebKit/537.36 (KHTML, like Gecko; compatible; ClaudeBot/1.0; +claudebot@anthropic.com)"
216.73.216.169 - - [18/Sep/2025:11:21:50 +0000] "GET /vendor/mpdf/psr-http-message-shim/composer.json HTTP/1.1" 200 287 "-" "Mozilla/5.0 AppleWebKit/537.36 (KHTML, like Gecko; compatible; ClaudeBot/1.0; +claudebot@anthropic.com)"
216.73.216.169 - - [18/Sep/2025:11:22:01 +0000] "GET /vendor/symfony/stopwatch/Stopwatch.php HTTP/1.1" 500 0 "-" "Mozilla/5.0 AppleWebKit/537.36 (KHTML, like Gecko; compatible; ClaudeBot/1.0; +claudebot@anthropic.com)"
216.73.216.169 - - [18/Sep/2025:11:22:01 +0000] "GET /vendor/phpstan/phpdoc-parser/LICENSE HTTP/1.1" 200 1070 "-" "Mozilla/5.0 AppleWebKit/537.36 (KHTML, like Gecko; compatible; ClaudeBot/1.0; +claudebot@anthropic.com)"
216.73.216.169 - - [18/Sep/2025:11:22:01 +0000] "GET /vendor/symfony/polyfill-mbstring/Resources HTTP/1.1" 301 795 "-" "Mozilla/5.0 AppleWebKit/537.36 (KHTML, like Gecko; compatible; ClaudeBot/1.0; +claudebot@anthropic.com)"
216.73.216.169 - - [18/Sep/2025:11:22:01 +0000] "GET /vendor/symfony/stopwatch/StopwatchPeriod.php HTTP/1.1" 200 0 "-" "Mozilla/5.0 AppleWebKit/537.36 (KHTML, like Gecko; compatible; ClaudeBot/1.0; +claudebot@anthropic.com)"
216.73.216.169 - - [18/Sep/2025:11:22:01 +0000] "GET /vendor/symfony/console/Messenger HTTP/1.1" 301 795 "-" "Mozilla/5.0 AppleWebKit/537.36 (KHTML, like Gecko; compatible; ClaudeBot/1.0; +claudebot@anthropic.com)"
216.73.216.169 - - [18/Sep/2025:11:22:02 +0000] "GET /vendor/symfony/stopwatch/StopwatchEvent.php HTTP/1.1" 200 0 "-" "Mozilla/5.0 AppleWebKit/537.36 (KHTML, like Gecko; compatible; ClaudeBot/1.0; +claudebot@anthropic.com)"
216.73.216.169 - - [18/Sep/2025:11:22:02 +0000] "GET /vendor/symfony/console/Messenger/ HTTP/1.1" 200 701 "http://veroserv.com/vendor/symfony/console/Messenger" "Mozilla/5.0 AppleWebKit/537.36 (KHTML, like Gecko; compatible; ClaudeBot/1.0; +claudebot@anthropic.com)"
216.73.216.169 - - [18/Sep/2025:11:22:02 +0000] "GET /vendor/phpoffice/phpspreadsheet/CONTRIBUTING.md HTTP/1.1" 200 3136 "-" "Mozilla/5.0 AppleWebKit/537.36 (KHTML, like Gecko; compatible; ClaudeBot/1.0; +claudebot@anthropic.com)"
216.73.216.169 - - [18/Sep/2025:11:22:03 +0000] "GET /vendor/symfony/console/Resources HTTP/1.1" 301 795 "-" "Mozilla/5.0 AppleWebKit/537.36 (KHTML, like Gecko; compatible; ClaudeBot/1.0; +claudebot@anthropic.com)"
216.73.216.169 - - [18/Sep/2025:11:22:03 +0000] "GET /vendor/symfony/stopwatch/Section.php HTTP/1.1" 200 0 "-" "Mozilla/5.0 AppleWebKit/537.36 (KHTML, like Gecko; compatible; ClaudeBot/1.0; +claudebot@anthropic.com)"
